{"version":"1.0","provider_name":"MinutoSantaFe.ar","provider_url":"https:\/\/minutosantafe.ar","author_name":"Editor","author_url":"https:\/\/minutosantafe.ar\/author\/editor\/","title":"Falleci\u00f3 la madre de Omar Perotti - MinutoSantaFe.ar","type":"rich","width":600,"height":338,"html":"<blockquote class=\"wp-embedded-content\" data-secret=\"JrwgAI7XeI\"><a href=\"https:\/\/minutosantafe.ar\/fallecio-la-madre-de-omar-perotti\/\">Falleci\u00f3 la madre de Omar Perotti<\/a><\/blockquote><iframe sandbox=\"allow-scripts\" security=\"restricted\" src=\"https:\/\/minutosantafe.ar\/fallecio-la-madre-de-omar-perotti\/embed\/#?secret=JrwgAI7XeI\" width=\"600\" height=\"338\" title=\"\u00abFalleci\u00f3 la madre de Omar Perotti\u00bb \u2014 MinutoSantaFe.ar\" data-secret=\"JrwgAI7XeI\" frameborder=\"0\" marginwidth=\"0\" marginheight=\"0\" scrolling=\"no\" class=\"wp-embedded-content\"><\/iframe><script>\n\/*! This file is auto-generated *\/\n!function(d,l){\"use strict\";l.querySelector&&d.addEventListener&&\"undefined\"!=typeof URL&&(d.wp=d.wp||{},d.wp.receiveEmbedMessage||(d.wp.receiveEmbedMessage=function(e){var t=e.data;if((t||t.secret||t.message||t.value)&&!\/[^a-zA-Z0-9]\/.test(t.secret)){for(var s,r,n,a=l.querySelectorAll('iframe[data-secret=\"'+t.secret+'\"]'),o=l.querySelectorAll('blockquote[data-secret=\"'+t.secret+'\"]'),c=new RegExp(\"^https?:$\",\"i\"),i=0;i<o.length;i++)o[i].style.display=\"none\";for(i=0;i<a.length;i++)s=a[i],e.source===s.contentWindow&&(s.removeAttribute(\"style\"),\"height\"===t.message?(1e3<(r=parseInt(t.value,10))?r=1e3:~~r<200&&(r=200),s.height=r):\"link\"===t.message&&(r=new URL(s.getAttribute(\"src\")),n=new URL(t.value),c.test(n.protocol))&&n.host===r.host&&l.activeElement===s&&(d.top.location.href=t.value))}},d.addEventListener(\"message\",d.wp.receiveEmbedMessage,!1),l.addEventListener(\"DOMContentLoaded\",function(){for(var e,t,s=l.querySelectorAll(\"iframe.wp-embedded-content\"),r=0;r<s.length;r++)(t=(e=s[r]).getAttribute(\"data-secret\"))||(t=Math.random().toString(36).substring(2,12),e.src+=\"#?secret=\"+t,e.setAttribute(\"data-secret\",t)),e.contentWindow.postMessage({message:\"ready\",secret:t},\"*\")},!1)))}(window,document);\n\/\/# sourceURL=https:\/\/minutosantafe.ar\/%77%70%2d%69%6e%63%6c%75%64%65%73\/js\/wp-embed.min.js\n<\/script>\n","thumbnail_url":"https:\/\/i0.wp.com\/minutosantafe.ar\/wp-content\/uploads\/2021\/03\/hogmnz144siqux1g_image.jpg?fit=800%2C492&ssl=1","thumbnail_width":800,"thumbnail_height":492,"description":"Angela Burkardt estaba hospitalizada desde el pasado lunes a causa de un accidente dom\u00e9stico que le provoc\u00f3 una fractura de cadera. La cirug\u00eda hab\u00eda tenido buenos resultados, pero una infecci\u00f3n pulmonar complic\u00f3 su cuadro. La madre del gobernador santafesino Omar Perotti falleci\u00f3 en las \u00faltimas horas en la ciudad de..."}

Falleció la madre de Omar Perotti - MinutoSantaFe.ar

<blockquote class="wp-embedded-content" data-secret="JrwgAI7XeI"><a href="https://minutosantafe.ar/fallecio-la-madre-de-omar-perotti/">Falleció la madre de Omar Perotti</a></blockquote><iframe sandbox="allow-scripts" security="restricted" src="https://minutosantafe.ar/fallecio-la-madre-de-omar-perotti/embed/#?secret=JrwgAI7XeI" width="600" height="338" title="«Falleció la madre de Omar Perotti» — MinutoSantaFe.ar" data-secret="JrwgAI7XeI" frameborder="0" marginwidth="0" marginheight="0" scrolling="no" class="wp-embedded-content"></iframe><script>
/*! This file is auto-generated */
!function(d,l){"use strict";l.querySelector&&d.addEventListener&&"undefined"!=typeof URL&&(d.wp=d.wp||{},d.wp.receiveEmbedMessage||(d.wp.receiveEmbedMessage=function(e){var t=e.data;if((t||t.secret||t.message||t.value)&&!/[^a-zA-Z0-9]/.test(t.secret)){for(var s,r,n,a=l.querySelectorAll('iframe[data-secret="'+t.secret+'"]'),o=l.querySelectorAll('blockquote[data-secret="'+t.secret+'"]'),c=new RegExp("^https?:$","i"),i=0;i<o.length;i++)o[i].style.display="none";for(i=0;i<a.length;i++)s=a[i],e.source===s.contentWindow&&(s.removeAttribute("style"),"height"===t.message?(1e3<(r=parseInt(t.value,10))?r=1e3:~~r<200&&(r=200),s.height=r):"link"===t.message&&(r=new URL(s.getAttribute("src")),n=new URL(t.value),c.test(n.protocol))&&n.host===r.host&&l.activeElement===s&&(d.top.location.href=t.value))}},d.addEventListener("message",d.wp.receiveEmbedMessage,!1),l.addEventListener("DOMContentLoaded",function(){for(var e,t,s=l.querySelectorAll("iframe.wp-embedded-content"),r=0;r<s.length;r++)(t=(e=s[r]).getAttribute("data-secret"))||(t=Math.random().toString(36).substring(2,12),e.src+="#?secret="+t,e.setAttribute("data-secret",t)),e.contentWindow.postMessage({message:"ready",secret:t},"*")},!1)))}(window,document);
//# sourceURL=https://minutosantafe.ar/%77%70%2d%69%6e%63%6c%75%64%65%73/js/wp-embed.min.js
</script>

Angela Burkardt estaba hospitalizada desde el pasado lunes a causa de un accidente doméstico que le provocó una fractura de cadera. La cirugía había tenido buenos resultados, pero una infección pulmonar complicó su cuadro. La madre del gobernador santafesino Omar Perotti falleció en las últimas horas en la ciudad de...
