{"version":"1.0","provider_name":"MinutoSantaFe.ar","provider_url":"https:\/\/minutosantafe.ar","author_name":"Editor","author_url":"https:\/\/minutosantafe.ar\/author\/editor\/","title":"Fuerte baja interanual en el primer semestre - MinutoSantaFe.ar","type":"rich","width":600,"height":338,"html":"<blockquote class=\"wp-embedded-content\" data-secret=\"eZmgKpBDaX\"><a href=\"https:\/\/minutosantafe.ar\/fuerte-baja-interanual-en-el-primer-semestre\/\">Fuerte baja interanual en el primer semestre<\/a><\/blockquote><iframe sandbox=\"allow-scripts\" security=\"restricted\" src=\"https:\/\/minutosantafe.ar\/fuerte-baja-interanual-en-el-primer-semestre\/embed\/#?secret=eZmgKpBDaX\" width=\"600\" height=\"338\" title=\"\u00abFuerte baja interanual en el primer semestre\u00bb \u2014 MinutoSantaFe.ar\" data-secret=\"eZmgKpBDaX\" frameborder=\"0\" marginwidth=\"0\" marginheight=\"0\" scrolling=\"no\" class=\"wp-embedded-content\"><\/iframe><script type=\"text\/javascript\">\n\/* <![CDATA[ *\/\n\/*! This file is auto-generated *\/\n!function(d,l){\"use strict\";l.querySelector&&d.addEventListener&&\"undefined\"!=typeof URL&&(d.wp=d.wp||{},d.wp.receiveEmbedMessage||(d.wp.receiveEmbedMessage=function(e){var t=e.data;if((t||t.secret||t.message||t.value)&&!\/[^a-zA-Z0-9]\/.test(t.secret)){for(var s,r,n,a=l.querySelectorAll('iframe[data-secret=\"'+t.secret+'\"]'),o=l.querySelectorAll('blockquote[data-secret=\"'+t.secret+'\"]'),c=new RegExp(\"^https?:$\",\"i\"),i=0;i<o.length;i++)o[i].style.display=\"none\";for(i=0;i<a.length;i++)s=a[i],e.source===s.contentWindow&&(s.removeAttribute(\"style\"),\"height\"===t.message?(1e3<(r=parseInt(t.value,10))?r=1e3:~~r<200&&(r=200),s.height=r):\"link\"===t.message&&(r=new URL(s.getAttribute(\"src\")),n=new URL(t.value),c.test(n.protocol))&&n.host===r.host&&l.activeElement===s&&(d.top.location.href=t.value))}},d.addEventListener(\"message\",d.wp.receiveEmbedMessage,!1),l.addEventListener(\"DOMContentLoaded\",function(){for(var e,t,s=l.querySelectorAll(\"iframe.wp-embedded-content\"),r=0;r<s.length;r++)(t=(e=s[r]).getAttribute(\"data-secret\"))||(t=Math.random().toString(36).substring(2,12),e.src+=\"#?secret=\"+t,e.setAttribute(\"data-secret\",t)),e.contentWindow.postMessage({message:\"ready\",secret:t},\"*\")},!1)))}(window,document);\n\/\/# sourceURL=https:\/\/minutosantafe.ar\/%77%70%2d%69%6e%63%6c%75%64%65%73\/js\/wp-embed.min.js\n\/* ]]> *\/\n<\/script>\n","thumbnail_url":"https:\/\/minutosantafe.ar\/wp-content\/uploads\/2024\/08\/864593-31583a92-7ac9-4aef-9bdc-822fd76c3dd9_0.jpeg","thumbnail_width":960,"thumbnail_height":640,"description":"Ca\u00edda del 50 por ciento en ventas de inform\u00e1tica &nbsp; En el marco de la depresi\u00f3n econ\u00f3mica en diferentes actividades, las ventas de inform\u00e1tica se desplomaron un 50 por ciento interanual en los primeros seis meses del a\u00f1o. El dato se desprende del Monitor de Actividad Comercial de Distribuci\u00f3n Mayorista..."}

Caída del 50 por ciento en ventas de informática &nbsp; En el marco de la depresión económica en diferentes actividades, las ventas de informática se desplomaron un 50 por ciento interanual en los primeros seis meses del año. El dato se desprende del Monitor de Actividad Comercial de Distribución Mayorista...
