{"version":"1.0","provider_name":"MinutoSantaFe.ar","provider_url":"https:\/\/minutosantafe.ar","author_name":"Editor","author_url":"https:\/\/minutosantafe.ar\/author\/editor\/","title":"General Motors decidi\u00f3 extender una semana m\u00e1s las suspensiones - MinutoSantaFe.ar","type":"rich","width":600,"height":338,"html":"<blockquote class=\"wp-embedded-content\" data-secret=\"WmP1NfmVVk\"><a href=\"https:\/\/minutosantafe.ar\/general-motors-decidio-extender-una-semana-mas-las-suspensiones\/\">General Motors decidi\u00f3 extender una semana m\u00e1s las suspensiones<\/a><\/blockquote><iframe sandbox=\"allow-scripts\" security=\"restricted\" src=\"https:\/\/minutosantafe.ar\/general-motors-decidio-extender-una-semana-mas-las-suspensiones\/embed\/#?secret=WmP1NfmVVk\" width=\"600\" height=\"338\" title=\"\u00abGeneral Motors decidi\u00f3 extender una semana m\u00e1s las suspensiones\u00bb \u2014 MinutoSantaFe.ar\" data-secret=\"WmP1NfmVVk\" frameborder=\"0\" marginwidth=\"0\" marginheight=\"0\" scrolling=\"no\" class=\"wp-embedded-content\"><\/iframe><script>\n\/*! This file is auto-generated *\/\n!function(d,l){\"use strict\";l.querySelector&&d.addEventListener&&\"undefined\"!=typeof URL&&(d.wp=d.wp||{},d.wp.receiveEmbedMessage||(d.wp.receiveEmbedMessage=function(e){var t=e.data;if((t||t.secret||t.message||t.value)&&!\/[^a-zA-Z0-9]\/.test(t.secret)){for(var s,r,n,a=l.querySelectorAll('iframe[data-secret=\"'+t.secret+'\"]'),o=l.querySelectorAll('blockquote[data-secret=\"'+t.secret+'\"]'),c=new RegExp(\"^https?:$\",\"i\"),i=0;i<o.length;i++)o[i].style.display=\"none\";for(i=0;i<a.length;i++)s=a[i],e.source===s.contentWindow&&(s.removeAttribute(\"style\"),\"height\"===t.message?(1e3<(r=parseInt(t.value,10))?r=1e3:~~r<200&&(r=200),s.height=r):\"link\"===t.message&&(r=new URL(s.getAttribute(\"src\")),n=new URL(t.value),c.test(n.protocol))&&n.host===r.host&&l.activeElement===s&&(d.top.location.href=t.value))}},d.addEventListener(\"message\",d.wp.receiveEmbedMessage,!1),l.addEventListener(\"DOMContentLoaded\",function(){for(var e,t,s=l.querySelectorAll(\"iframe.wp-embedded-content\"),r=0;r<s.length;r++)(t=(e=s[r]).getAttribute(\"data-secret\"))||(t=Math.random().toString(36).substring(2,12),e.src+=\"#?secret=\"+t,e.setAttribute(\"data-secret\",t)),e.contentWindow.postMessage({message:\"ready\",secret:t},\"*\")},!1)))}(window,document);\n\/\/# sourceURL=https:\/\/minutosantafe.ar\/%77%70%2d%69%6e%63%6c%75%64%65%73\/js\/wp-embed.min.js\n<\/script>\n","thumbnail_url":"https:\/\/i0.wp.com\/minutosantafe.ar\/wp-content\/uploads\/2019\/06\/ro03fo0129.jpg?fit=960%2C540&ssl=1","thumbnail_width":960,"thumbnail_height":540,"description":"No arrancan las ventas de los cero kil\u00f3metro La suspensi\u00f3n de la totalidad del personal del planta de GM en Alvear, era por 30 d\u00edas por la ca\u00edda de las ventas. El panorama sigue siendo incierto para la actividad y se estira la medida. La automotriz General Motors decidi\u00f3 extender..."}

General Motors decidió extender una semana más las suspensiones - MinutoSantaFe.ar

<blockquote class="wp-embedded-content" data-secret="WmP1NfmVVk"><a href="https://minutosantafe.ar/general-motors-decidio-extender-una-semana-mas-las-suspensiones/">General Motors decidió extender una semana más las suspensiones</a></blockquote><iframe sandbox="allow-scripts" security="restricted" src="https://minutosantafe.ar/general-motors-decidio-extender-una-semana-mas-las-suspensiones/embed/#?secret=WmP1NfmVVk" width="600" height="338" title="«General Motors decidió extender una semana más las suspensiones» — MinutoSantaFe.ar" data-secret="WmP1NfmVVk" frameborder="0" marginwidth="0" marginheight="0" scrolling="no" class="wp-embedded-content"></iframe><script>
/*! This file is auto-generated */
!function(d,l){"use strict";l.querySelector&&d.addEventListener&&"undefined"!=typeof URL&&(d.wp=d.wp||{},d.wp.receiveEmbedMessage||(d.wp.receiveEmbedMessage=function(e){var t=e.data;if((t||t.secret||t.message||t.value)&&!/[^a-zA-Z0-9]/.test(t.secret)){for(var s,r,n,a=l.querySelectorAll('iframe[data-secret="'+t.secret+'"]'),o=l.querySelectorAll('blockquote[data-secret="'+t.secret+'"]'),c=new RegExp("^https?:$","i"),i=0;i<o.length;i++)o[i].style.display="none";for(i=0;i<a.length;i++)s=a[i],e.source===s.contentWindow&&(s.removeAttribute("style"),"height"===t.message?(1e3<(r=parseInt(t.value,10))?r=1e3:~~r<200&&(r=200),s.height=r):"link"===t.message&&(r=new URL(s.getAttribute("src")),n=new URL(t.value),c.test(n.protocol))&&n.host===r.host&&l.activeElement===s&&(d.top.location.href=t.value))}},d.addEventListener("message",d.wp.receiveEmbedMessage,!1),l.addEventListener("DOMContentLoaded",function(){for(var e,t,s=l.querySelectorAll("iframe.wp-embedded-content"),r=0;r<s.length;r++)(t=(e=s[r]).getAttribute("data-secret"))||(t=Math.random().toString(36).substring(2,12),e.src+="#?secret="+t,e.setAttribute("data-secret",t)),e.contentWindow.postMessage({message:"ready",secret:t},"*")},!1)))}(window,document);
//# sourceURL=https://minutosantafe.ar/%77%70%2d%69%6e%63%6c%75%64%65%73/js/wp-embed.min.js
</script>

No arrancan las ventas de los cero kilómetro La suspensión de la totalidad del personal del planta de GM en Alvear, era por 30 días por la caída de las ventas. El panorama sigue siendo incierto para la actividad y se estira la medida. La automotriz General Motors decidió extender...
