{"version":"1.0","provider_name":"MinutoSantaFe.ar","provider_url":"https:\/\/minutosantafe.ar","author_name":"Editor","author_url":"https:\/\/minutosantafe.ar\/author\/editor\/","title":"Un gobernador de Cambiemos desoye a la Rosada y aumenta sueldos por encima de la inflaci\u00f3n - MinutoSantaFe.ar","type":"rich","width":600,"height":338,"html":"<blockquote class=\"wp-embedded-content\" data-secret=\"Dh0SC9SLML\"><a href=\"https:\/\/minutosantafe.ar\/gobernador-cambiemos-desoye-la-rosada-aumenta-sueldos-la-inflacion\/\">Un gobernador de Cambiemos desoye a la Rosada y aumenta sueldos por encima de la inflaci\u00f3n<\/a><\/blockquote><iframe sandbox=\"allow-scripts\" security=\"restricted\" src=\"https:\/\/minutosantafe.ar\/gobernador-cambiemos-desoye-la-rosada-aumenta-sueldos-la-inflacion\/embed\/#?secret=Dh0SC9SLML\" width=\"600\" height=\"338\" title=\"\u00abUn gobernador de Cambiemos desoye a la Rosada y aumenta sueldos por encima de la inflaci\u00f3n\u00bb \u2014 MinutoSantaFe.ar\" data-secret=\"Dh0SC9SLML\" frameborder=\"0\" marginwidth=\"0\" marginheight=\"0\" scrolling=\"no\" class=\"wp-embedded-content\"><\/iframe><script type=\"text\/javascript\">\n\/* <![CDATA[ *\/\n\/*! This file is auto-generated *\/\n!function(d,l){\"use strict\";l.querySelector&&d.addEventListener&&\"undefined\"!=typeof URL&&(d.wp=d.wp||{},d.wp.receiveEmbedMessage||(d.wp.receiveEmbedMessage=function(e){var t=e.data;if((t||t.secret||t.message||t.value)&&!\/[^a-zA-Z0-9]\/.test(t.secret)){for(var s,r,n,a=l.querySelectorAll('iframe[data-secret=\"'+t.secret+'\"]'),o=l.querySelectorAll('blockquote[data-secret=\"'+t.secret+'\"]'),c=new RegExp(\"^https?:$\",\"i\"),i=0;i<o.length;i++)o[i].style.display=\"none\";for(i=0;i<a.length;i++)s=a[i],e.source===s.contentWindow&&(s.removeAttribute(\"style\"),\"height\"===t.message?(1e3<(r=parseInt(t.value,10))?r=1e3:~~r<200&&(r=200),s.height=r):\"link\"===t.message&&(r=new URL(s.getAttribute(\"src\")),n=new URL(t.value),c.test(n.protocol))&&n.host===r.host&&l.activeElement===s&&(d.top.location.href=t.value))}},d.addEventListener(\"message\",d.wp.receiveEmbedMessage,!1),l.addEventListener(\"DOMContentLoaded\",function(){for(var e,t,s=l.querySelectorAll(\"iframe.wp-embedded-content\"),r=0;r<s.length;r++)(t=(e=s[r]).getAttribute(\"data-secret\"))||(t=Math.random().toString(36).substring(2,12),e.src+=\"#?secret=\"+t,e.setAttribute(\"data-secret\",t)),e.contentWindow.postMessage({message:\"ready\",secret:t},\"*\")},!1)))}(window,document);\n\/\/# sourceURL=https:\/\/minutosantafe.ar\/%77%70%2d%69%6e%63%6c%75%64%65%73\/js\/wp-embed.min.js\n\/* ]]> *\/\n<\/script>\n","thumbnail_url":"https:\/\/minutosantafe.ar\/%77%70%2d%63%6f%6e%74%65%6e%74\/uploads\/2020\/08\/minutologuin.png","thumbnail_width":514,"thumbnail_height":429,"description":"Es el radical Gustavo Vald\u00e9s, de Corrientes, que dijo que ofrecer\u00e1n m\u00e1s del 15 por ciento que propone el Gobierno. El gobernador de Corrientes, Gustavo Vald\u00e9s, se desmarc\u00f3 de la meta de inflaci\u00f3n del Gobierno nacional al anunciar que la provincia otorgar\u00e1 este a\u00f1o a docentes y estatales un incremento..."}

Un gobernador de Cambiemos desoye a la Rosada y aumenta sueldos por encima de la inflación - MinutoSantaFe.ar

<blockquote class="wp-embedded-content" data-secret="Dh0SC9SLML"><a href="https://minutosantafe.ar/gobernador-cambiemos-desoye-la-rosada-aumenta-sueldos-la-inflacion/">Un gobernador de Cambiemos desoye a la Rosada y aumenta sueldos por encima de la inflación</a></blockquote><iframe sandbox="allow-scripts" security="restricted" src="https://minutosantafe.ar/gobernador-cambiemos-desoye-la-rosada-aumenta-sueldos-la-inflacion/embed/#?secret=Dh0SC9SLML" width="600" height="338" title="«Un gobernador de Cambiemos desoye a la Rosada y aumenta sueldos por encima de la inflación» — MinutoSantaFe.ar" data-secret="Dh0SC9SLML" frameborder="0" marginwidth="0" marginheight="0" scrolling="no" class="wp-embedded-content"></iframe><script type="text/javascript">
/* <![CDATA[ */
/*! This file is auto-generated */
!function(d,l){"use strict";l.querySelector&&d.addEventListener&&"undefined"!=typeof URL&&(d.wp=d.wp||{},d.wp.receiveEmbedMessage||(d.wp.receiveEmbedMessage=function(e){var t=e.data;if((t||t.secret||t.message||t.value)&&!/[^a-zA-Z0-9]/.test(t.secret)){for(var s,r,n,a=l.querySelectorAll('iframe[data-secret="'+t.secret+'"]'),o=l.querySelectorAll('blockquote[data-secret="'+t.secret+'"]'),c=new RegExp("^https?:$","i"),i=0;i<o.length;i++)o[i].style.display="none";for(i=0;i<a.length;i++)s=a[i],e.source===s.contentWindow&&(s.removeAttribute("style"),"height"===t.message?(1e3<(r=parseInt(t.value,10))?r=1e3:~~r<200&&(r=200),s.height=r):"link"===t.message&&(r=new URL(s.getAttribute("src")),n=new URL(t.value),c.test(n.protocol))&&n.host===r.host&&l.activeElement===s&&(d.top.location.href=t.value))}},d.addEventListener("message",d.wp.receiveEmbedMessage,!1),l.addEventListener("DOMContentLoaded",function(){for(var e,t,s=l.querySelectorAll("iframe.wp-embedded-content"),r=0;r<s.length;r++)(t=(e=s[r]).getAttribute("data-secret"))||(t=Math.random().toString(36).substring(2,12),e.src+="#?secret="+t,e.setAttribute("data-secret",t)),e.contentWindow.postMessage({message:"ready",secret:t},"*")},!1)))}(window,document);
//# sourceURL=https://minutosantafe.ar/%77%70%2d%69%6e%63%6c%75%64%65%73/js/wp-embed.min.js
/* ]]> */
</script>

Es el radical Gustavo Valdés, de Corrientes, que dijo que ofrecerán más del 15 por ciento que propone el Gobierno. El gobernador de Corrientes, Gustavo Valdés, se desmarcó de la meta de inflación del Gobierno nacional al anunciar que la provincia otorgará este año a docentes y estatales un incremento...
