{"version":"1.0","provider_name":"MinutoSantaFe.ar","provider_url":"https:\/\/minutosantafe.ar","author_name":"Editor","author_url":"https:\/\/minutosantafe.ar\/author\/editor\/","title":"Habr\u00e1 paro de transporte este viernes en Santa Fe - MinutoSantaFe.ar","type":"rich","width":600,"height":338,"html":"<blockquote class=\"wp-embedded-content\" data-secret=\"uOZmpFJu4Q\"><a href=\"https:\/\/minutosantafe.ar\/habra-paro-de-transporte-este-viernes-en-santa-fe\/\">Habr\u00e1 paro de transporte este viernes en Santa Fe<\/a><\/blockquote><iframe sandbox=\"allow-scripts\" security=\"restricted\" src=\"https:\/\/minutosantafe.ar\/habra-paro-de-transporte-este-viernes-en-santa-fe\/embed\/#?secret=uOZmpFJu4Q\" width=\"600\" height=\"338\" title=\"\u00abHabr\u00e1 paro de transporte este viernes en Santa Fe\u00bb \u2014 MinutoSantaFe.ar\" data-secret=\"uOZmpFJu4Q\" frameborder=\"0\" marginwidth=\"0\" marginheight=\"0\" scrolling=\"no\" class=\"wp-embedded-content\"><\/iframe><script>\n\/*! This file is auto-generated *\/\n!function(d,l){\"use strict\";l.querySelector&&d.addEventListener&&\"undefined\"!=typeof URL&&(d.wp=d.wp||{},d.wp.receiveEmbedMessage||(d.wp.receiveEmbedMessage=function(e){var t=e.data;if((t||t.secret||t.message||t.value)&&!\/[^a-zA-Z0-9]\/.test(t.secret)){for(var s,r,n,a=l.querySelectorAll('iframe[data-secret=\"'+t.secret+'\"]'),o=l.querySelectorAll('blockquote[data-secret=\"'+t.secret+'\"]'),c=new RegExp(\"^https?:$\",\"i\"),i=0;i<o.length;i++)o[i].style.display=\"none\";for(i=0;i<a.length;i++)s=a[i],e.source===s.contentWindow&&(s.removeAttribute(\"style\"),\"height\"===t.message?(1e3<(r=parseInt(t.value,10))?r=1e3:~~r<200&&(r=200),s.height=r):\"link\"===t.message&&(r=new URL(s.getAttribute(\"src\")),n=new URL(t.value),c.test(n.protocol))&&n.host===r.host&&l.activeElement===s&&(d.top.location.href=t.value))}},d.addEventListener(\"message\",d.wp.receiveEmbedMessage,!1),l.addEventListener(\"DOMContentLoaded\",function(){for(var e,t,s=l.querySelectorAll(\"iframe.wp-embedded-content\"),r=0;r<s.length;r++)(t=(e=s[r]).getAttribute(\"data-secret\"))||(t=Math.random().toString(36).substring(2,12),e.src+=\"#?secret=\"+t,e.setAttribute(\"data-secret\",t)),e.contentWindow.postMessage({message:\"ready\",secret:t},\"*\")},!1)))}(window,document);\n\/\/# sourceURL=https:\/\/minutosantafe.ar\/%77%70%2d%69%6e%63%6c%75%64%65%73\/js\/wp-embed.min.js\n<\/script>\n","thumbnail_url":"https:\/\/minutosantafe.ar\/wp-content\/uploads\/2023\/03\/SM-colectivo-65456.webp","thumbnail_width":768,"thumbnail_height":572,"description":"Lo anunci\u00f3 Marcelo Gariboldi de UTA Santa Fe, desde el acampe que est\u00e1n realizando en el ministerio de Trabajo de Naci\u00f3n. La medida ser\u00e1 por doce horas. Trabajadores nucleados en la\u00a0Uni\u00f3n Tranviarios Automotor (UTA), se encuentran\u00a0acampando frente al ministerio de Trabajo de la Naci\u00f3n. Luego de un plenario de delgados..."}

Habrá paro de transporte este viernes en Santa Fe - MinutoSantaFe.ar

<blockquote class="wp-embedded-content" data-secret="uOZmpFJu4Q"><a href="https://minutosantafe.ar/habra-paro-de-transporte-este-viernes-en-santa-fe/">Habrá paro de transporte este viernes en Santa Fe</a></blockquote><iframe sandbox="allow-scripts" security="restricted" src="https://minutosantafe.ar/habra-paro-de-transporte-este-viernes-en-santa-fe/embed/#?secret=uOZmpFJu4Q" width="600" height="338" title="«Habrá paro de transporte este viernes en Santa Fe» — MinutoSantaFe.ar" data-secret="uOZmpFJu4Q" frameborder="0" marginwidth="0" marginheight="0" scrolling="no" class="wp-embedded-content"></iframe><script>
/*! This file is auto-generated */
!function(d,l){"use strict";l.querySelector&&d.addEventListener&&"undefined"!=typeof URL&&(d.wp=d.wp||{},d.wp.receiveEmbedMessage||(d.wp.receiveEmbedMessage=function(e){var t=e.data;if((t||t.secret||t.message||t.value)&&!/[^a-zA-Z0-9]/.test(t.secret)){for(var s,r,n,a=l.querySelectorAll('iframe[data-secret="'+t.secret+'"]'),o=l.querySelectorAll('blockquote[data-secret="'+t.secret+'"]'),c=new RegExp("^https?:$","i"),i=0;i<o.length;i++)o[i].style.display="none";for(i=0;i<a.length;i++)s=a[i],e.source===s.contentWindow&&(s.removeAttribute("style"),"height"===t.message?(1e3<(r=parseInt(t.value,10))?r=1e3:~~r<200&&(r=200),s.height=r):"link"===t.message&&(r=new URL(s.getAttribute("src")),n=new URL(t.value),c.test(n.protocol))&&n.host===r.host&&l.activeElement===s&&(d.top.location.href=t.value))}},d.addEventListener("message",d.wp.receiveEmbedMessage,!1),l.addEventListener("DOMContentLoaded",function(){for(var e,t,s=l.querySelectorAll("iframe.wp-embedded-content"),r=0;r<s.length;r++)(t=(e=s[r]).getAttribute("data-secret"))||(t=Math.random().toString(36).substring(2,12),e.src+="#?secret="+t,e.setAttribute("data-secret",t)),e.contentWindow.postMessage({message:"ready",secret:t},"*")},!1)))}(window,document);
//# sourceURL=https://minutosantafe.ar/%77%70%2d%69%6e%63%6c%75%64%65%73/js/wp-embed.min.js
</script>

Lo anunció Marcelo Gariboldi de UTA Santa Fe, desde el acampe que están realizando en el ministerio de Trabajo de Nación. La medida será por doce horas. Trabajadores nucleados en la Unión Tranviarios Automotor (UTA), se encuentran acampando frente al ministerio de Trabajo de la Nación. Luego de un plenario de delgados...
