{"version":"1.0","provider_name":"MinutoSantaFe.ar","provider_url":"https:\/\/minutosantafe.ar","author_name":"Editor","author_url":"https:\/\/minutosantafe.ar\/author\/editor\/","title":"Hallaron armas en mochilas de dos alumnos de secundaria - MinutoSantaFe.ar","type":"rich","width":600,"height":338,"html":"<blockquote class=\"wp-embedded-content\" data-secret=\"NdV1doXS8V\"><a href=\"https:\/\/minutosantafe.ar\/hallaron-armas-en-mochilas-de-dos-alumnos-de-secundaria\/\">Hallaron armas en mochilas de dos alumnos de secundaria<\/a><\/blockquote><iframe sandbox=\"allow-scripts\" security=\"restricted\" src=\"https:\/\/minutosantafe.ar\/hallaron-armas-en-mochilas-de-dos-alumnos-de-secundaria\/embed\/#?secret=NdV1doXS8V\" width=\"600\" height=\"338\" title=\"\u00abHallaron armas en mochilas de dos alumnos de secundaria\u00bb \u2014 MinutoSantaFe.ar\" data-secret=\"NdV1doXS8V\" frameborder=\"0\" marginwidth=\"0\" marginheight=\"0\" scrolling=\"no\" class=\"wp-embedded-content\"><\/iframe><script type=\"text\/javascript\">\n\/* <![CDATA[ *\/\n\/*! This file is auto-generated *\/\n!function(d,l){\"use strict\";l.querySelector&&d.addEventListener&&\"undefined\"!=typeof URL&&(d.wp=d.wp||{},d.wp.receiveEmbedMessage||(d.wp.receiveEmbedMessage=function(e){var t=e.data;if((t||t.secret||t.message||t.value)&&!\/[^a-zA-Z0-9]\/.test(t.secret)){for(var s,r,n,a=l.querySelectorAll('iframe[data-secret=\"'+t.secret+'\"]'),o=l.querySelectorAll('blockquote[data-secret=\"'+t.secret+'\"]'),c=new RegExp(\"^https?:$\",\"i\"),i=0;i<o.length;i++)o[i].style.display=\"none\";for(i=0;i<a.length;i++)s=a[i],e.source===s.contentWindow&&(s.removeAttribute(\"style\"),\"height\"===t.message?(1e3<(r=parseInt(t.value,10))?r=1e3:~~r<200&&(r=200),s.height=r):\"link\"===t.message&&(r=new URL(s.getAttribute(\"src\")),n=new URL(t.value),c.test(n.protocol))&&n.host===r.host&&l.activeElement===s&&(d.top.location.href=t.value))}},d.addEventListener(\"message\",d.wp.receiveEmbedMessage,!1),l.addEventListener(\"DOMContentLoaded\",function(){for(var e,t,s=l.querySelectorAll(\"iframe.wp-embedded-content\"),r=0;r<s.length;r++)(t=(e=s[r]).getAttribute(\"data-secret\"))||(t=Math.random().toString(36).substring(2,12),e.src+=\"#?secret=\"+t,e.setAttribute(\"data-secret\",t)),e.contentWindow.postMessage({message:\"ready\",secret:t},\"*\")},!1)))}(window,document);\n\/\/# sourceURL=https:\/\/minutosantafe.ar\/%77%70%2d%69%6e%63%6c%75%64%65%73\/js\/wp-embed.min.js\n\/* ]]> *\/\n<\/script>\n","thumbnail_url":"https:\/\/minutosantafe.ar\/wp-content\/uploads\/2025\/05\/sm-vgg-alumnos-armados.webp","thumbnail_width":741,"thumbnail_height":450,"description":"Se trata de dos adolescentes de 14 y 15 a\u00f1os que asisten a la Escuela N\u00ba 364, de Villa Gobernador G\u00e1lvez. La polic\u00eda secuestr\u00f3 las armas. Dos estudiantes de la Escuela N\u00ba 364 Soldado Aguirre, en Villa Gobernador G\u00e1lvez, fueron demorados este viernes por portar armas ocultas dentro de sus..."}

Se trata de dos adolescentes de 14 y 15 años que asisten a la Escuela Nº 364, de Villa Gobernador Gálvez. La policía secuestró las armas. Dos estudiantes de la Escuela Nº 364 Soldado Aguirre, en Villa Gobernador Gálvez, fueron demorados este viernes por portar armas ocultas dentro de sus...
