{"version":"1.0","provider_name":"MinutoSantaFe.ar","provider_url":"https:\/\/minutosantafe.ar","author_name":"Editor","author_url":"https:\/\/minutosantafe.ar\/author\/editor\/","title":"\u201cHay 600 mil trabajadores m\u00e1s que pagan Ganancias\u201d - MinutoSantaFe.ar","type":"rich","width":600,"height":338,"html":"<blockquote class=\"wp-embedded-content\" data-secret=\"qC4feMZU8j\"><a href=\"https:\/\/minutosantafe.ar\/hay-600-mil-trabajadores-mas-que-pagan-ganancias\/\">\u201cHay 600 mil trabajadores m\u00e1s que pagan Ganancias\u201d<\/a><\/blockquote><iframe sandbox=\"allow-scripts\" security=\"restricted\" src=\"https:\/\/minutosantafe.ar\/hay-600-mil-trabajadores-mas-que-pagan-ganancias\/embed\/#?secret=qC4feMZU8j\" width=\"600\" height=\"338\" title=\"\u00ab\u201cHay 600 mil trabajadores m\u00e1s que pagan Ganancias\u201d\u00bb \u2014 MinutoSantaFe.ar\" data-secret=\"qC4feMZU8j\" frameborder=\"0\" marginwidth=\"0\" marginheight=\"0\" scrolling=\"no\" class=\"wp-embedded-content\"><\/iframe><script>\n\/*! This file is auto-generated *\/\n!function(d,l){\"use strict\";l.querySelector&&d.addEventListener&&\"undefined\"!=typeof URL&&(d.wp=d.wp||{},d.wp.receiveEmbedMessage||(d.wp.receiveEmbedMessage=function(e){var t=e.data;if((t||t.secret||t.message||t.value)&&!\/[^a-zA-Z0-9]\/.test(t.secret)){for(var s,r,n,a=l.querySelectorAll('iframe[data-secret=\"'+t.secret+'\"]'),o=l.querySelectorAll('blockquote[data-secret=\"'+t.secret+'\"]'),c=new RegExp(\"^https?:$\",\"i\"),i=0;i<o.length;i++)o[i].style.display=\"none\";for(i=0;i<a.length;i++)s=a[i],e.source===s.contentWindow&&(s.removeAttribute(\"style\"),\"height\"===t.message?(1e3<(r=parseInt(t.value,10))?r=1e3:~~r<200&&(r=200),s.height=r):\"link\"===t.message&&(r=new URL(s.getAttribute(\"src\")),n=new URL(t.value),c.test(n.protocol))&&n.host===r.host&&l.activeElement===s&&(d.top.location.href=t.value))}},d.addEventListener(\"message\",d.wp.receiveEmbedMessage,!1),l.addEventListener(\"DOMContentLoaded\",function(){for(var e,t,s=l.querySelectorAll(\"iframe.wp-embedded-content\"),r=0;r<s.length;r++)(t=(e=s[r]).getAttribute(\"data-secret\"))||(t=Math.random().toString(36).substring(2,12),e.src+=\"#?secret=\"+t,e.setAttribute(\"data-secret\",t)),e.contentWindow.postMessage({message:\"ready\",secret:t},\"*\")},!1)))}(window,document);\n\/\/# sourceURL=https:\/\/minutosantafe.ar\/%77%70%2d%69%6e%63%6c%75%64%65%73\/js\/wp-embed.min.js\n<\/script>\n","thumbnail_url":"https:\/\/minutosantafe.ar\/%77%70%2d%63%6f%6e%74%65%6e%74\/uploads\/2020\/08\/minutologuin.png","thumbnail_width":514,"thumbnail_height":429,"description":"El secretario general de la Asociaci\u00f3n Bancaria, Sergio Palazzo, vaticin\u00f3 hoy que la desocupaci\u00f3n \u201cva a seguir creciendo\u201d, y acus\u00f3 al Gobierno de \u201cempeorar la situaci\u00f3n de los trabajadores\u201d. Seg\u00fan el sindicalista que ayer particip\u00f3 del plenario del Frente Sindical para el Modelo Nacional, el Presupuesto 2019 que impulsa el..."}

“Hay 600 mil trabajadores más que pagan Ganancias” - MinutoSantaFe.ar

<blockquote class="wp-embedded-content" data-secret="qC4feMZU8j"><a href="https://minutosantafe.ar/hay-600-mil-trabajadores-mas-que-pagan-ganancias/">“Hay 600 mil trabajadores más que pagan Ganancias”</a></blockquote><iframe sandbox="allow-scripts" security="restricted" src="https://minutosantafe.ar/hay-600-mil-trabajadores-mas-que-pagan-ganancias/embed/#?secret=qC4feMZU8j" width="600" height="338" title="«“Hay 600 mil trabajadores más que pagan Ganancias”» — MinutoSantaFe.ar" data-secret="qC4feMZU8j" frameborder="0" marginwidth="0" marginheight="0" scrolling="no" class="wp-embedded-content"></iframe><script>
/*! This file is auto-generated */
!function(d,l){"use strict";l.querySelector&&d.addEventListener&&"undefined"!=typeof URL&&(d.wp=d.wp||{},d.wp.receiveEmbedMessage||(d.wp.receiveEmbedMessage=function(e){var t=e.data;if((t||t.secret||t.message||t.value)&&!/[^a-zA-Z0-9]/.test(t.secret)){for(var s,r,n,a=l.querySelectorAll('iframe[data-secret="'+t.secret+'"]'),o=l.querySelectorAll('blockquote[data-secret="'+t.secret+'"]'),c=new RegExp("^https?:$","i"),i=0;i<o.length;i++)o[i].style.display="none";for(i=0;i<a.length;i++)s=a[i],e.source===s.contentWindow&&(s.removeAttribute("style"),"height"===t.message?(1e3<(r=parseInt(t.value,10))?r=1e3:~~r<200&&(r=200),s.height=r):"link"===t.message&&(r=new URL(s.getAttribute("src")),n=new URL(t.value),c.test(n.protocol))&&n.host===r.host&&l.activeElement===s&&(d.top.location.href=t.value))}},d.addEventListener("message",d.wp.receiveEmbedMessage,!1),l.addEventListener("DOMContentLoaded",function(){for(var e,t,s=l.querySelectorAll("iframe.wp-embedded-content"),r=0;r<s.length;r++)(t=(e=s[r]).getAttribute("data-secret"))||(t=Math.random().toString(36).substring(2,12),e.src+="#?secret="+t,e.setAttribute("data-secret",t)),e.contentWindow.postMessage({message:"ready",secret:t},"*")},!1)))}(window,document);
//# sourceURL=https://minutosantafe.ar/%77%70%2d%69%6e%63%6c%75%64%65%73/js/wp-embed.min.js
</script>

El secretario general de la Asociación Bancaria, Sergio Palazzo, vaticinó hoy que la desocupación “va a seguir creciendo”, y acusó al Gobierno de “empeorar la situación de los trabajadores”. Según el sindicalista que ayer participó del plenario del Frente Sindical para el Modelo Nacional, el Presupuesto 2019 que impulsa el...
