{"version":"1.0","provider_name":"MinutoSantaFe.ar","provider_url":"https:\/\/minutosantafe.ar","author_name":"Editor","author_url":"https:\/\/minutosantafe.ar\/author\/editor\/","title":"Hora del balance - MinutoSantaFe.ar","type":"rich","width":600,"height":338,"html":"<blockquote class=\"wp-embedded-content\" data-secret=\"ykjqB0P6Yl\"><a href=\"https:\/\/minutosantafe.ar\/hora-del-balance\/\">Hora del balance<\/a><\/blockquote><iframe sandbox=\"allow-scripts\" security=\"restricted\" src=\"https:\/\/minutosantafe.ar\/hora-del-balance\/embed\/#?secret=ykjqB0P6Yl\" width=\"600\" height=\"338\" title=\"\u00abHora del balance\u00bb \u2014 MinutoSantaFe.ar\" data-secret=\"ykjqB0P6Yl\" frameborder=\"0\" marginwidth=\"0\" marginheight=\"0\" scrolling=\"no\" class=\"wp-embedded-content\"><\/iframe><script>\n\/*! This file is auto-generated *\/\n!function(d,l){\"use strict\";l.querySelector&&d.addEventListener&&\"undefined\"!=typeof URL&&(d.wp=d.wp||{},d.wp.receiveEmbedMessage||(d.wp.receiveEmbedMessage=function(e){var t=e.data;if((t||t.secret||t.message||t.value)&&!\/[^a-zA-Z0-9]\/.test(t.secret)){for(var s,r,n,a=l.querySelectorAll('iframe[data-secret=\"'+t.secret+'\"]'),o=l.querySelectorAll('blockquote[data-secret=\"'+t.secret+'\"]'),c=new RegExp(\"^https?:$\",\"i\"),i=0;i<o.length;i++)o[i].style.display=\"none\";for(i=0;i<a.length;i++)s=a[i],e.source===s.contentWindow&&(s.removeAttribute(\"style\"),\"height\"===t.message?(1e3<(r=parseInt(t.value,10))?r=1e3:~~r<200&&(r=200),s.height=r):\"link\"===t.message&&(r=new URL(s.getAttribute(\"src\")),n=new URL(t.value),c.test(n.protocol))&&n.host===r.host&&l.activeElement===s&&(d.top.location.href=t.value))}},d.addEventListener(\"message\",d.wp.receiveEmbedMessage,!1),l.addEventListener(\"DOMContentLoaded\",function(){for(var e,t,s=l.querySelectorAll(\"iframe.wp-embedded-content\"),r=0;r<s.length;r++)(t=(e=s[r]).getAttribute(\"data-secret\"))||(t=Math.random().toString(36).substring(2,12),e.src+=\"#?secret=\"+t,e.setAttribute(\"data-secret\",t)),e.contentWindow.postMessage({message:\"ready\",secret:t},\"*\")},!1)))}(window,document);\n\/\/# sourceURL=https:\/\/minutosantafe.ar\/%77%70%2d%69%6e%63%6c%75%64%65%73\/js\/wp-embed.min.js\n<\/script>\n","thumbnail_url":"https:\/\/minutosantafe.ar\/wp-content\/uploads\/2025\/01\/FF2h4UKkH_870x580__1.webp","thumbnail_width":870,"thumbnail_height":580,"description":"El Concejo de Santa Fe y un a\u00f1o recargado, con temas centrales y debates espinosos El Legislativo local abord\u00f3 temas muy importantes para la ciudad. Primaron los consensos, aunque no faltaron chispazos pol\u00edticos. Fue un a\u00f1o intenso para el Deliberativo capitalino. Trat\u00f3 temas complejos y urgentes para la ciudad. De..."}

El Concejo de Santa Fe y un año recargado, con temas centrales y debates espinosos El Legislativo local abordó temas muy importantes para la ciudad. Primaron los consensos, aunque no faltaron chispazos políticos. Fue un año intenso para el Deliberativo capitalino. Trató temas complejos y urgentes para la ciudad. De...
