{"version":"1.0","provider_name":"MinutoSantaFe.ar","provider_url":"https:\/\/minutosantafe.ar","author_name":"Editor","author_url":"https:\/\/minutosantafe.ar\/author\/editor\/","title":"Hoy fueron despedidos 35 trabajadores - MinutoSantaFe.ar","type":"rich","width":600,"height":338,"html":"<blockquote class=\"wp-embedded-content\" data-secret=\"bEUjhQSHb1\"><a href=\"https:\/\/minutosantafe.ar\/hoy-fueron-despedidos-35-trabajadores\/\">Hoy fueron despedidos 35 trabajadores<\/a><\/blockquote><iframe sandbox=\"allow-scripts\" security=\"restricted\" src=\"https:\/\/minutosantafe.ar\/hoy-fueron-despedidos-35-trabajadores\/embed\/#?secret=bEUjhQSHb1\" width=\"600\" height=\"338\" title=\"\u00abHoy fueron despedidos 35 trabajadores\u00bb \u2014 MinutoSantaFe.ar\" data-secret=\"bEUjhQSHb1\" frameborder=\"0\" marginwidth=\"0\" marginheight=\"0\" scrolling=\"no\" class=\"wp-embedded-content\"><\/iframe><script>\n\/*! This file is auto-generated *\/\n!function(d,l){\"use strict\";l.querySelector&&d.addEventListener&&\"undefined\"!=typeof URL&&(d.wp=d.wp||{},d.wp.receiveEmbedMessage||(d.wp.receiveEmbedMessage=function(e){var t=e.data;if((t||t.secret||t.message||t.value)&&!\/[^a-zA-Z0-9]\/.test(t.secret)){for(var s,r,n,a=l.querySelectorAll('iframe[data-secret=\"'+t.secret+'\"]'),o=l.querySelectorAll('blockquote[data-secret=\"'+t.secret+'\"]'),c=new RegExp(\"^https?:$\",\"i\"),i=0;i<o.length;i++)o[i].style.display=\"none\";for(i=0;i<a.length;i++)s=a[i],e.source===s.contentWindow&&(s.removeAttribute(\"style\"),\"height\"===t.message?(1e3<(r=parseInt(t.value,10))?r=1e3:~~r<200&&(r=200),s.height=r):\"link\"===t.message&&(r=new URL(s.getAttribute(\"src\")),n=new URL(t.value),c.test(n.protocol))&&n.host===r.host&&l.activeElement===s&&(d.top.location.href=t.value))}},d.addEventListener(\"message\",d.wp.receiveEmbedMessage,!1),l.addEventListener(\"DOMContentLoaded\",function(){for(var e,t,s=l.querySelectorAll(\"iframe.wp-embedded-content\"),r=0;r<s.length;r++)(t=(e=s[r]).getAttribute(\"data-secret\"))||(t=Math.random().toString(36).substring(2,12),e.src+=\"#?secret=\"+t,e.setAttribute(\"data-secret\",t)),e.contentWindow.postMessage({message:\"ready\",secret:t},\"*\")},!1)))}(window,document);\n\/\/# sourceURL=https:\/\/minutosantafe.ar\/%77%70%2d%69%6e%63%6c%75%64%65%73\/js\/wp-embed.min.js\n<\/script>\n","thumbnail_url":"https:\/\/i0.wp.com\/minutosantafe.ar\/wp-content\/uploads\/2018\/10\/enacom.png?fit=960%2C540&ssl=1","thumbnail_width":960,"thumbnail_height":540,"description":"Contin\u00faa el desguace del Enacom &nbsp; Treinta y cinco trabajadores del Enacom fueron despedidos en medio de las\u00a0versiones que indican habr\u00e1 otras 100 bajas m\u00e1s en los pr\u00f3ximos d\u00edas. Los afectados se enteraron de su nueva condici\u00f3n a trav\u00e9s de\u00a0un m\u00e9todo habitual de Cambiemos: al presentarse\u00a0a trabajar, personal de seguridad,..."}

Continúa el desguace del Enacom &nbsp; Treinta y cinco trabajadores del Enacom fueron despedidos en medio de las versiones que indican habrá otras 100 bajas más en los próximos días. Los afectados se enteraron de su nueva condición a través de un método habitual de Cambiemos: al presentarse a trabajar, personal de seguridad,...
