{"version":"1.0","provider_name":"MinutoSantaFe.ar","provider_url":"https:\/\/minutosantafe.ar","author_name":"Editor","author_url":"https:\/\/minutosantafe.ar\/author\/editor\/","title":"El infierno de una joven: la vendieron como mercanc\u00eda a una red de trata - MinutoSantaFe.ar","type":"rich","width":600,"height":338,"html":"<blockquote class=\"wp-embedded-content\" data-secret=\"hEVMPWZuYr\"><a href=\"https:\/\/minutosantafe.ar\/infierno-una-joven-la-vendieron-mercancia-una-red-trata\/\">El infierno de una joven: la vendieron como mercanc\u00eda a una red de trata<\/a><\/blockquote><iframe sandbox=\"allow-scripts\" security=\"restricted\" src=\"https:\/\/minutosantafe.ar\/infierno-una-joven-la-vendieron-mercancia-una-red-trata\/embed\/#?secret=hEVMPWZuYr\" width=\"600\" height=\"338\" title=\"\u00abEl infierno de una joven: la vendieron como mercanc\u00eda a una red de trata\u00bb \u2014 MinutoSantaFe.ar\" data-secret=\"hEVMPWZuYr\" frameborder=\"0\" marginwidth=\"0\" marginheight=\"0\" scrolling=\"no\" class=\"wp-embedded-content\"><\/iframe><script type=\"text\/javascript\">\n\/* <![CDATA[ *\/\n\/*! This file is auto-generated *\/\n!function(d,l){\"use strict\";l.querySelector&&d.addEventListener&&\"undefined\"!=typeof URL&&(d.wp=d.wp||{},d.wp.receiveEmbedMessage||(d.wp.receiveEmbedMessage=function(e){var t=e.data;if((t||t.secret||t.message||t.value)&&!\/[^a-zA-Z0-9]\/.test(t.secret)){for(var s,r,n,a=l.querySelectorAll('iframe[data-secret=\"'+t.secret+'\"]'),o=l.querySelectorAll('blockquote[data-secret=\"'+t.secret+'\"]'),c=new RegExp(\"^https?:$\",\"i\"),i=0;i<o.length;i++)o[i].style.display=\"none\";for(i=0;i<a.length;i++)s=a[i],e.source===s.contentWindow&&(s.removeAttribute(\"style\"),\"height\"===t.message?(1e3<(r=parseInt(t.value,10))?r=1e3:~~r<200&&(r=200),s.height=r):\"link\"===t.message&&(r=new URL(s.getAttribute(\"src\")),n=new URL(t.value),c.test(n.protocol))&&n.host===r.host&&l.activeElement===s&&(d.top.location.href=t.value))}},d.addEventListener(\"message\",d.wp.receiveEmbedMessage,!1),l.addEventListener(\"DOMContentLoaded\",function(){for(var e,t,s=l.querySelectorAll(\"iframe.wp-embedded-content\"),r=0;r<s.length;r++)(t=(e=s[r]).getAttribute(\"data-secret\"))||(t=Math.random().toString(36).substring(2,12),e.src+=\"#?secret=\"+t,e.setAttribute(\"data-secret\",t)),e.contentWindow.postMessage({message:\"ready\",secret:t},\"*\")},!1)))}(window,document);\n\/\/# sourceURL=https:\/\/minutosantafe.ar\/%77%70%2d%69%6e%63%6c%75%64%65%73\/js\/wp-embed.min.js\n\/* ]]> *\/\n<\/script>\n","thumbnail_url":"https:\/\/i0.wp.com\/minutosantafe.ar\/wp-content\/uploads\/2018\/02\/78860485.jpg?fit=1024%2C768&ssl=1","thumbnail_width":1024,"thumbnail_height":768,"description":"Ten\u00eda 19 a\u00f1os al momento de los hechos. Viv\u00eda en una pensi\u00f3n cercana a la Terminal de \u00d3mnibus pero como su padre cay\u00f3 en una causa por\u00a0drogastermin\u00f3 en la calle. La malaria se hac\u00eda presente cada d\u00eda. Estaba embarazada. No ten\u00eda d\u00f3nde ir. Su cama eran unos cartones y su..."}

El infierno de una joven: la vendieron como mercancía a una red de trata - MinutoSantaFe.ar

<blockquote class="wp-embedded-content" data-secret="hEVMPWZuYr"><a href="https://minutosantafe.ar/infierno-una-joven-la-vendieron-mercancia-una-red-trata/">El infierno de una joven: la vendieron como mercancía a una red de trata</a></blockquote><iframe sandbox="allow-scripts" security="restricted" src="https://minutosantafe.ar/infierno-una-joven-la-vendieron-mercancia-una-red-trata/embed/#?secret=hEVMPWZuYr" width="600" height="338" title="«El infierno de una joven: la vendieron como mercancía a una red de trata» — MinutoSantaFe.ar" data-secret="hEVMPWZuYr" frameborder="0" marginwidth="0" marginheight="0" scrolling="no" class="wp-embedded-content"></iframe><script type="text/javascript">
/* <![CDATA[ */
/*! This file is auto-generated */
!function(d,l){"use strict";l.querySelector&&d.addEventListener&&"undefined"!=typeof URL&&(d.wp=d.wp||{},d.wp.receiveEmbedMessage||(d.wp.receiveEmbedMessage=function(e){var t=e.data;if((t||t.secret||t.message||t.value)&&!/[^a-zA-Z0-9]/.test(t.secret)){for(var s,r,n,a=l.querySelectorAll('iframe[data-secret="'+t.secret+'"]'),o=l.querySelectorAll('blockquote[data-secret="'+t.secret+'"]'),c=new RegExp("^https?:$","i"),i=0;i<o.length;i++)o[i].style.display="none";for(i=0;i<a.length;i++)s=a[i],e.source===s.contentWindow&&(s.removeAttribute("style"),"height"===t.message?(1e3<(r=parseInt(t.value,10))?r=1e3:~~r<200&&(r=200),s.height=r):"link"===t.message&&(r=new URL(s.getAttribute("src")),n=new URL(t.value),c.test(n.protocol))&&n.host===r.host&&l.activeElement===s&&(d.top.location.href=t.value))}},d.addEventListener("message",d.wp.receiveEmbedMessage,!1),l.addEventListener("DOMContentLoaded",function(){for(var e,t,s=l.querySelectorAll("iframe.wp-embedded-content"),r=0;r<s.length;r++)(t=(e=s[r]).getAttribute("data-secret"))||(t=Math.random().toString(36).substring(2,12),e.src+="#?secret="+t,e.setAttribute("data-secret",t)),e.contentWindow.postMessage({message:"ready",secret:t},"*")},!1)))}(window,document);
//# sourceURL=https://minutosantafe.ar/%77%70%2d%69%6e%63%6c%75%64%65%73/js/wp-embed.min.js
/* ]]> */
</script>

Tenía 19 años al momento de los hechos. Vivía en una pensión cercana a la Terminal de Ómnibus pero como su padre cayó en una causa por drogasterminó en la calle. La malaria se hacía presente cada día. Estaba embarazada. No tenía dónde ir. Su cama eran unos cartones y su...
