{"version":"1.0","provider_name":"MinutoSantaFe.ar","provider_url":"https:\/\/minutosantafe.ar","author_name":"Editor","author_url":"https:\/\/minutosantafe.ar\/author\/editor\/","title":"Informe sobre la red de laboratorios de la provincia - MinutoSantaFe.ar","type":"rich","width":600,"height":338,"html":"<blockquote class=\"wp-embedded-content\" data-secret=\"KXVYryE1l5\"><a href=\"https:\/\/minutosantafe.ar\/informe-sobre-la-red-de-laboratorios-de-la-provincia\/\">Informe sobre la red de laboratorios de la provincia<\/a><\/blockquote><iframe sandbox=\"allow-scripts\" security=\"restricted\" src=\"https:\/\/minutosantafe.ar\/informe-sobre-la-red-de-laboratorios-de-la-provincia\/embed\/#?secret=KXVYryE1l5\" width=\"600\" height=\"338\" title=\"\u00abInforme sobre la red de laboratorios de la provincia\u00bb \u2014 MinutoSantaFe.ar\" data-secret=\"KXVYryE1l5\" frameborder=\"0\" marginwidth=\"0\" marginheight=\"0\" scrolling=\"no\" class=\"wp-embedded-content\"><\/iframe><script>\n\/*! This file is auto-generated *\/\n!function(d,l){\"use strict\";l.querySelector&&d.addEventListener&&\"undefined\"!=typeof URL&&(d.wp=d.wp||{},d.wp.receiveEmbedMessage||(d.wp.receiveEmbedMessage=function(e){var t=e.data;if((t||t.secret||t.message||t.value)&&!\/[^a-zA-Z0-9]\/.test(t.secret)){for(var s,r,n,a=l.querySelectorAll('iframe[data-secret=\"'+t.secret+'\"]'),o=l.querySelectorAll('blockquote[data-secret=\"'+t.secret+'\"]'),c=new RegExp(\"^https?:$\",\"i\"),i=0;i<o.length;i++)o[i].style.display=\"none\";for(i=0;i<a.length;i++)s=a[i],e.source===s.contentWindow&&(s.removeAttribute(\"style\"),\"height\"===t.message?(1e3<(r=parseInt(t.value,10))?r=1e3:~~r<200&&(r=200),s.height=r):\"link\"===t.message&&(r=new URL(s.getAttribute(\"src\")),n=new URL(t.value),c.test(n.protocol))&&n.host===r.host&&l.activeElement===s&&(d.top.location.href=t.value))}},d.addEventListener(\"message\",d.wp.receiveEmbedMessage,!1),l.addEventListener(\"DOMContentLoaded\",function(){for(var e,t,s=l.querySelectorAll(\"iframe.wp-embedded-content\"),r=0;r<s.length;r++)(t=(e=s[r]).getAttribute(\"data-secret\"))||(t=Math.random().toString(36).substring(2,12),e.src+=\"#?secret=\"+t,e.setAttribute(\"data-secret\",t)),e.contentWindow.postMessage({message:\"ready\",secret:t},\"*\")},!1)))}(window,document);\n\/\/# sourceURL=https:\/\/minutosantafe.ar\/%77%70%2d%69%6e%63%6c%75%64%65%73\/js\/wp-embed.min.js\n<\/script>\n","thumbnail_url":"https:\/\/i0.wp.com\/minutosantafe.ar\/wp-content\/uploads\/2020\/09\/311.jpg?fit=412%2C275&ssl=1","thumbnail_width":412,"thumbnail_height":275,"description":"Se triplicaron los testeos &nbsp; La Red de Laboratorios de la Provincia triplic\u00f3 su capacidad de an\u00e1lisis de testeos de coronavirus. El director provincial de Bioqu\u00edmica del Ministerio de Salud de la provincia, Germ\u00e1n Henrich, explic\u00f3 el crecimiento y la din\u00e1mica actual de esta red en el marco de la..."}

Se triplicaron los testeos &nbsp; La Red de Laboratorios de la Provincia triplicó su capacidad de análisis de testeos de coronavirus. El director provincial de Bioquímica del Ministerio de Salud de la provincia, Germán Henrich, explicó el crecimiento y la dinámica actual de esta red en el marco de la...
