{"version":"1.0","provider_name":"MinutoSantaFe.ar","provider_url":"https:\/\/minutosantafe.ar","author_name":"Editor","author_url":"https:\/\/minutosantafe.ar\/author\/editor\/","title":"Inicio de campa\u00f1a, con alimento para la grieta - MinutoSantaFe.ar","type":"rich","width":600,"height":338,"html":"<blockquote class=\"wp-embedded-content\" data-secret=\"mBpWNL7Dvv\"><a href=\"https:\/\/minutosantafe.ar\/inicio-de-campana-con-alimento-para-la-grieta\/\">Inicio de campa\u00f1a, con alimento para la grieta<\/a><\/blockquote><iframe sandbox=\"allow-scripts\" security=\"restricted\" src=\"https:\/\/minutosantafe.ar\/inicio-de-campana-con-alimento-para-la-grieta\/embed\/#?secret=mBpWNL7Dvv\" width=\"600\" height=\"338\" title=\"\u00abInicio de campa\u00f1a, con alimento para la grieta\u00bb \u2014 MinutoSantaFe.ar\" data-secret=\"mBpWNL7Dvv\" frameborder=\"0\" marginwidth=\"0\" marginheight=\"0\" scrolling=\"no\" class=\"wp-embedded-content\"><\/iframe><script type=\"text\/javascript\">\n\/* <![CDATA[ *\/\n\/*! This file is auto-generated *\/\n!function(d,l){\"use strict\";l.querySelector&&d.addEventListener&&\"undefined\"!=typeof URL&&(d.wp=d.wp||{},d.wp.receiveEmbedMessage||(d.wp.receiveEmbedMessage=function(e){var t=e.data;if((t||t.secret||t.message||t.value)&&!\/[^a-zA-Z0-9]\/.test(t.secret)){for(var s,r,n,a=l.querySelectorAll('iframe[data-secret=\"'+t.secret+'\"]'),o=l.querySelectorAll('blockquote[data-secret=\"'+t.secret+'\"]'),c=new RegExp(\"^https?:$\",\"i\"),i=0;i<o.length;i++)o[i].style.display=\"none\";for(i=0;i<a.length;i++)s=a[i],e.source===s.contentWindow&&(s.removeAttribute(\"style\"),\"height\"===t.message?(1e3<(r=parseInt(t.value,10))?r=1e3:~~r<200&&(r=200),s.height=r):\"link\"===t.message&&(r=new URL(s.getAttribute(\"src\")),n=new URL(t.value),c.test(n.protocol))&&n.host===r.host&&l.activeElement===s&&(d.top.location.href=t.value))}},d.addEventListener(\"message\",d.wp.receiveEmbedMessage,!1),l.addEventListener(\"DOMContentLoaded\",function(){for(var e,t,s=l.querySelectorAll(\"iframe.wp-embedded-content\"),r=0;r<s.length;r++)(t=(e=s[r]).getAttribute(\"data-secret\"))||(t=Math.random().toString(36).substring(2,12),e.src+=\"#?secret=\"+t,e.setAttribute(\"data-secret\",t)),e.contentWindow.postMessage({message:\"ready\",secret:t},\"*\")},!1)))}(window,document);\n\/\/# sourceURL=https:\/\/minutosantafe.ar\/%77%70%2d%69%6e%63%6c%75%64%65%73\/js\/wp-embed.min.js\n\/* ]]> *\/\n<\/script>\n","thumbnail_url":"https:\/\/i0.wp.com\/minutosantafe.ar\/wp-content\/uploads\/2019\/03\/jaime-duran-barba-y-mauricio-macri-02102018-369104.jpg?fit=840%2C472&ssl=1","thumbnail_width":840,"thumbnail_height":472,"description":"Lo que deber\u00eda haber sido un discurso de reconocimiento de logros cosechados por \u00abel mejor equipo de los \u00faltimos 50 a\u00f1os\u00bb, se convirti\u00f3, casi, en una bater\u00eda repleta de pirotecnia contra la oposici\u00f3n. No hay nada para mostrar si se dan vuelta los bolsillos. Los tres a\u00f1os de desaciertos econ\u00f3micos..."}

Inicio de campaña, con alimento para la grieta - MinutoSantaFe.ar

<blockquote class="wp-embedded-content" data-secret="mBpWNL7Dvv"><a href="https://minutosantafe.ar/inicio-de-campana-con-alimento-para-la-grieta/">Inicio de campaña, con alimento para la grieta</a></blockquote><iframe sandbox="allow-scripts" security="restricted" src="https://minutosantafe.ar/inicio-de-campana-con-alimento-para-la-grieta/embed/#?secret=mBpWNL7Dvv" width="600" height="338" title="«Inicio de campaña, con alimento para la grieta» — MinutoSantaFe.ar" data-secret="mBpWNL7Dvv" frameborder="0" marginwidth="0" marginheight="0" scrolling="no" class="wp-embedded-content"></iframe><script type="text/javascript">
/* <![CDATA[ */
/*! This file is auto-generated */
!function(d,l){"use strict";l.querySelector&&d.addEventListener&&"undefined"!=typeof URL&&(d.wp=d.wp||{},d.wp.receiveEmbedMessage||(d.wp.receiveEmbedMessage=function(e){var t=e.data;if((t||t.secret||t.message||t.value)&&!/[^a-zA-Z0-9]/.test(t.secret)){for(var s,r,n,a=l.querySelectorAll('iframe[data-secret="'+t.secret+'"]'),o=l.querySelectorAll('blockquote[data-secret="'+t.secret+'"]'),c=new RegExp("^https?:$","i"),i=0;i<o.length;i++)o[i].style.display="none";for(i=0;i<a.length;i++)s=a[i],e.source===s.contentWindow&&(s.removeAttribute("style"),"height"===t.message?(1e3<(r=parseInt(t.value,10))?r=1e3:~~r<200&&(r=200),s.height=r):"link"===t.message&&(r=new URL(s.getAttribute("src")),n=new URL(t.value),c.test(n.protocol))&&n.host===r.host&&l.activeElement===s&&(d.top.location.href=t.value))}},d.addEventListener("message",d.wp.receiveEmbedMessage,!1),l.addEventListener("DOMContentLoaded",function(){for(var e,t,s=l.querySelectorAll("iframe.wp-embedded-content"),r=0;r<s.length;r++)(t=(e=s[r]).getAttribute("data-secret"))||(t=Math.random().toString(36).substring(2,12),e.src+="#?secret="+t,e.setAttribute("data-secret",t)),e.contentWindow.postMessage({message:"ready",secret:t},"*")},!1)))}(window,document);
//# sourceURL=https://minutosantafe.ar/%77%70%2d%69%6e%63%6c%75%64%65%73/js/wp-embed.min.js
/* ]]> */
</script>

Lo que debería haber sido un discurso de reconocimiento de logros cosechados por «el mejor equipo de los últimos 50 años», se convirtió, casi, en una batería repleta de pirotecnia contra la oposición. No hay nada para mostrar si se dan vuelta los bolsillos. Los tres años de desaciertos económicos...
