{"version":"1.0","provider_name":"MinutoSantaFe.ar","provider_url":"https:\/\/minutosantafe.ar","author_name":"Editor","author_url":"https:\/\/minutosantafe.ar\/author\/editor\/","title":"Intensifican la fiscalizaci\u00f3n de actividades exceptuadas del aislamiento - MinutoSantaFe.ar","type":"rich","width":600,"height":338,"html":"<blockquote class=\"wp-embedded-content\" data-secret=\"8yZHt7gRON\"><a href=\"https:\/\/minutosantafe.ar\/intensifican-la-fiscalizacion-de-actividades-exceptuadas-del-aislamiento\/\">Intensifican la fiscalizaci\u00f3n de actividades exceptuadas del aislamiento<\/a><\/blockquote><iframe sandbox=\"allow-scripts\" security=\"restricted\" src=\"https:\/\/minutosantafe.ar\/intensifican-la-fiscalizacion-de-actividades-exceptuadas-del-aislamiento\/embed\/#?secret=8yZHt7gRON\" width=\"600\" height=\"338\" title=\"\u00abIntensifican la fiscalizaci\u00f3n de actividades exceptuadas del aislamiento\u00bb \u2014 MinutoSantaFe.ar\" data-secret=\"8yZHt7gRON\" frameborder=\"0\" marginwidth=\"0\" marginheight=\"0\" scrolling=\"no\" class=\"wp-embedded-content\"><\/iframe><script type=\"text\/javascript\">\n\/* <![CDATA[ *\/\n\/*! This file is auto-generated *\/\n!function(d,l){\"use strict\";l.querySelector&&d.addEventListener&&\"undefined\"!=typeof URL&&(d.wp=d.wp||{},d.wp.receiveEmbedMessage||(d.wp.receiveEmbedMessage=function(e){var t=e.data;if((t||t.secret||t.message||t.value)&&!\/[^a-zA-Z0-9]\/.test(t.secret)){for(var s,r,n,a=l.querySelectorAll('iframe[data-secret=\"'+t.secret+'\"]'),o=l.querySelectorAll('blockquote[data-secret=\"'+t.secret+'\"]'),c=new RegExp(\"^https?:$\",\"i\"),i=0;i<o.length;i++)o[i].style.display=\"none\";for(i=0;i<a.length;i++)s=a[i],e.source===s.contentWindow&&(s.removeAttribute(\"style\"),\"height\"===t.message?(1e3<(r=parseInt(t.value,10))?r=1e3:~~r<200&&(r=200),s.height=r):\"link\"===t.message&&(r=new URL(s.getAttribute(\"src\")),n=new URL(t.value),c.test(n.protocol))&&n.host===r.host&&l.activeElement===s&&(d.top.location.href=t.value))}},d.addEventListener(\"message\",d.wp.receiveEmbedMessage,!1),l.addEventListener(\"DOMContentLoaded\",function(){for(var e,t,s=l.querySelectorAll(\"iframe.wp-embedded-content\"),r=0;r<s.length;r++)(t=(e=s[r]).getAttribute(\"data-secret\"))||(t=Math.random().toString(36).substring(2,12),e.src+=\"#?secret=\"+t,e.setAttribute(\"data-secret\",t)),e.contentWindow.postMessage({message:\"ready\",secret:t},\"*\")},!1)))}(window,document);\n\/\/# sourceURL=https:\/\/minutosantafe.ar\/%77%70%2d%69%6e%63%6c%75%64%65%73\/js\/wp-embed.min.js\n\/* ]]> *\/\n<\/script>\n","thumbnail_url":"https:\/\/i0.wp.com\/minutosantafe.ar\/wp-content\/uploads\/2020\/04\/2020-04-22NID_267378O_2.jpeg?fit=1200%2C675&ssl=1","thumbnail_width":1200,"thumbnail_height":675,"description":"Con el objetivo de que se cumplan los protocolos de prevenci\u00f3n, la secretar\u00eda de Trabajo de la provincia inspeccion\u00f3 empresas y supermercados. Aseguran que \u201cen general se ha notado un cumplimiento\u201d por parte del sector empresarial. El secretario de Trabajo, Empleo y Seguridad Social, Juan Pusineri, particip\u00f3 este mi\u00e9rcoles de..."}

Intensifican la fiscalización de actividades exceptuadas del aislamiento - MinutoSantaFe.ar

<blockquote class="wp-embedded-content" data-secret="8yZHt7gRON"><a href="https://minutosantafe.ar/intensifican-la-fiscalizacion-de-actividades-exceptuadas-del-aislamiento/">Intensifican la fiscalización de actividades exceptuadas del aislamiento</a></blockquote><iframe sandbox="allow-scripts" security="restricted" src="https://minutosantafe.ar/intensifican-la-fiscalizacion-de-actividades-exceptuadas-del-aislamiento/embed/#?secret=8yZHt7gRON" width="600" height="338" title="«Intensifican la fiscalización de actividades exceptuadas del aislamiento» — MinutoSantaFe.ar" data-secret="8yZHt7gRON" frameborder="0" marginwidth="0" marginheight="0" scrolling="no" class="wp-embedded-content"></iframe><script type="text/javascript">
/* <![CDATA[ */
/*! This file is auto-generated */
!function(d,l){"use strict";l.querySelector&&d.addEventListener&&"undefined"!=typeof URL&&(d.wp=d.wp||{},d.wp.receiveEmbedMessage||(d.wp.receiveEmbedMessage=function(e){var t=e.data;if((t||t.secret||t.message||t.value)&&!/[^a-zA-Z0-9]/.test(t.secret)){for(var s,r,n,a=l.querySelectorAll('iframe[data-secret="'+t.secret+'"]'),o=l.querySelectorAll('blockquote[data-secret="'+t.secret+'"]'),c=new RegExp("^https?:$","i"),i=0;i<o.length;i++)o[i].style.display="none";for(i=0;i<a.length;i++)s=a[i],e.source===s.contentWindow&&(s.removeAttribute("style"),"height"===t.message?(1e3<(r=parseInt(t.value,10))?r=1e3:~~r<200&&(r=200),s.height=r):"link"===t.message&&(r=new URL(s.getAttribute("src")),n=new URL(t.value),c.test(n.protocol))&&n.host===r.host&&l.activeElement===s&&(d.top.location.href=t.value))}},d.addEventListener("message",d.wp.receiveEmbedMessage,!1),l.addEventListener("DOMContentLoaded",function(){for(var e,t,s=l.querySelectorAll("iframe.wp-embedded-content"),r=0;r<s.length;r++)(t=(e=s[r]).getAttribute("data-secret"))||(t=Math.random().toString(36).substring(2,12),e.src+="#?secret="+t,e.setAttribute("data-secret",t)),e.contentWindow.postMessage({message:"ready",secret:t},"*")},!1)))}(window,document);
//# sourceURL=https://minutosantafe.ar/%77%70%2d%69%6e%63%6c%75%64%65%73/js/wp-embed.min.js
/* ]]> */
</script>

Con el objetivo de que se cumplan los protocolos de prevención, la secretaría de Trabajo de la provincia inspeccionó empresas y supermercados. Aseguran que “en general se ha notado un cumplimiento” por parte del sector empresarial. El secretario de Trabajo, Empleo y Seguridad Social, Juan Pusineri, participó este miércoles de...
