{"version":"1.0","provider_name":"MinutoSantaFe.ar","provider_url":"https:\/\/minutosantafe.ar","author_name":"Editor","author_url":"https:\/\/minutosantafe.ar\/author\/editor\/","title":"Internaron al Jefe de Gabinete Guillermo Francos - MinutoSantaFe.ar","type":"rich","width":600,"height":338,"html":"<blockquote class=\"wp-embedded-content\" data-secret=\"khC0CnRT59\"><a href=\"https:\/\/minutosantafe.ar\/internaron-al-jefe-de-gabinete-guillermo-francos\/\">Internaron al Jefe de Gabinete Guillermo Francos<\/a><\/blockquote><iframe sandbox=\"allow-scripts\" security=\"restricted\" src=\"https:\/\/minutosantafe.ar\/internaron-al-jefe-de-gabinete-guillermo-francos\/embed\/#?secret=khC0CnRT59\" width=\"600\" height=\"338\" title=\"\u00abInternaron al Jefe de Gabinete Guillermo Francos\u00bb \u2014 MinutoSantaFe.ar\" data-secret=\"khC0CnRT59\" frameborder=\"0\" marginwidth=\"0\" marginheight=\"0\" scrolling=\"no\" class=\"wp-embedded-content\"><\/iframe><script>\n\/*! This file is auto-generated *\/\n!function(d,l){\"use strict\";l.querySelector&&d.addEventListener&&\"undefined\"!=typeof URL&&(d.wp=d.wp||{},d.wp.receiveEmbedMessage||(d.wp.receiveEmbedMessage=function(e){var t=e.data;if((t||t.secret||t.message||t.value)&&!\/[^a-zA-Z0-9]\/.test(t.secret)){for(var s,r,n,a=l.querySelectorAll('iframe[data-secret=\"'+t.secret+'\"]'),o=l.querySelectorAll('blockquote[data-secret=\"'+t.secret+'\"]'),c=new RegExp(\"^https?:$\",\"i\"),i=0;i<o.length;i++)o[i].style.display=\"none\";for(i=0;i<a.length;i++)s=a[i],e.source===s.contentWindow&&(s.removeAttribute(\"style\"),\"height\"===t.message?(1e3<(r=parseInt(t.value,10))?r=1e3:~~r<200&&(r=200),s.height=r):\"link\"===t.message&&(r=new URL(s.getAttribute(\"src\")),n=new URL(t.value),c.test(n.protocol))&&n.host===r.host&&l.activeElement===s&&(d.top.location.href=t.value))}},d.addEventListener(\"message\",d.wp.receiveEmbedMessage,!1),l.addEventListener(\"DOMContentLoaded\",function(){for(var e,t,s=l.querySelectorAll(\"iframe.wp-embedded-content\"),r=0;r<s.length;r++)(t=(e=s[r]).getAttribute(\"data-secret\"))||(t=Math.random().toString(36).substring(2,12),e.src+=\"#?secret=\"+t,e.setAttribute(\"data-secret\",t)),e.contentWindow.postMessage({message:\"ready\",secret:t},\"*\")},!1)))}(window,document);\n\/\/# sourceURL=https:\/\/minutosantafe.ar\/%77%70%2d%69%6e%63%6c%75%64%65%73\/js\/wp-embed.min.js\n<\/script>\n","thumbnail_url":"https:\/\/minutosantafe.ar\/wp-content\/uploads\/2024\/12\/sm-francos1-271124.webp","thumbnail_width":741,"thumbnail_height":486,"description":"El jefe de Gabinete de Javier Milei fue ingresado en una cl\u00ednica porte\u00f1a para realizarse controles programados. Desde su entorno buscaron minimizar la situaci\u00f3n, aunque fuentes no oficiales mencionaron un cuadro neurol\u00f3gico m\u00e1s complejo. Guillermo Francos, jefe de Gabinete del Gobierno de Javier Milei, fue internado en una cl\u00ednica porte\u00f1a..."}

El jefe de Gabinete de Javier Milei fue ingresado en una clínica porteña para realizarse controles programados. Desde su entorno buscaron minimizar la situación, aunque fuentes no oficiales mencionaron un cuadro neurológico más complejo. Guillermo Francos, jefe de Gabinete del Gobierno de Javier Milei, fue internado en una clínica porteña...
