{"version":"1.0","provider_name":"MinutoSantaFe.ar","provider_url":"https:\/\/minutosantafe.ar","author_name":"Editor","author_url":"https:\/\/minutosantafe.ar\/author\/editor\/","title":"Internaron de urgencia a Chano en terapia intensiva - MinutoSantaFe.ar","type":"rich","width":600,"height":338,"html":"<blockquote class=\"wp-embedded-content\" data-secret=\"4Vk6Kf2JD4\"><a href=\"https:\/\/minutosantafe.ar\/internaron-de-urgencia-a-chano-en-terapia-intensiva\/\">Internaron de urgencia a Chano en terapia intensiva<\/a><\/blockquote><iframe sandbox=\"allow-scripts\" security=\"restricted\" src=\"https:\/\/minutosantafe.ar\/internaron-de-urgencia-a-chano-en-terapia-intensiva\/embed\/#?secret=4Vk6Kf2JD4\" width=\"600\" height=\"338\" title=\"\u00abInternaron de urgencia a Chano en terapia intensiva\u00bb \u2014 MinutoSantaFe.ar\" data-secret=\"4Vk6Kf2JD4\" frameborder=\"0\" marginwidth=\"0\" marginheight=\"0\" scrolling=\"no\" class=\"wp-embedded-content\"><\/iframe><script type=\"text\/javascript\">\n\/* <![CDATA[ *\/\n\/*! This file is auto-generated *\/\n!function(d,l){\"use strict\";l.querySelector&&d.addEventListener&&\"undefined\"!=typeof URL&&(d.wp=d.wp||{},d.wp.receiveEmbedMessage||(d.wp.receiveEmbedMessage=function(e){var t=e.data;if((t||t.secret||t.message||t.value)&&!\/[^a-zA-Z0-9]\/.test(t.secret)){for(var s,r,n,a=l.querySelectorAll('iframe[data-secret=\"'+t.secret+'\"]'),o=l.querySelectorAll('blockquote[data-secret=\"'+t.secret+'\"]'),c=new RegExp(\"^https?:$\",\"i\"),i=0;i<o.length;i++)o[i].style.display=\"none\";for(i=0;i<a.length;i++)s=a[i],e.source===s.contentWindow&&(s.removeAttribute(\"style\"),\"height\"===t.message?(1e3<(r=parseInt(t.value,10))?r=1e3:~~r<200&&(r=200),s.height=r):\"link\"===t.message&&(r=new URL(s.getAttribute(\"src\")),n=new URL(t.value),c.test(n.protocol))&&n.host===r.host&&l.activeElement===s&&(d.top.location.href=t.value))}},d.addEventListener(\"message\",d.wp.receiveEmbedMessage,!1),l.addEventListener(\"DOMContentLoaded\",function(){for(var e,t,s=l.querySelectorAll(\"iframe.wp-embedded-content\"),r=0;r<s.length;r++)(t=(e=s[r]).getAttribute(\"data-secret\"))||(t=Math.random().toString(36).substring(2,12),e.src+=\"#?secret=\"+t,e.setAttribute(\"data-secret\",t)),e.contentWindow.postMessage({message:\"ready\",secret:t},\"*\")},!1)))}(window,document);\n\/\/# sourceURL=https:\/\/minutosantafe.ar\/%77%70%2d%69%6e%63%6c%75%64%65%73\/js\/wp-embed.min.js\n\/* ]]> *\/\n<\/script>\n","thumbnail_url":"https:\/\/i0.wp.com\/minutosantafe.ar\/wp-content\/uploads\/2022\/05\/f1280x720-1086804_1218479_6455.jpg?fit=1280%2C720&ssl=1","thumbnail_width":1280,"thumbnail_height":720,"description":"Internaron al cantante Chano Charpentier de urgencia en terapia intensiva en el Sanatorio Otamendi. Chano Charpentier\u00a0fue internado de urgencia\u00a0en el\u00a0Sanatorio Otamendi, ya que habr\u00eda sufrido una desestabilizaci\u00f3n por su adicci\u00f3n al alcohol y a las drogas. Su estado de salud es nuevamente preocupante ante una posible nueva reca\u00edda. El cantante..."}

Internaron al cantante Chano Charpentier de urgencia en terapia intensiva en el Sanatorio Otamendi. Chano Charpentier fue internado de urgencia en el Sanatorio Otamendi, ya que habría sufrido una desestabilización por su adicción al alcohol y a las drogas. Su estado de salud es nuevamente preocupante ante una posible nueva recaída. El cantante...
