{"version":"1.0","provider_name":"MinutoSantaFe.ar","provider_url":"https:\/\/minutosantafe.ar","author_name":"Editor","author_url":"https:\/\/minutosantafe.ar\/author\/editor\/","title":"Internaron de urgencia a Juan Carlos Maqueda - MinutoSantaFe.ar","type":"rich","width":600,"height":338,"html":"<blockquote class=\"wp-embedded-content\" data-secret=\"QEsK21LFY7\"><a href=\"https:\/\/minutosantafe.ar\/internaron-de-urgencia-a-juan-carlos-maqueda\/\">Internaron de urgencia a Juan Carlos Maqueda<\/a><\/blockquote><iframe sandbox=\"allow-scripts\" security=\"restricted\" src=\"https:\/\/minutosantafe.ar\/internaron-de-urgencia-a-juan-carlos-maqueda\/embed\/#?secret=QEsK21LFY7\" width=\"600\" height=\"338\" title=\"\u00abInternaron de urgencia a Juan Carlos Maqueda\u00bb \u2014 MinutoSantaFe.ar\" data-secret=\"QEsK21LFY7\" frameborder=\"0\" marginwidth=\"0\" marginheight=\"0\" scrolling=\"no\" class=\"wp-embedded-content\"><\/iframe><script type=\"text\/javascript\">\n\/* <![CDATA[ *\/\n\/*! This file is auto-generated *\/\n!function(d,l){\"use strict\";l.querySelector&&d.addEventListener&&\"undefined\"!=typeof URL&&(d.wp=d.wp||{},d.wp.receiveEmbedMessage||(d.wp.receiveEmbedMessage=function(e){var t=e.data;if((t||t.secret||t.message||t.value)&&!\/[^a-zA-Z0-9]\/.test(t.secret)){for(var s,r,n,a=l.querySelectorAll('iframe[data-secret=\"'+t.secret+'\"]'),o=l.querySelectorAll('blockquote[data-secret=\"'+t.secret+'\"]'),c=new RegExp(\"^https?:$\",\"i\"),i=0;i<o.length;i++)o[i].style.display=\"none\";for(i=0;i<a.length;i++)s=a[i],e.source===s.contentWindow&&(s.removeAttribute(\"style\"),\"height\"===t.message?(1e3<(r=parseInt(t.value,10))?r=1e3:~~r<200&&(r=200),s.height=r):\"link\"===t.message&&(r=new URL(s.getAttribute(\"src\")),n=new URL(t.value),c.test(n.protocol))&&n.host===r.host&&l.activeElement===s&&(d.top.location.href=t.value))}},d.addEventListener(\"message\",d.wp.receiveEmbedMessage,!1),l.addEventListener(\"DOMContentLoaded\",function(){for(var e,t,s=l.querySelectorAll(\"iframe.wp-embedded-content\"),r=0;r<s.length;r++)(t=(e=s[r]).getAttribute(\"data-secret\"))||(t=Math.random().toString(36).substring(2,12),e.src+=\"#?secret=\"+t,e.setAttribute(\"data-secret\",t)),e.contentWindow.postMessage({message:\"ready\",secret:t},\"*\")},!1)))}(window,document);\n\/\/# sourceURL=https:\/\/minutosantafe.ar\/%77%70%2d%69%6e%63%6c%75%64%65%73\/js\/wp-embed.min.js\n\/* ]]> *\/\n<\/script>\n","thumbnail_url":"https:\/\/i0.wp.com\/minutosantafe.ar\/wp-content\/uploads\/2022\/01\/juan-carlos-maquedajpg.jpg?fit=730%2C730&ssl=1","thumbnail_width":730,"thumbnail_height":730,"description":"Sufri\u00f3 una descompensaci\u00f3n cuando almorzaba en un restaurante de Recoleta. Tiene antecedentes cardiacos. El ministro de la\u00a0Corte Suprema\u00a0de Justicia, Juan Carlos Masqueda, fue internado de urgencia este domingo tras sufrir una descompensaci\u00f3n card\u00edaca. El magistrado se descompuso este domingo mientras almorzaba en un restaurante del barrio porte\u00f1o de Recoleta. Permanece..."}

Sufrió una descompensación cuando almorzaba en un restaurante de Recoleta. Tiene antecedentes cardiacos. El ministro de la Corte Suprema de Justicia, Juan Carlos Masqueda, fue internado de urgencia este domingo tras sufrir una descompensación cardíaca. El magistrado se descompuso este domingo mientras almorzaba en un restaurante del barrio porteño de Recoleta. Permanece...
