{"version":"1.0","provider_name":"MinutoSantaFe.ar","provider_url":"https:\/\/minutosantafe.ar","author_name":"Editor","author_url":"https:\/\/minutosantafe.ar\/author\/editor\/","title":"Intervinieron por 90 d\u00edas el SAMCO de Rinc\u00f3n - MinutoSantaFe.ar","type":"rich","width":600,"height":338,"html":"<blockquote class=\"wp-embedded-content\" data-secret=\"pXId7suJ1x\"><a href=\"https:\/\/minutosantafe.ar\/intervinieron-por-90-dias-el-samco-de-rincon\/\">Intervinieron por 90 d\u00edas el SAMCO de Rinc\u00f3n<\/a><\/blockquote><iframe sandbox=\"allow-scripts\" security=\"restricted\" src=\"https:\/\/minutosantafe.ar\/intervinieron-por-90-dias-el-samco-de-rincon\/embed\/#?secret=pXId7suJ1x\" width=\"600\" height=\"338\" title=\"\u00abIntervinieron por 90 d\u00edas el SAMCO de Rinc\u00f3n\u00bb \u2014 MinutoSantaFe.ar\" data-secret=\"pXId7suJ1x\" frameborder=\"0\" marginwidth=\"0\" marginheight=\"0\" scrolling=\"no\" class=\"wp-embedded-content\"><\/iframe><script>\n\/*! This file is auto-generated *\/\n!function(d,l){\"use strict\";l.querySelector&&d.addEventListener&&\"undefined\"!=typeof URL&&(d.wp=d.wp||{},d.wp.receiveEmbedMessage||(d.wp.receiveEmbedMessage=function(e){var t=e.data;if((t||t.secret||t.message||t.value)&&!\/[^a-zA-Z0-9]\/.test(t.secret)){for(var s,r,n,a=l.querySelectorAll('iframe[data-secret=\"'+t.secret+'\"]'),o=l.querySelectorAll('blockquote[data-secret=\"'+t.secret+'\"]'),c=new RegExp(\"^https?:$\",\"i\"),i=0;i<o.length;i++)o[i].style.display=\"none\";for(i=0;i<a.length;i++)s=a[i],e.source===s.contentWindow&&(s.removeAttribute(\"style\"),\"height\"===t.message?(1e3<(r=parseInt(t.value,10))?r=1e3:~~r<200&&(r=200),s.height=r):\"link\"===t.message&&(r=new URL(s.getAttribute(\"src\")),n=new URL(t.value),c.test(n.protocol))&&n.host===r.host&&l.activeElement===s&&(d.top.location.href=t.value))}},d.addEventListener(\"message\",d.wp.receiveEmbedMessage,!1),l.addEventListener(\"DOMContentLoaded\",function(){for(var e,t,s=l.querySelectorAll(\"iframe.wp-embedded-content\"),r=0;r<s.length;r++)(t=(e=s[r]).getAttribute(\"data-secret\"))||(t=Math.random().toString(36).substring(2,12),e.src+=\"#?secret=\"+t,e.setAttribute(\"data-secret\",t)),e.contentWindow.postMessage({message:\"ready\",secret:t},\"*\")},!1)))}(window,document);\n\/\/# sourceURL=https:\/\/minutosantafe.ar\/%77%70%2d%69%6e%63%6c%75%64%65%73\/js\/wp-embed.min.js\n<\/script>\n","thumbnail_url":"https:\/\/minutosantafe.ar\/wp-content\/uploads\/2024\/04\/SM-samcorincon1-741x486-1.jpeg","thumbnail_width":741,"thumbnail_height":486,"description":"Fue luego de la denuncia de varias irregularidades y que apuntan al responsable del Consejo de Administraci\u00f3n. El ministerio de Salud de Santa Fe resolvi\u00f3 la intervenci\u00f3n del Samco de la ciudad de San Jos\u00e9 del Rinc\u00f3n. Lo hizo mediante la resoluci\u00f3n 707, firmada este 24 de abril por la..."}

Intervinieron por 90 días el SAMCO de Rincón - MinutoSantaFe.ar

<blockquote class="wp-embedded-content" data-secret="pXId7suJ1x"><a href="https://minutosantafe.ar/intervinieron-por-90-dias-el-samco-de-rincon/">Intervinieron por 90 días el SAMCO de Rincón</a></blockquote><iframe sandbox="allow-scripts" security="restricted" src="https://minutosantafe.ar/intervinieron-por-90-dias-el-samco-de-rincon/embed/#?secret=pXId7suJ1x" width="600" height="338" title="«Intervinieron por 90 días el SAMCO de Rincón» — MinutoSantaFe.ar" data-secret="pXId7suJ1x" frameborder="0" marginwidth="0" marginheight="0" scrolling="no" class="wp-embedded-content"></iframe><script>
/*! This file is auto-generated */
!function(d,l){"use strict";l.querySelector&&d.addEventListener&&"undefined"!=typeof URL&&(d.wp=d.wp||{},d.wp.receiveEmbedMessage||(d.wp.receiveEmbedMessage=function(e){var t=e.data;if((t||t.secret||t.message||t.value)&&!/[^a-zA-Z0-9]/.test(t.secret)){for(var s,r,n,a=l.querySelectorAll('iframe[data-secret="'+t.secret+'"]'),o=l.querySelectorAll('blockquote[data-secret="'+t.secret+'"]'),c=new RegExp("^https?:$","i"),i=0;i<o.length;i++)o[i].style.display="none";for(i=0;i<a.length;i++)s=a[i],e.source===s.contentWindow&&(s.removeAttribute("style"),"height"===t.message?(1e3<(r=parseInt(t.value,10))?r=1e3:~~r<200&&(r=200),s.height=r):"link"===t.message&&(r=new URL(s.getAttribute("src")),n=new URL(t.value),c.test(n.protocol))&&n.host===r.host&&l.activeElement===s&&(d.top.location.href=t.value))}},d.addEventListener("message",d.wp.receiveEmbedMessage,!1),l.addEventListener("DOMContentLoaded",function(){for(var e,t,s=l.querySelectorAll("iframe.wp-embedded-content"),r=0;r<s.length;r++)(t=(e=s[r]).getAttribute("data-secret"))||(t=Math.random().toString(36).substring(2,12),e.src+="#?secret="+t,e.setAttribute("data-secret",t)),e.contentWindow.postMessage({message:"ready",secret:t},"*")},!1)))}(window,document);
//# sourceURL=https://minutosantafe.ar/%77%70%2d%69%6e%63%6c%75%64%65%73/js/wp-embed.min.js
</script>

Fue luego de la denuncia de varias irregularidades y que apuntan al responsable del Consejo de Administración. El ministerio de Salud de Santa Fe resolvió la intervención del Samco de la ciudad de San José del Rincón. Lo hizo mediante la resolución 707, firmada este 24 de abril por la...
