{"version":"1.0","provider_name":"MinutoSantaFe.ar","provider_url":"https:\/\/minutosantafe.ar","author_name":"Editor","author_url":"https:\/\/minutosantafe.ar\/author\/editor\/","title":"Javkin recibi\u00f3 a dirigentes nacionales del radicalismo - MinutoSantaFe.ar","type":"rich","width":600,"height":338,"html":"<blockquote class=\"wp-embedded-content\" data-secret=\"bT4PWfKvcC\"><a href=\"https:\/\/minutosantafe.ar\/javkin-recibio-a-dirigentes-nacionales-del-radicalismo\/\">Javkin recibi\u00f3 a dirigentes nacionales del radicalismo<\/a><\/blockquote><iframe sandbox=\"allow-scripts\" security=\"restricted\" src=\"https:\/\/minutosantafe.ar\/javkin-recibio-a-dirigentes-nacionales-del-radicalismo\/embed\/#?secret=bT4PWfKvcC\" width=\"600\" height=\"338\" title=\"\u00abJavkin recibi\u00f3 a dirigentes nacionales del radicalismo\u00bb \u2014 MinutoSantaFe.ar\" data-secret=\"bT4PWfKvcC\" frameborder=\"0\" marginwidth=\"0\" marginheight=\"0\" scrolling=\"no\" class=\"wp-embedded-content\"><\/iframe><script>\n\/*! This file is auto-generated *\/\n!function(d,l){\"use strict\";l.querySelector&&d.addEventListener&&\"undefined\"!=typeof URL&&(d.wp=d.wp||{},d.wp.receiveEmbedMessage||(d.wp.receiveEmbedMessage=function(e){var t=e.data;if((t||t.secret||t.message||t.value)&&!\/[^a-zA-Z0-9]\/.test(t.secret)){for(var s,r,n,a=l.querySelectorAll('iframe[data-secret=\"'+t.secret+'\"]'),o=l.querySelectorAll('blockquote[data-secret=\"'+t.secret+'\"]'),c=new RegExp(\"^https?:$\",\"i\"),i=0;i<o.length;i++)o[i].style.display=\"none\";for(i=0;i<a.length;i++)s=a[i],e.source===s.contentWindow&&(s.removeAttribute(\"style\"),\"height\"===t.message?(1e3<(r=parseInt(t.value,10))?r=1e3:~~r<200&&(r=200),s.height=r):\"link\"===t.message&&(r=new URL(s.getAttribute(\"src\")),n=new URL(t.value),c.test(n.protocol))&&n.host===r.host&&l.activeElement===s&&(d.top.location.href=t.value))}},d.addEventListener(\"message\",d.wp.receiveEmbedMessage,!1),l.addEventListener(\"DOMContentLoaded\",function(){for(var e,t,s=l.querySelectorAll(\"iframe.wp-embedded-content\"),r=0;r<s.length;r++)(t=(e=s[r]).getAttribute(\"data-secret\"))||(t=Math.random().toString(36).substring(2,12),e.src+=\"#?secret=\"+t,e.setAttribute(\"data-secret\",t)),e.contentWindow.postMessage({message:\"ready\",secret:t},\"*\")},!1)))}(window,document);\n\/\/# sourceURL=https:\/\/minutosantafe.ar\/%77%70%2d%69%6e%63%6c%75%64%65%73\/js\/wp-embed.min.js\n<\/script>\n","thumbnail_url":"https:\/\/i0.wp.com\/minutosantafe.ar\/wp-content\/uploads\/2022\/02\/356912-ro02fo0118web.jpg?fit=960%2C640&ssl=1","thumbnail_width":960,"thumbnail_height":640,"description":"Reencuentro con caras conocidas \u00abEs gente que uno quiere mucho\u00bb, dijo el intendente. \u00abVenimos del mismo tronco, tenemos un buen di\u00e1logo\u00bb, agreg\u00f3 Gerardo Morales. Referentes nacionales del radicalismo desembarcaron ayer en Rosario para dirimir diferencias, despu\u00e9s de la ruptura del bloque en la C\u00e1mara de Diputados, y tratar de sumar..."}

Javkin recibió a dirigentes nacionales del radicalismo - MinutoSantaFe.ar

<blockquote class="wp-embedded-content" data-secret="bT4PWfKvcC"><a href="https://minutosantafe.ar/javkin-recibio-a-dirigentes-nacionales-del-radicalismo/">Javkin recibió a dirigentes nacionales del radicalismo</a></blockquote><iframe sandbox="allow-scripts" security="restricted" src="https://minutosantafe.ar/javkin-recibio-a-dirigentes-nacionales-del-radicalismo/embed/#?secret=bT4PWfKvcC" width="600" height="338" title="«Javkin recibió a dirigentes nacionales del radicalismo» — MinutoSantaFe.ar" data-secret="bT4PWfKvcC" frameborder="0" marginwidth="0" marginheight="0" scrolling="no" class="wp-embedded-content"></iframe><script>
/*! This file is auto-generated */
!function(d,l){"use strict";l.querySelector&&d.addEventListener&&"undefined"!=typeof URL&&(d.wp=d.wp||{},d.wp.receiveEmbedMessage||(d.wp.receiveEmbedMessage=function(e){var t=e.data;if((t||t.secret||t.message||t.value)&&!/[^a-zA-Z0-9]/.test(t.secret)){for(var s,r,n,a=l.querySelectorAll('iframe[data-secret="'+t.secret+'"]'),o=l.querySelectorAll('blockquote[data-secret="'+t.secret+'"]'),c=new RegExp("^https?:$","i"),i=0;i<o.length;i++)o[i].style.display="none";for(i=0;i<a.length;i++)s=a[i],e.source===s.contentWindow&&(s.removeAttribute("style"),"height"===t.message?(1e3<(r=parseInt(t.value,10))?r=1e3:~~r<200&&(r=200),s.height=r):"link"===t.message&&(r=new URL(s.getAttribute("src")),n=new URL(t.value),c.test(n.protocol))&&n.host===r.host&&l.activeElement===s&&(d.top.location.href=t.value))}},d.addEventListener("message",d.wp.receiveEmbedMessage,!1),l.addEventListener("DOMContentLoaded",function(){for(var e,t,s=l.querySelectorAll("iframe.wp-embedded-content"),r=0;r<s.length;r++)(t=(e=s[r]).getAttribute("data-secret"))||(t=Math.random().toString(36).substring(2,12),e.src+="#?secret="+t,e.setAttribute("data-secret",t)),e.contentWindow.postMessage({message:"ready",secret:t},"*")},!1)))}(window,document);
//# sourceURL=https://minutosantafe.ar/%77%70%2d%69%6e%63%6c%75%64%65%73/js/wp-embed.min.js
</script>

Reencuentro con caras conocidas «Es gente que uno quiere mucho», dijo el intendente. «Venimos del mismo tronco, tenemos un buen diálogo», agregó Gerardo Morales. Referentes nacionales del radicalismo desembarcaron ayer en Rosario para dirimir diferencias, después de la ruptura del bloque en la Cámara de Diputados, y tratar de sumar...
