{"version":"1.0","provider_name":"MinutoSantaFe.ar","provider_url":"https:\/\/minutosantafe.ar","author_name":"Editor","author_url":"https:\/\/minutosantafe.ar\/author\/editor\/","title":"La apertura importadora y la recesi\u00f3n atacan de nuevo - MinutoSantaFe.ar","type":"rich","width":600,"height":338,"html":"<blockquote class=\"wp-embedded-content\" data-secret=\"Apz8ucNDxs\"><a href=\"https:\/\/minutosantafe.ar\/la-apertura-importadora-y-la-recesion-atacan-de-nuevo\/\">La apertura importadora y la recesi\u00f3n atacan de nuevo<\/a><\/blockquote><iframe sandbox=\"allow-scripts\" security=\"restricted\" src=\"https:\/\/minutosantafe.ar\/la-apertura-importadora-y-la-recesion-atacan-de-nuevo\/embed\/#?secret=Apz8ucNDxs\" width=\"600\" height=\"338\" title=\"\u00abLa apertura importadora y la recesi\u00f3n atacan de nuevo\u00bb \u2014 MinutoSantaFe.ar\" data-secret=\"Apz8ucNDxs\" frameborder=\"0\" marginwidth=\"0\" marginheight=\"0\" scrolling=\"no\" class=\"wp-embedded-content\"><\/iframe><script type=\"text\/javascript\">\n\/* <![CDATA[ *\/\n\/*! This file is auto-generated *\/\n!function(d,l){\"use strict\";l.querySelector&&d.addEventListener&&\"undefined\"!=typeof URL&&(d.wp=d.wp||{},d.wp.receiveEmbedMessage||(d.wp.receiveEmbedMessage=function(e){var t=e.data;if((t||t.secret||t.message||t.value)&&!\/[^a-zA-Z0-9]\/.test(t.secret)){for(var s,r,n,a=l.querySelectorAll('iframe[data-secret=\"'+t.secret+'\"]'),o=l.querySelectorAll('blockquote[data-secret=\"'+t.secret+'\"]'),c=new RegExp(\"^https?:$\",\"i\"),i=0;i<o.length;i++)o[i].style.display=\"none\";for(i=0;i<a.length;i++)s=a[i],e.source===s.contentWindow&&(s.removeAttribute(\"style\"),\"height\"===t.message?(1e3<(r=parseInt(t.value,10))?r=1e3:~~r<200&&(r=200),s.height=r):\"link\"===t.message&&(r=new URL(s.getAttribute(\"src\")),n=new URL(t.value),c.test(n.protocol))&&n.host===r.host&&l.activeElement===s&&(d.top.location.href=t.value))}},d.addEventListener(\"message\",d.wp.receiveEmbedMessage,!1),l.addEventListener(\"DOMContentLoaded\",function(){for(var e,t,s=l.querySelectorAll(\"iframe.wp-embedded-content\"),r=0;r<s.length;r++)(t=(e=s[r]).getAttribute(\"data-secret\"))||(t=Math.random().toString(36).substring(2,12),e.src+=\"#?secret=\"+t,e.setAttribute(\"data-secret\",t)),e.contentWindow.postMessage({message:\"ready\",secret:t},\"*\")},!1)))}(window,document);\n\/\/# sourceURL=https:\/\/minutosantafe.ar\/%77%70%2d%69%6e%63%6c%75%64%65%73\/js\/wp-embed.min.js\n\/* ]]> *\/\n<\/script>\n","thumbnail_url":"https:\/\/minutosantafe.ar\/wp-content\/uploads\/2026\/04\/images-1-33.jpg","thumbnail_width":224,"thumbnail_height":225,"description":"La l\u00ednea blanca viene de afuera La ex Gafa anunci\u00f3 que dejar\u00e1 de fabricar heladeras en Rosario. Antes lo hizo con las cocinas. Nuevos retiros voluntarios. Electrolux dej\u00f3 de fabricar lavarropas, primero, y ahora tampoco fabricar\u00e1 heladeras.\u00a0(Imagen Web) La compa\u00f1\u00eda global Electrolux Groupo comunic\u00f3 este lunes que dejar\u00e1 de producir..."}

La apertura importadora y la recesión atacan de nuevo - MinutoSantaFe.ar

<blockquote class="wp-embedded-content" data-secret="Apz8ucNDxs"><a href="https://minutosantafe.ar/la-apertura-importadora-y-la-recesion-atacan-de-nuevo/">La apertura importadora y la recesión atacan de nuevo</a></blockquote><iframe sandbox="allow-scripts" security="restricted" src="https://minutosantafe.ar/la-apertura-importadora-y-la-recesion-atacan-de-nuevo/embed/#?secret=Apz8ucNDxs" width="600" height="338" title="«La apertura importadora y la recesión atacan de nuevo» — MinutoSantaFe.ar" data-secret="Apz8ucNDxs" frameborder="0" marginwidth="0" marginheight="0" scrolling="no" class="wp-embedded-content"></iframe><script type="text/javascript">
/* <![CDATA[ */
/*! This file is auto-generated */
!function(d,l){"use strict";l.querySelector&&d.addEventListener&&"undefined"!=typeof URL&&(d.wp=d.wp||{},d.wp.receiveEmbedMessage||(d.wp.receiveEmbedMessage=function(e){var t=e.data;if((t||t.secret||t.message||t.value)&&!/[^a-zA-Z0-9]/.test(t.secret)){for(var s,r,n,a=l.querySelectorAll('iframe[data-secret="'+t.secret+'"]'),o=l.querySelectorAll('blockquote[data-secret="'+t.secret+'"]'),c=new RegExp("^https?:$","i"),i=0;i<o.length;i++)o[i].style.display="none";for(i=0;i<a.length;i++)s=a[i],e.source===s.contentWindow&&(s.removeAttribute("style"),"height"===t.message?(1e3<(r=parseInt(t.value,10))?r=1e3:~~r<200&&(r=200),s.height=r):"link"===t.message&&(r=new URL(s.getAttribute("src")),n=new URL(t.value),c.test(n.protocol))&&n.host===r.host&&l.activeElement===s&&(d.top.location.href=t.value))}},d.addEventListener("message",d.wp.receiveEmbedMessage,!1),l.addEventListener("DOMContentLoaded",function(){for(var e,t,s=l.querySelectorAll("iframe.wp-embedded-content"),r=0;r<s.length;r++)(t=(e=s[r]).getAttribute("data-secret"))||(t=Math.random().toString(36).substring(2,12),e.src+="#?secret="+t,e.setAttribute("data-secret",t)),e.contentWindow.postMessage({message:"ready",secret:t},"*")},!1)))}(window,document);
//# sourceURL=https://minutosantafe.ar/%77%70%2d%69%6e%63%6c%75%64%65%73/js/wp-embed.min.js
/* ]]> */
</script>

La línea blanca viene de afuera La ex Gafa anunció que dejará de fabricar heladeras en Rosario. Antes lo hizo con las cocinas. Nuevos retiros voluntarios. Electrolux dejó de fabricar lavarropas, primero, y ahora tampoco fabricará heladeras. (Imagen Web) La compañía global Electrolux Groupo comunicó este lunes que dejará de producir...
