{"version":"1.0","provider_name":"MinutoSantaFe.ar","provider_url":"https:\/\/minutosantafe.ar","author_name":"Editor","author_url":"https:\/\/minutosantafe.ar\/author\/editor\/","title":"La confesi\u00f3n de Mirtha Legrand: \"No quiero que Cristina vaya presa\" - MinutoSantaFe.ar","type":"rich","width":600,"height":338,"html":"<blockquote class=\"wp-embedded-content\" data-secret=\"QhDq6gCao4\"><a href=\"https:\/\/minutosantafe.ar\/la-confesion-mirtha-legrand-no-quiero-cristina-vaya-presa\/\">La confesi\u00f3n de Mirtha Legrand: \u00abNo quiero que Cristina vaya presa\u00bb<\/a><\/blockquote><iframe sandbox=\"allow-scripts\" security=\"restricted\" src=\"https:\/\/minutosantafe.ar\/la-confesion-mirtha-legrand-no-quiero-cristina-vaya-presa\/embed\/#?secret=QhDq6gCao4\" width=\"600\" height=\"338\" title=\"\u00abLa confesi\u00f3n de Mirtha Legrand: \u00abNo quiero que Cristina vaya presa\u00bb\u00bb \u2014 MinutoSantaFe.ar\" data-secret=\"QhDq6gCao4\" frameborder=\"0\" marginwidth=\"0\" marginheight=\"0\" scrolling=\"no\" class=\"wp-embedded-content\"><\/iframe><script type=\"text\/javascript\">\n\/* <![CDATA[ *\/\n\/*! This file is auto-generated *\/\n!function(d,l){\"use strict\";l.querySelector&&d.addEventListener&&\"undefined\"!=typeof URL&&(d.wp=d.wp||{},d.wp.receiveEmbedMessage||(d.wp.receiveEmbedMessage=function(e){var t=e.data;if((t||t.secret||t.message||t.value)&&!\/[^a-zA-Z0-9]\/.test(t.secret)){for(var s,r,n,a=l.querySelectorAll('iframe[data-secret=\"'+t.secret+'\"]'),o=l.querySelectorAll('blockquote[data-secret=\"'+t.secret+'\"]'),c=new RegExp(\"^https?:$\",\"i\"),i=0;i<o.length;i++)o[i].style.display=\"none\";for(i=0;i<a.length;i++)s=a[i],e.source===s.contentWindow&&(s.removeAttribute(\"style\"),\"height\"===t.message?(1e3<(r=parseInt(t.value,10))?r=1e3:~~r<200&&(r=200),s.height=r):\"link\"===t.message&&(r=new URL(s.getAttribute(\"src\")),n=new URL(t.value),c.test(n.protocol))&&n.host===r.host&&l.activeElement===s&&(d.top.location.href=t.value))}},d.addEventListener(\"message\",d.wp.receiveEmbedMessage,!1),l.addEventListener(\"DOMContentLoaded\",function(){for(var e,t,s=l.querySelectorAll(\"iframe.wp-embedded-content\"),r=0;r<s.length;r++)(t=(e=s[r]).getAttribute(\"data-secret\"))||(t=Math.random().toString(36).substring(2,12),e.src+=\"#?secret=\"+t,e.setAttribute(\"data-secret\",t)),e.contentWindow.postMessage({message:\"ready\",secret:t},\"*\")},!1)))}(window,document);\n\/\/# sourceURL=https:\/\/minutosantafe.ar\/%77%70%2d%69%6e%63%6c%75%64%65%73\/js\/wp-embed.min.js\n\/* ]]> *\/\n<\/script>\n","thumbnail_url":"https:\/\/i0.wp.com\/minutosantafe.ar\/wp-content\/uploads\/2018\/01\/0000440948.jpg?fit=770%2C471&ssl=1","thumbnail_width":770,"thumbnail_height":471,"description":"La conductora sali\u00f3 en defensa de Macri pero revel\u00f3 su posici\u00f3n ante la situaci\u00f3n de la ex presidenta. La diva de los Almuerzos\u00a0Mirtha Legrand\u00a0estuvo como invitada en la cena ben\u00e9fica del Hospital Materno y\u00a0lanz\u00f3 una fuerte definici\u00f3n sobre la situaci\u00f3n judicial de la senadora de Unidad Ciudadana\u00a0Cristina Kirchner.\u00a0Adem\u00e1s, defendi\u00f3 a..."}

La confesión de Mirtha Legrand: "No quiero que Cristina vaya presa" - MinutoSantaFe.ar

<blockquote class="wp-embedded-content" data-secret="QhDq6gCao4"><a href="https://minutosantafe.ar/la-confesion-mirtha-legrand-no-quiero-cristina-vaya-presa/">La confesión de Mirtha Legrand: «No quiero que Cristina vaya presa»</a></blockquote><iframe sandbox="allow-scripts" security="restricted" src="https://minutosantafe.ar/la-confesion-mirtha-legrand-no-quiero-cristina-vaya-presa/embed/#?secret=QhDq6gCao4" width="600" height="338" title="«La confesión de Mirtha Legrand: «No quiero que Cristina vaya presa»» — MinutoSantaFe.ar" data-secret="QhDq6gCao4" frameborder="0" marginwidth="0" marginheight="0" scrolling="no" class="wp-embedded-content"></iframe><script type="text/javascript">
/* <![CDATA[ */
/*! This file is auto-generated */
!function(d,l){"use strict";l.querySelector&&d.addEventListener&&"undefined"!=typeof URL&&(d.wp=d.wp||{},d.wp.receiveEmbedMessage||(d.wp.receiveEmbedMessage=function(e){var t=e.data;if((t||t.secret||t.message||t.value)&&!/[^a-zA-Z0-9]/.test(t.secret)){for(var s,r,n,a=l.querySelectorAll('iframe[data-secret="'+t.secret+'"]'),o=l.querySelectorAll('blockquote[data-secret="'+t.secret+'"]'),c=new RegExp("^https?:$","i"),i=0;i<o.length;i++)o[i].style.display="none";for(i=0;i<a.length;i++)s=a[i],e.source===s.contentWindow&&(s.removeAttribute("style"),"height"===t.message?(1e3<(r=parseInt(t.value,10))?r=1e3:~~r<200&&(r=200),s.height=r):"link"===t.message&&(r=new URL(s.getAttribute("src")),n=new URL(t.value),c.test(n.protocol))&&n.host===r.host&&l.activeElement===s&&(d.top.location.href=t.value))}},d.addEventListener("message",d.wp.receiveEmbedMessage,!1),l.addEventListener("DOMContentLoaded",function(){for(var e,t,s=l.querySelectorAll("iframe.wp-embedded-content"),r=0;r<s.length;r++)(t=(e=s[r]).getAttribute("data-secret"))||(t=Math.random().toString(36).substring(2,12),e.src+="#?secret="+t,e.setAttribute("data-secret",t)),e.contentWindow.postMessage({message:"ready",secret:t},"*")},!1)))}(window,document);
//# sourceURL=https://minutosantafe.ar/%77%70%2d%69%6e%63%6c%75%64%65%73/js/wp-embed.min.js
/* ]]> */
</script>

La conductora salió en defensa de Macri pero reveló su posición ante la situación de la ex presidenta. La diva de los Almuerzos Mirtha Legrand estuvo como invitada en la cena benéfica del Hospital Materno y lanzó una fuerte definición sobre la situación judicial de la senadora de Unidad Ciudadana Cristina Kirchner. Además, defendió a...
