{"version":"1.0","provider_name":"MinutoSantaFe.ar","provider_url":"https:\/\/minutosantafe.ar","author_name":"Editor","author_url":"https:\/\/minutosantafe.ar\/author\/editor\/","title":"La justicia le pone l\u00edmite al MPA - MinutoSantaFe.ar","type":"rich","width":600,"height":338,"html":"<blockquote class=\"wp-embedded-content\" data-secret=\"JgWq2bs5Pa\"><a href=\"https:\/\/minutosantafe.ar\/la-justicia-le-pone-limite-al-mpa\/\">La justicia le pone l\u00edmite al MPA<\/a><\/blockquote><iframe sandbox=\"allow-scripts\" security=\"restricted\" src=\"https:\/\/minutosantafe.ar\/la-justicia-le-pone-limite-al-mpa\/embed\/#?secret=JgWq2bs5Pa\" width=\"600\" height=\"338\" title=\"\u00abLa justicia le pone l\u00edmite al MPA\u00bb \u2014 MinutoSantaFe.ar\" data-secret=\"JgWq2bs5Pa\" frameborder=\"0\" marginwidth=\"0\" marginheight=\"0\" scrolling=\"no\" class=\"wp-embedded-content\"><\/iframe><script type=\"text\/javascript\">\n\/* <![CDATA[ *\/\n\/*! This file is auto-generated *\/\n!function(d,l){\"use strict\";l.querySelector&&d.addEventListener&&\"undefined\"!=typeof URL&&(d.wp=d.wp||{},d.wp.receiveEmbedMessage||(d.wp.receiveEmbedMessage=function(e){var t=e.data;if((t||t.secret||t.message||t.value)&&!\/[^a-zA-Z0-9]\/.test(t.secret)){for(var s,r,n,a=l.querySelectorAll('iframe[data-secret=\"'+t.secret+'\"]'),o=l.querySelectorAll('blockquote[data-secret=\"'+t.secret+'\"]'),c=new RegExp(\"^https?:$\",\"i\"),i=0;i<o.length;i++)o[i].style.display=\"none\";for(i=0;i<a.length;i++)s=a[i],e.source===s.contentWindow&&(s.removeAttribute(\"style\"),\"height\"===t.message?(1e3<(r=parseInt(t.value,10))?r=1e3:~~r<200&&(r=200),s.height=r):\"link\"===t.message&&(r=new URL(s.getAttribute(\"src\")),n=new URL(t.value),c.test(n.protocol))&&n.host===r.host&&l.activeElement===s&&(d.top.location.href=t.value))}},d.addEventListener(\"message\",d.wp.receiveEmbedMessage,!1),l.addEventListener(\"DOMContentLoaded\",function(){for(var e,t,s=l.querySelectorAll(\"iframe.wp-embedded-content\"),r=0;r<s.length;r++)(t=(e=s[r]).getAttribute(\"data-secret\"))||(t=Math.random().toString(36).substring(2,12),e.src+=\"#?secret=\"+t,e.setAttribute(\"data-secret\",t)),e.contentWindow.postMessage({message:\"ready\",secret:t},\"*\")},!1)))}(window,document);\n\/\/# sourceURL=https:\/\/minutosantafe.ar\/%77%70%2d%69%6e%63%6c%75%64%65%73\/js\/wp-embed.min.js\n\/* ]]> *\/\n<\/script>\n","thumbnail_url":"https:\/\/minutosantafe.ar\/wp-content\/uploads\/2026\/04\/pablo-barra-absuelto.webp","thumbnail_width":642,"thumbnail_height":361,"description":"La C\u00e1mara de Apelaciones en lo Penal de Rosario confirm\u00f3 la absoluci\u00f3n de Pablo Barra en una causa por presunto abuso sexual. Emiti\u00f3 fuertes cuestionamientos al accionar del Ministerio P\u00fablico de la Acusaci\u00f3n. La\u00a0C\u00e1mara de Apelaciones en lo Penal de Rosario\u00a0confirm\u00f3 la\u00a0absoluci\u00f3n de Pablo Barra\u00a0en una causa por presunto abuso..."}

La justicia le pone límite al MPA - MinutoSantaFe.ar

<blockquote class="wp-embedded-content" data-secret="JgWq2bs5Pa"><a href="https://minutosantafe.ar/la-justicia-le-pone-limite-al-mpa/">La justicia le pone límite al MPA</a></blockquote><iframe sandbox="allow-scripts" security="restricted" src="https://minutosantafe.ar/la-justicia-le-pone-limite-al-mpa/embed/#?secret=JgWq2bs5Pa" width="600" height="338" title="«La justicia le pone límite al MPA» — MinutoSantaFe.ar" data-secret="JgWq2bs5Pa" frameborder="0" marginwidth="0" marginheight="0" scrolling="no" class="wp-embedded-content"></iframe><script type="text/javascript">
/* <![CDATA[ */
/*! This file is auto-generated */
!function(d,l){"use strict";l.querySelector&&d.addEventListener&&"undefined"!=typeof URL&&(d.wp=d.wp||{},d.wp.receiveEmbedMessage||(d.wp.receiveEmbedMessage=function(e){var t=e.data;if((t||t.secret||t.message||t.value)&&!/[^a-zA-Z0-9]/.test(t.secret)){for(var s,r,n,a=l.querySelectorAll('iframe[data-secret="'+t.secret+'"]'),o=l.querySelectorAll('blockquote[data-secret="'+t.secret+'"]'),c=new RegExp("^https?:$","i"),i=0;i<o.length;i++)o[i].style.display="none";for(i=0;i<a.length;i++)s=a[i],e.source===s.contentWindow&&(s.removeAttribute("style"),"height"===t.message?(1e3<(r=parseInt(t.value,10))?r=1e3:~~r<200&&(r=200),s.height=r):"link"===t.message&&(r=new URL(s.getAttribute("src")),n=new URL(t.value),c.test(n.protocol))&&n.host===r.host&&l.activeElement===s&&(d.top.location.href=t.value))}},d.addEventListener("message",d.wp.receiveEmbedMessage,!1),l.addEventListener("DOMContentLoaded",function(){for(var e,t,s=l.querySelectorAll("iframe.wp-embedded-content"),r=0;r<s.length;r++)(t=(e=s[r]).getAttribute("data-secret"))||(t=Math.random().toString(36).substring(2,12),e.src+="#?secret="+t,e.setAttribute("data-secret",t)),e.contentWindow.postMessage({message:"ready",secret:t},"*")},!1)))}(window,document);
//# sourceURL=https://minutosantafe.ar/%77%70%2d%69%6e%63%6c%75%64%65%73/js/wp-embed.min.js
/* ]]> */
</script>

La Cámara de Apelaciones en lo Penal de Rosario confirmó la absolución de Pablo Barra en una causa por presunto abuso sexual. Emitió fuertes cuestionamientos al accionar del Ministerio Público de la Acusación. La Cámara de Apelaciones en lo Penal de Rosario confirmó la absolución de Pablo Barra en una causa por presunto abuso...
