{"version":"1.0","provider_name":"MinutoSantaFe.ar","provider_url":"https:\/\/minutosantafe.ar","author_name":"Editor","author_url":"https:\/\/minutosantafe.ar\/author\/editor\/","title":"Antes de la marcha, advierten que se puede venir un paro nacional - MinutoSantaFe.ar","type":"rich","width":600,"height":338,"html":"<blockquote class=\"wp-embedded-content\" data-secret=\"auyBEzEwq1\"><a href=\"https:\/\/minutosantafe.ar\/la-marcha-advierten-se-puede-venir-paro-nacional\/\">Antes de la marcha, advierten que se puede venir un paro nacional<\/a><\/blockquote><iframe sandbox=\"allow-scripts\" security=\"restricted\" src=\"https:\/\/minutosantafe.ar\/la-marcha-advierten-se-puede-venir-paro-nacional\/embed\/#?secret=auyBEzEwq1\" width=\"600\" height=\"338\" title=\"\u00abAntes de la marcha, advierten que se puede venir un paro nacional\u00bb \u2014 MinutoSantaFe.ar\" data-secret=\"auyBEzEwq1\" frameborder=\"0\" marginwidth=\"0\" marginheight=\"0\" scrolling=\"no\" class=\"wp-embedded-content\"><\/iframe><script type=\"text\/javascript\">\n\/* <![CDATA[ *\/\n\/*! This file is auto-generated *\/\n!function(d,l){\"use strict\";l.querySelector&&d.addEventListener&&\"undefined\"!=typeof URL&&(d.wp=d.wp||{},d.wp.receiveEmbedMessage||(d.wp.receiveEmbedMessage=function(e){var t=e.data;if((t||t.secret||t.message||t.value)&&!\/[^a-zA-Z0-9]\/.test(t.secret)){for(var s,r,n,a=l.querySelectorAll('iframe[data-secret=\"'+t.secret+'\"]'),o=l.querySelectorAll('blockquote[data-secret=\"'+t.secret+'\"]'),c=new RegExp(\"^https?:$\",\"i\"),i=0;i<o.length;i++)o[i].style.display=\"none\";for(i=0;i<a.length;i++)s=a[i],e.source===s.contentWindow&&(s.removeAttribute(\"style\"),\"height\"===t.message?(1e3<(r=parseInt(t.value,10))?r=1e3:~~r<200&&(r=200),s.height=r):\"link\"===t.message&&(r=new URL(s.getAttribute(\"src\")),n=new URL(t.value),c.test(n.protocol))&&n.host===r.host&&l.activeElement===s&&(d.top.location.href=t.value))}},d.addEventListener(\"message\",d.wp.receiveEmbedMessage,!1),l.addEventListener(\"DOMContentLoaded\",function(){for(var e,t,s=l.querySelectorAll(\"iframe.wp-embedded-content\"),r=0;r<s.length;r++)(t=(e=s[r]).getAttribute(\"data-secret\"))||(t=Math.random().toString(36).substring(2,12),e.src+=\"#?secret=\"+t,e.setAttribute(\"data-secret\",t)),e.contentWindow.postMessage({message:\"ready\",secret:t},\"*\")},!1)))}(window,document);\n\/\/# sourceURL=https:\/\/minutosantafe.ar\/%77%70%2d%69%6e%63%6c%75%64%65%73\/js\/wp-embed.min.js\n\/* ]]> *\/\n<\/script>\n","thumbnail_url":"https:\/\/minutosantafe.ar\/%77%70%2d%63%6f%6e%74%65%6e%74\/uploads\/2020\/08\/minutologuin.png","thumbnail_width":514,"thumbnail_height":429,"description":"Mientras se aguarda una masiva movilizaci\u00f3n a la 9 de Julio, distintos sectores ya hablan de m\u00e1s medidas de acci\u00f3n directa Cuando la calle se prepara para ser el escenario de\u00a0una masiva movilizaci\u00f3n contra las pol\u00edticas econ\u00f3micas\u00a0del Gobierno nacional, los actores que participar\u00e1n de la marcha ya anticipan que\u00a0si no..."}

Mientras se aguarda una masiva movilización a la 9 de Julio, distintos sectores ya hablan de más medidas de acción directa Cuando la calle se prepara para ser el escenario de una masiva movilización contra las políticas económicas del Gobierno nacional, los actores que participarán de la marcha ya anticipan que si no...
