{"version":"1.0","provider_name":"MinutoSantaFe.ar","provider_url":"https:\/\/minutosantafe.ar","author_name":"Editor","author_url":"https:\/\/minutosantafe.ar\/author\/editor\/","title":"La pandemia no cede - MinutoSantaFe.ar","type":"rich","width":600,"height":338,"html":"<blockquote class=\"wp-embedded-content\" data-secret=\"44oMV2dhYA\"><a href=\"https:\/\/minutosantafe.ar\/la-pandemia-no-cede\/\">La pandemia no cede<\/a><\/blockquote><iframe sandbox=\"allow-scripts\" security=\"restricted\" src=\"https:\/\/minutosantafe.ar\/la-pandemia-no-cede\/embed\/#?secret=44oMV2dhYA\" width=\"600\" height=\"338\" title=\"\u00abLa pandemia no cede\u00bb \u2014 MinutoSantaFe.ar\" data-secret=\"44oMV2dhYA\" frameborder=\"0\" marginwidth=\"0\" marginheight=\"0\" scrolling=\"no\" class=\"wp-embedded-content\"><\/iframe><script type=\"text\/javascript\">\n\/* <![CDATA[ *\/\n\/*! This file is auto-generated *\/\n!function(d,l){\"use strict\";l.querySelector&&d.addEventListener&&\"undefined\"!=typeof URL&&(d.wp=d.wp||{},d.wp.receiveEmbedMessage||(d.wp.receiveEmbedMessage=function(e){var t=e.data;if((t||t.secret||t.message||t.value)&&!\/[^a-zA-Z0-9]\/.test(t.secret)){for(var s,r,n,a=l.querySelectorAll('iframe[data-secret=\"'+t.secret+'\"]'),o=l.querySelectorAll('blockquote[data-secret=\"'+t.secret+'\"]'),c=new RegExp(\"^https?:$\",\"i\"),i=0;i<o.length;i++)o[i].style.display=\"none\";for(i=0;i<a.length;i++)s=a[i],e.source===s.contentWindow&&(s.removeAttribute(\"style\"),\"height\"===t.message?(1e3<(r=parseInt(t.value,10))?r=1e3:~~r<200&&(r=200),s.height=r):\"link\"===t.message&&(r=new URL(s.getAttribute(\"src\")),n=new URL(t.value),c.test(n.protocol))&&n.host===r.host&&l.activeElement===s&&(d.top.location.href=t.value))}},d.addEventListener(\"message\",d.wp.receiveEmbedMessage,!1),l.addEventListener(\"DOMContentLoaded\",function(){for(var e,t,s=l.querySelectorAll(\"iframe.wp-embedded-content\"),r=0;r<s.length;r++)(t=(e=s[r]).getAttribute(\"data-secret\"))||(t=Math.random().toString(36).substring(2,12),e.src+=\"#?secret=\"+t,e.setAttribute(\"data-secret\",t)),e.contentWindow.postMessage({message:\"ready\",secret:t},\"*\")},!1)))}(window,document);\n\/\/# sourceURL=https:\/\/minutosantafe.ar\/%77%70%2d%69%6e%63%6c%75%64%65%73\/js\/wp-embed.min.js\n\/* ]]> *\/\n<\/script>\n","thumbnail_url":"https:\/\/i0.wp.com\/minutosantafe.ar\/wp-content\/uploads\/2020\/07\/hpr-hospital-privado-de-rosario.jpg?fit=1116%2C800&ssl=1","thumbnail_width":1116,"thumbnail_height":800,"description":"Crecen los contagios entre el personal de la salud: confirman 20 en el Hospital Privado de Rosario La mayor\u00eda, 13, son enfermeros de la instituci\u00f3n. Los restantes siete contagiados son m\u00e9dicos. Todos ellos, aseguraron desde el Grupo Gamma de medicina privada, son asintom\u00e1ticos. Agregaron que esa caracter\u00edstica facilit\u00f3 la transmisi\u00f3n..."}

Crecen los contagios entre el personal de la salud: confirman 20 en el Hospital Privado de Rosario La mayoría, 13, son enfermeros de la institución. Los restantes siete contagiados son médicos. Todos ellos, aseguraron desde el Grupo Gamma de medicina privada, son asintomáticos. Agregaron que esa característica facilitó la transmisión...
