{"version":"1.0","provider_name":"MinutoSantaFe.ar","provider_url":"https:\/\/minutosantafe.ar","author_name":"Editor","author_url":"https:\/\/minutosantafe.ar\/author\/editor\/","title":"La pelea que se viene - MinutoSantaFe.ar","type":"rich","width":600,"height":338,"html":"<blockquote class=\"wp-embedded-content\" data-secret=\"oAv6O8uICj\"><a href=\"https:\/\/minutosantafe.ar\/la-pelea-que-se-viene\/\">La pelea que se viene<\/a><\/blockquote><iframe sandbox=\"allow-scripts\" security=\"restricted\" src=\"https:\/\/minutosantafe.ar\/la-pelea-que-se-viene\/embed\/#?secret=oAv6O8uICj\" width=\"600\" height=\"338\" title=\"\u00abLa pelea que se viene\u00bb \u2014 MinutoSantaFe.ar\" data-secret=\"oAv6O8uICj\" frameborder=\"0\" marginwidth=\"0\" marginheight=\"0\" scrolling=\"no\" class=\"wp-embedded-content\"><\/iframe><script>\n\/*! This file is auto-generated *\/\n!function(d,l){\"use strict\";l.querySelector&&d.addEventListener&&\"undefined\"!=typeof URL&&(d.wp=d.wp||{},d.wp.receiveEmbedMessage||(d.wp.receiveEmbedMessage=function(e){var t=e.data;if((t||t.secret||t.message||t.value)&&!\/[^a-zA-Z0-9]\/.test(t.secret)){for(var s,r,n,a=l.querySelectorAll('iframe[data-secret=\"'+t.secret+'\"]'),o=l.querySelectorAll('blockquote[data-secret=\"'+t.secret+'\"]'),c=new RegExp(\"^https?:$\",\"i\"),i=0;i<o.length;i++)o[i].style.display=\"none\";for(i=0;i<a.length;i++)s=a[i],e.source===s.contentWindow&&(s.removeAttribute(\"style\"),\"height\"===t.message?(1e3<(r=parseInt(t.value,10))?r=1e3:~~r<200&&(r=200),s.height=r):\"link\"===t.message&&(r=new URL(s.getAttribute(\"src\")),n=new URL(t.value),c.test(n.protocol))&&n.host===r.host&&l.activeElement===s&&(d.top.location.href=t.value))}},d.addEventListener(\"message\",d.wp.receiveEmbedMessage,!1),l.addEventListener(\"DOMContentLoaded\",function(){for(var e,t,s=l.querySelectorAll(\"iframe.wp-embedded-content\"),r=0;r<s.length;r++)(t=(e=s[r]).getAttribute(\"data-secret\"))||(t=Math.random().toString(36).substring(2,12),e.src+=\"#?secret=\"+t,e.setAttribute(\"data-secret\",t)),e.contentWindow.postMessage({message:\"ready\",secret:t},\"*\")},!1)))}(window,document);\n\/\/# sourceURL=https:\/\/minutosantafe.ar\/%77%70%2d%69%6e%63%6c%75%64%65%73\/js\/wp-embed.min.js\n<\/script>\n","thumbnail_url":"https:\/\/minutosantafe.ar\/wp-content\/uploads\/2023\/03\/678540-674223-654182-46434-cristina-0-0.jpeg","thumbnail_width":960,"thumbnail_height":640,"description":"Los ins\u00f3litos agujeros de la condena a Cristina Kirchner y el problema que tendr\u00e1 Casaci\u00f3n para convalidarla Para la Casaci\u00f3n ser\u00e1 dif\u00edcil confirmar la sentencia contra la vicepresidenta que dict\u00f3 el Tribunal Oral Federal 2.\u00a0 Una red de complicidades con el macrismo y agujeros negros dif\u00edciles de explicar para el..."}

Los insólitos agujeros de la condena a Cristina Kirchner y el problema que tendrá Casación para convalidarla Para la Casación será difícil confirmar la sentencia contra la vicepresidenta que dictó el Tribunal Oral Federal 2.  Una red de complicidades con el macrismo y agujeros negros difíciles de explicar para el...
