{"version":"1.0","provider_name":"MinutoSantaFe.ar","provider_url":"https:\/\/minutosantafe.ar","author_name":"Editor","author_url":"https:\/\/minutosantafe.ar\/author\/editor\/","title":"Lanzaron la Copa Argentina en Santa Fe - MinutoSantaFe.ar","type":"rich","width":600,"height":338,"html":"<blockquote class=\"wp-embedded-content\" data-secret=\"H8j4x48qQg\"><a href=\"https:\/\/minutosantafe.ar\/lanzaron-la-copa-argentina-en-santa-fe\/\">Lanzaron la Copa Argentina en Santa Fe<\/a><\/blockquote><iframe sandbox=\"allow-scripts\" security=\"restricted\" src=\"https:\/\/minutosantafe.ar\/lanzaron-la-copa-argentina-en-santa-fe\/embed\/#?secret=H8j4x48qQg\" width=\"600\" height=\"338\" title=\"\u00abLanzaron la Copa Argentina en Santa Fe\u00bb \u2014 MinutoSantaFe.ar\" data-secret=\"H8j4x48qQg\" frameborder=\"0\" marginwidth=\"0\" marginheight=\"0\" scrolling=\"no\" class=\"wp-embedded-content\"><\/iframe><script>\n\/*! This file is auto-generated *\/\n!function(d,l){\"use strict\";l.querySelector&&d.addEventListener&&\"undefined\"!=typeof URL&&(d.wp=d.wp||{},d.wp.receiveEmbedMessage||(d.wp.receiveEmbedMessage=function(e){var t=e.data;if((t||t.secret||t.message||t.value)&&!\/[^a-zA-Z0-9]\/.test(t.secret)){for(var s,r,n,a=l.querySelectorAll('iframe[data-secret=\"'+t.secret+'\"]'),o=l.querySelectorAll('blockquote[data-secret=\"'+t.secret+'\"]'),c=new RegExp(\"^https?:$\",\"i\"),i=0;i<o.length;i++)o[i].style.display=\"none\";for(i=0;i<a.length;i++)s=a[i],e.source===s.contentWindow&&(s.removeAttribute(\"style\"),\"height\"===t.message?(1e3<(r=parseInt(t.value,10))?r=1e3:~~r<200&&(r=200),s.height=r):\"link\"===t.message&&(r=new URL(s.getAttribute(\"src\")),n=new URL(t.value),c.test(n.protocol))&&n.host===r.host&&l.activeElement===s&&(d.top.location.href=t.value))}},d.addEventListener(\"message\",d.wp.receiveEmbedMessage,!1),l.addEventListener(\"DOMContentLoaded\",function(){for(var e,t,s=l.querySelectorAll(\"iframe.wp-embedded-content\"),r=0;r<s.length;r++)(t=(e=s[r]).getAttribute(\"data-secret\"))||(t=Math.random().toString(36).substring(2,12),e.src+=\"#?secret=\"+t,e.setAttribute(\"data-secret\",t)),e.contentWindow.postMessage({message:\"ready\",secret:t},\"*\")},!1)))}(window,document);\n\/\/# sourceURL=https:\/\/minutosantafe.ar\/%77%70%2d%69%6e%63%6c%75%64%65%73\/js\/wp-embed.min.js\n<\/script>\n","thumbnail_url":"https:\/\/i0.wp.com\/minutosantafe.ar\/wp-content\/uploads\/2019\/02\/1544152590655CENTRAL2.jpg?fit=1024%2C768&ssl=1","thumbnail_width":1024,"thumbnail_height":768,"description":"En el sal\u00f3n Blanco de Casa de Gobierno se present\u00f3 este mediod\u00eda la edici\u00f3n 2019 de la Copa Argentina de F\u00fatbol. La reuni\u00f3n con los medios de comunicaci\u00f3n fue encabezada por\u00a0el ministro de Gobierno Pablo Far\u00edas; el presidente de la Federaci\u00f3n Santafesina de F\u00fatbol, Carlos Lanzaro; el director de eventos..."}

En el salón Blanco de Casa de Gobierno se presentó este mediodía la edición 2019 de la Copa Argentina de Fútbol. La reunión con los medios de comunicación fue encabezada por el ministro de Gobierno Pablo Farías; el presidente de la Federación Santafesina de Fútbol, Carlos Lanzaro; el director de eventos...
