{"version":"1.0","provider_name":"MinutoSantaFe.ar","provider_url":"https:\/\/minutosantafe.ar","author_name":"Editor","author_url":"https:\/\/minutosantafe.ar\/author\/editor\/","title":"Larreta y Bullrich miden fuerzas en plena interna opositora - MinutoSantaFe.ar","type":"rich","width":600,"height":338,"html":"<blockquote class=\"wp-embedded-content\" data-secret=\"Dc7nJnEDF1\"><a href=\"https:\/\/minutosantafe.ar\/larreta-y-bullrich-miden-fuerzas-en-plena-interna-opositora\/\">Larreta y Bullrich miden fuerzas en plena interna opositora<\/a><\/blockquote><iframe sandbox=\"allow-scripts\" security=\"restricted\" src=\"https:\/\/minutosantafe.ar\/larreta-y-bullrich-miden-fuerzas-en-plena-interna-opositora\/embed\/#?secret=Dc7nJnEDF1\" width=\"600\" height=\"338\" title=\"\u00abLarreta y Bullrich miden fuerzas en plena interna opositora\u00bb \u2014 MinutoSantaFe.ar\" data-secret=\"Dc7nJnEDF1\" frameborder=\"0\" marginwidth=\"0\" marginheight=\"0\" scrolling=\"no\" class=\"wp-embedded-content\"><\/iframe><script>\n\/*! This file is auto-generated *\/\n!function(d,l){\"use strict\";l.querySelector&&d.addEventListener&&\"undefined\"!=typeof URL&&(d.wp=d.wp||{},d.wp.receiveEmbedMessage||(d.wp.receiveEmbedMessage=function(e){var t=e.data;if((t||t.secret||t.message||t.value)&&!\/[^a-zA-Z0-9]\/.test(t.secret)){for(var s,r,n,a=l.querySelectorAll('iframe[data-secret=\"'+t.secret+'\"]'),o=l.querySelectorAll('blockquote[data-secret=\"'+t.secret+'\"]'),c=new RegExp(\"^https?:$\",\"i\"),i=0;i<o.length;i++)o[i].style.display=\"none\";for(i=0;i<a.length;i++)s=a[i],e.source===s.contentWindow&&(s.removeAttribute(\"style\"),\"height\"===t.message?(1e3<(r=parseInt(t.value,10))?r=1e3:~~r<200&&(r=200),s.height=r):\"link\"===t.message&&(r=new URL(s.getAttribute(\"src\")),n=new URL(t.value),c.test(n.protocol))&&n.host===r.host&&l.activeElement===s&&(d.top.location.href=t.value))}},d.addEventListener(\"message\",d.wp.receiveEmbedMessage,!1),l.addEventListener(\"DOMContentLoaded\",function(){for(var e,t,s=l.querySelectorAll(\"iframe.wp-embedded-content\"),r=0;r<s.length;r++)(t=(e=s[r]).getAttribute(\"data-secret\"))||(t=Math.random().toString(36).substring(2,12),e.src+=\"#?secret=\"+t,e.setAttribute(\"data-secret\",t)),e.contentWindow.postMessage({message:\"ready\",secret:t},\"*\")},!1)))}(window,document);\n\/\/# sourceURL=https:\/\/minutosantafe.ar\/%77%70%2d%69%6e%63%6c%75%64%65%73\/js\/wp-embed.min.js\n<\/script>\n","thumbnail_url":"https:\/\/i0.wp.com\/minutosantafe.ar\/wp-content\/uploads\/2022\/09\/04c0deca-1c54-445a-9049-9a6349a52cd7_16-9-discover-aspect-ratio_default_1047379.jpg?fit=1200%2C675&ssl=1","thumbnail_width":1200,"thumbnail_height":675,"description":"Bullrich tuvo una sugerente foto con Cristian Ritondo pero todav\u00eda no se avanz\u00f3 en un apoyo exclusivo entre ambos. Larreta profundiz\u00f3 los v\u00ednculos con el conurbano, tendr\u00e1 una charla con candidatos de todo el pa\u00eds y apost\u00f3 por analizar la pol\u00edtica internacional de un posible futuro gobierno. Los dos precandidatos..."}

Bullrich tuvo una sugerente foto con Cristian Ritondo pero todavía no se avanzó en un apoyo exclusivo entre ambos. Larreta profundizó los vínculos con el conurbano, tendrá una charla con candidatos de todo el país y apostó por analizar la política internacional de un posible futuro gobierno. Los dos precandidatos...
