{"version":"1.0","provider_name":"MinutoSantaFe.ar","provider_url":"https:\/\/minutosantafe.ar","author_name":"Editor","author_url":"https:\/\/minutosantafe.ar\/author\/editor\/","title":"Legislatura provincial - MinutoSantaFe.ar","type":"rich","width":600,"height":338,"html":"<blockquote class=\"wp-embedded-content\" data-secret=\"7QR7oppt5T\"><a href=\"https:\/\/minutosantafe.ar\/legislatura-provincial\/\">Legislatura provincial<\/a><\/blockquote><iframe sandbox=\"allow-scripts\" security=\"restricted\" src=\"https:\/\/minutosantafe.ar\/legislatura-provincial\/embed\/#?secret=7QR7oppt5T\" width=\"600\" height=\"338\" title=\"\u00abLegislatura provincial\u00bb \u2014 MinutoSantaFe.ar\" data-secret=\"7QR7oppt5T\" frameborder=\"0\" marginwidth=\"0\" marginheight=\"0\" scrolling=\"no\" class=\"wp-embedded-content\"><\/iframe><script>\n\/*! This file is auto-generated *\/\n!function(d,l){\"use strict\";l.querySelector&&d.addEventListener&&\"undefined\"!=typeof URL&&(d.wp=d.wp||{},d.wp.receiveEmbedMessage||(d.wp.receiveEmbedMessage=function(e){var t=e.data;if((t||t.secret||t.message||t.value)&&!\/[^a-zA-Z0-9]\/.test(t.secret)){for(var s,r,n,a=l.querySelectorAll('iframe[data-secret=\"'+t.secret+'\"]'),o=l.querySelectorAll('blockquote[data-secret=\"'+t.secret+'\"]'),c=new RegExp(\"^https?:$\",\"i\"),i=0;i<o.length;i++)o[i].style.display=\"none\";for(i=0;i<a.length;i++)s=a[i],e.source===s.contentWindow&&(s.removeAttribute(\"style\"),\"height\"===t.message?(1e3<(r=parseInt(t.value,10))?r=1e3:~~r<200&&(r=200),s.height=r):\"link\"===t.message&&(r=new URL(s.getAttribute(\"src\")),n=new URL(t.value),c.test(n.protocol))&&n.host===r.host&&l.activeElement===s&&(d.top.location.href=t.value))}},d.addEventListener(\"message\",d.wp.receiveEmbedMessage,!1),l.addEventListener(\"DOMContentLoaded\",function(){for(var e,t,s=l.querySelectorAll(\"iframe.wp-embedded-content\"),r=0;r<s.length;r++)(t=(e=s[r]).getAttribute(\"data-secret\"))||(t=Math.random().toString(36).substring(2,12),e.src+=\"#?secret=\"+t,e.setAttribute(\"data-secret\",t)),e.contentWindow.postMessage({message:\"ready\",secret:t},\"*\")},!1)))}(window,document);\n\/\/# sourceURL=https:\/\/minutosantafe.ar\/%77%70%2d%69%6e%63%6c%75%64%65%73\/js\/wp-embed.min.js\n<\/script>\n","thumbnail_url":"https:\/\/i0.wp.com\/minutosantafe.ar\/wp-content\/uploads\/2020\/06\/rubeo-luis-850x491-1.jpeg?fit=850%2C491&ssl=1","thumbnail_width":850,"thumbnail_height":491,"description":"Piden evitar la enajenaci\u00f3n de bienes de directores de Vicentin &nbsp; El presidente de la comisi\u00f3n de Seguimiento de Vicentin en la C\u00e1mara de Diputados de Santa Fe, Luis Rubeo, pidi\u00f3 este mi\u00e9rcoles que \u201cse tomen las medidas necesarias\u201d para impedir \u201cla insolvencia fraudulenta\u201d de directivos de la empresa agroexportadora,..."}

Piden evitar la enajenación de bienes de directores de Vicentin &nbsp; El presidente de la comisión de Seguimiento de Vicentin en la Cámara de Diputados de Santa Fe, Luis Rubeo, pidió este miércoles que “se tomen las medidas necesarias” para impedir “la insolvencia fraudulenta” de directivos de la empresa agroexportadora,...
