{"version":"1.0","provider_name":"MinutoSantaFe.ar","provider_url":"https:\/\/minutosantafe.ar","author_name":"Editor","author_url":"https:\/\/minutosantafe.ar\/author\/editor\/","title":"Lo mismo hicieron con Trump, Netanyahu y Kast - MinutoSantaFe.ar","type":"rich","width":600,"height":338,"html":"<blockquote class=\"wp-embedded-content\" data-secret=\"A0H22QKihU\"><a href=\"https:\/\/minutosantafe.ar\/lo-mismo-hicieron-con-trump-netanyahu-y-kast\/\">Lo mismo hicieron con Trump, Netanyahu y Kast<\/a><\/blockquote><iframe sandbox=\"allow-scripts\" security=\"restricted\" src=\"https:\/\/minutosantafe.ar\/lo-mismo-hicieron-con-trump-netanyahu-y-kast\/embed\/#?secret=A0H22QKihU\" width=\"600\" height=\"338\" title=\"\u00abLo mismo hicieron con Trump, Netanyahu y Kast\u00bb \u2014 MinutoSantaFe.ar\" data-secret=\"A0H22QKihU\" frameborder=\"0\" marginwidth=\"0\" marginheight=\"0\" scrolling=\"no\" class=\"wp-embedded-content\"><\/iframe><script type=\"text\/javascript\">\n\/* <![CDATA[ *\/\n\/*! This file is auto-generated *\/\n!function(d,l){\"use strict\";l.querySelector&&d.addEventListener&&\"undefined\"!=typeof URL&&(d.wp=d.wp||{},d.wp.receiveEmbedMessage||(d.wp.receiveEmbedMessage=function(e){var t=e.data;if((t||t.secret||t.message||t.value)&&!\/[^a-zA-Z0-9]\/.test(t.secret)){for(var s,r,n,a=l.querySelectorAll('iframe[data-secret=\"'+t.secret+'\"]'),o=l.querySelectorAll('blockquote[data-secret=\"'+t.secret+'\"]'),c=new RegExp(\"^https?:$\",\"i\"),i=0;i<o.length;i++)o[i].style.display=\"none\";for(i=0;i<a.length;i++)s=a[i],e.source===s.contentWindow&&(s.removeAttribute(\"style\"),\"height\"===t.message?(1e3<(r=parseInt(t.value,10))?r=1e3:~~r<200&&(r=200),s.height=r):\"link\"===t.message&&(r=new URL(s.getAttribute(\"src\")),n=new URL(t.value),c.test(n.protocol))&&n.host===r.host&&l.activeElement===s&&(d.top.location.href=t.value))}},d.addEventListener(\"message\",d.wp.receiveEmbedMessage,!1),l.addEventListener(\"DOMContentLoaded\",function(){for(var e,t,s=l.querySelectorAll(\"iframe.wp-embedded-content\"),r=0;r<s.length;r++)(t=(e=s[r]).getAttribute(\"data-secret\"))||(t=Math.random().toString(36).substring(2,12),e.src+=\"#?secret=\"+t,e.setAttribute(\"data-secret\",t)),e.contentWindow.postMessage({message:\"ready\",secret:t},\"*\")},!1)))}(window,document);\n\/\/# sourceURL=https:\/\/minutosantafe.ar\/%77%70%2d%69%6e%63%6c%75%64%65%73\/js\/wp-embed.min.js\n\/* ]]> *\/\n<\/script>\n","thumbnail_url":"https:\/\/minutosantafe.ar\/wp-content\/uploads\/2026\/03\/images-1-17.jpg","thumbnail_width":201,"thumbnail_height":251,"description":"Lollapalooza Chile: en pleno show de una banda proyectaron una imagen de Milei con una esv\u00e1stica en la frente Ocurri\u00f3 durante la presentaci\u00f3n del grupo local Candelabro, que interpret\u00f3 un cover del tema \u201cUltraderecha\u201d, del grupo chileno Los Prisioneros. Acompa\u00f1\u00f3 la canci\u00f3n con im\u00e1genes intervenidas de cuestionados pol\u00edticos en pantallas..."}

Lollapalooza Chile: en pleno show de una banda proyectaron una imagen de Milei con una esvástica en la frente Ocurrió durante la presentación del grupo local Candelabro, que interpretó un cover del tema “Ultraderecha”, del grupo chileno Los Prisioneros. Acompañó la canción con imágenes intervenidas de cuestionados políticos en pantallas...
