{"version":"1.0","provider_name":"MinutoSantaFe.ar","provider_url":"https:\/\/minutosantafe.ar","author_name":"Editor","author_url":"https:\/\/minutosantafe.ar\/author\/editor\/","title":"Los candidatos de Santa Fe miran Buenos Aires - MinutoSantaFe.ar","type":"rich","width":600,"height":338,"html":"<blockquote class=\"wp-embedded-content\" data-secret=\"UdOjE9KPMd\"><a href=\"https:\/\/minutosantafe.ar\/los-candidatos-de-santa-fe-miran-buenos-aires\/\">Los candidatos de Santa Fe miran Buenos Aires<\/a><\/blockquote><iframe sandbox=\"allow-scripts\" security=\"restricted\" src=\"https:\/\/minutosantafe.ar\/los-candidatos-de-santa-fe-miran-buenos-aires\/embed\/#?secret=UdOjE9KPMd\" width=\"600\" height=\"338\" title=\"\u00abLos candidatos de Santa Fe miran Buenos Aires\u00bb \u2014 MinutoSantaFe.ar\" data-secret=\"UdOjE9KPMd\" frameborder=\"0\" marginwidth=\"0\" marginheight=\"0\" scrolling=\"no\" class=\"wp-embedded-content\"><\/iframe><script type=\"text\/javascript\">\n\/* <![CDATA[ *\/\n\/*! This file is auto-generated *\/\n!function(d,l){\"use strict\";l.querySelector&&d.addEventListener&&\"undefined\"!=typeof URL&&(d.wp=d.wp||{},d.wp.receiveEmbedMessage||(d.wp.receiveEmbedMessage=function(e){var t=e.data;if((t||t.secret||t.message||t.value)&&!\/[^a-zA-Z0-9]\/.test(t.secret)){for(var s,r,n,a=l.querySelectorAll('iframe[data-secret=\"'+t.secret+'\"]'),o=l.querySelectorAll('blockquote[data-secret=\"'+t.secret+'\"]'),c=new RegExp(\"^https?:$\",\"i\"),i=0;i<o.length;i++)o[i].style.display=\"none\";for(i=0;i<a.length;i++)s=a[i],e.source===s.contentWindow&&(s.removeAttribute(\"style\"),\"height\"===t.message?(1e3<(r=parseInt(t.value,10))?r=1e3:~~r<200&&(r=200),s.height=r):\"link\"===t.message&&(r=new URL(s.getAttribute(\"src\")),n=new URL(t.value),c.test(n.protocol))&&n.host===r.host&&l.activeElement===s&&(d.top.location.href=t.value))}},d.addEventListener(\"message\",d.wp.receiveEmbedMessage,!1),l.addEventListener(\"DOMContentLoaded\",function(){for(var e,t,s=l.querySelectorAll(\"iframe.wp-embedded-content\"),r=0;r<s.length;r++)(t=(e=s[r]).getAttribute(\"data-secret\"))||(t=Math.random().toString(36).substring(2,12),e.src+=\"#?secret=\"+t,e.setAttribute(\"data-secret\",t)),e.contentWindow.postMessage({message:\"ready\",secret:t},\"*\")},!1)))}(window,document);\n\/\/# sourceURL=https:\/\/minutosantafe.ar\/%77%70%2d%69%6e%63%6c%75%64%65%73\/js\/wp-embed.min.js\n\/* ]]> *\/\n<\/script>\n","thumbnail_url":"https:\/\/minutosantafe.ar\/wp-content\/uploads\/2025\/09\/images-5.jpeg","thumbnail_width":225,"thumbnail_height":225,"description":"\u00bfUn resultado adverso de La Libertad Avanza este domingo en provincia de Buenos Aires, impulsar\u00e1 a los candidatos del peronismo santafesino para octubre? No est\u00e1 tan claro. \u201cComo condena al gobierno de (Javier) Milei, el electorado en Santa Fe podr\u00eda inclinar la balanza hacia una opci\u00f3n m\u00e1s moderada\u201d, desliza un..."}

¿Un resultado adverso de La Libertad Avanza este domingo en provincia de Buenos Aires, impulsará a los candidatos del peronismo santafesino para octubre? No está tan claro. “Como condena al gobierno de (Javier) Milei, el electorado en Santa Fe podría inclinar la balanza hacia una opción más moderada”, desliza un...
