{"version":"1.0","provider_name":"MinutoSantaFe.ar","provider_url":"https:\/\/minutosantafe.ar","author_name":"Editor","author_url":"https:\/\/minutosantafe.ar\/author\/editor\/","title":"Luego del primer encuentro designaron los primeros interlocutores - MinutoSantaFe.ar","type":"rich","width":600,"height":338,"html":"<blockquote class=\"wp-embedded-content\" data-secret=\"bULNK6RS9l\"><a href=\"https:\/\/minutosantafe.ar\/luego-del-primer-encuentro-designaron-los-primeros-interlocutores\/\">Luego del primer encuentro designaron los  primeros interlocutores<\/a><\/blockquote><iframe sandbox=\"allow-scripts\" security=\"restricted\" src=\"https:\/\/minutosantafe.ar\/luego-del-primer-encuentro-designaron-los-primeros-interlocutores\/embed\/#?secret=bULNK6RS9l\" width=\"600\" height=\"338\" title=\"\u00abLuego del primer encuentro designaron los  primeros interlocutores\u00bb \u2014 MinutoSantaFe.ar\" data-secret=\"bULNK6RS9l\" frameborder=\"0\" marginwidth=\"0\" marginheight=\"0\" scrolling=\"no\" class=\"wp-embedded-content\"><\/iframe><script>\n\/*! This file is auto-generated *\/\n!function(d,l){\"use strict\";l.querySelector&&d.addEventListener&&\"undefined\"!=typeof URL&&(d.wp=d.wp||{},d.wp.receiveEmbedMessage||(d.wp.receiveEmbedMessage=function(e){var t=e.data;if((t||t.secret||t.message||t.value)&&!\/[^a-zA-Z0-9]\/.test(t.secret)){for(var s,r,n,a=l.querySelectorAll('iframe[data-secret=\"'+t.secret+'\"]'),o=l.querySelectorAll('blockquote[data-secret=\"'+t.secret+'\"]'),c=new RegExp(\"^https?:$\",\"i\"),i=0;i<o.length;i++)o[i].style.display=\"none\";for(i=0;i<a.length;i++)s=a[i],e.source===s.contentWindow&&(s.removeAttribute(\"style\"),\"height\"===t.message?(1e3<(r=parseInt(t.value,10))?r=1e3:~~r<200&&(r=200),s.height=r):\"link\"===t.message&&(r=new URL(s.getAttribute(\"src\")),n=new URL(t.value),c.test(n.protocol))&&n.host===r.host&&l.activeElement===s&&(d.top.location.href=t.value))}},d.addEventListener(\"message\",d.wp.receiveEmbedMessage,!1),l.addEventListener(\"DOMContentLoaded\",function(){for(var e,t,s=l.querySelectorAll(\"iframe.wp-embedded-content\"),r=0;r<s.length;r++)(t=(e=s[r]).getAttribute(\"data-secret\"))||(t=Math.random().toString(36).substring(2,12),e.src+=\"#?secret=\"+t,e.setAttribute(\"data-secret\",t)),e.contentWindow.postMessage({message:\"ready\",secret:t},\"*\")},!1)))}(window,document);\n\/\/# sourceURL=https:\/\/minutosantafe.ar\/%77%70%2d%69%6e%63%6c%75%64%65%73\/js\/wp-embed.min.js\n<\/script>\n","thumbnail_url":"https:\/\/i0.wp.com\/minutosantafe.ar\/wp-content\/uploads\/2019\/10\/na03fo01_4.jpg?fit=960%2C640&ssl=1","thumbnail_width":960,"thumbnail_height":640,"description":"Macri y Fern\u00e1ndez iniciaron la agenda de la transici\u00f3n Hubo coincidencias en definir en el encuentro como positivo. El presidente electo esperar\u00e1 para revelar su gabinete, pero ya adelant\u00f3 cuatro negociadores. Con una reuni\u00f3n de una hora en la Casa Rosada, Mauricio Macri y Alberto Fern\u00e1ndez dieron inicio a la..."}

Macri y Fernández iniciaron la agenda de la transición Hubo coincidencias en definir en el encuentro como positivo. El presidente electo esperará para revelar su gabinete, pero ya adelantó cuatro negociadores. Con una reunión de una hora en la Casa Rosada, Mauricio Macri y Alberto Fernández dieron inicio a la...
