{"version":"1.0","provider_name":"MinutoSantaFe.ar","provider_url":"https:\/\/minutosantafe.ar","author_name":"Editor","author_url":"https:\/\/minutosantafe.ar\/author\/editor\/","title":"Macri amenaz\u00f3 con seguir endeudando al pa\u00eds - MinutoSantaFe.ar","type":"rich","width":600,"height":338,"html":"<blockquote class=\"wp-embedded-content\" data-secret=\"38grrZTfKz\"><a href=\"https:\/\/minutosantafe.ar\/macri-amenazo-con-seguir-endeudando-al-pais\/\">Macri amenaz\u00f3 con seguir endeudando al pa\u00eds<\/a><\/blockquote><iframe sandbox=\"allow-scripts\" security=\"restricted\" src=\"https:\/\/minutosantafe.ar\/macri-amenazo-con-seguir-endeudando-al-pais\/embed\/#?secret=38grrZTfKz\" width=\"600\" height=\"338\" title=\"\u00abMacri amenaz\u00f3 con seguir endeudando al pa\u00eds\u00bb \u2014 MinutoSantaFe.ar\" data-secret=\"38grrZTfKz\" frameborder=\"0\" marginwidth=\"0\" marginheight=\"0\" scrolling=\"no\" class=\"wp-embedded-content\"><\/iframe><script type=\"text\/javascript\">\n\/* <![CDATA[ *\/\n\/*! This file is auto-generated *\/\n!function(d,l){\"use strict\";l.querySelector&&d.addEventListener&&\"undefined\"!=typeof URL&&(d.wp=d.wp||{},d.wp.receiveEmbedMessage||(d.wp.receiveEmbedMessage=function(e){var t=e.data;if((t||t.secret||t.message||t.value)&&!\/[^a-zA-Z0-9]\/.test(t.secret)){for(var s,r,n,a=l.querySelectorAll('iframe[data-secret=\"'+t.secret+'\"]'),o=l.querySelectorAll('blockquote[data-secret=\"'+t.secret+'\"]'),c=new RegExp(\"^https?:$\",\"i\"),i=0;i<o.length;i++)o[i].style.display=\"none\";for(i=0;i<a.length;i++)s=a[i],e.source===s.contentWindow&&(s.removeAttribute(\"style\"),\"height\"===t.message?(1e3<(r=parseInt(t.value,10))?r=1e3:~~r<200&&(r=200),s.height=r):\"link\"===t.message&&(r=new URL(s.getAttribute(\"src\")),n=new URL(t.value),c.test(n.protocol))&&n.host===r.host&&l.activeElement===s&&(d.top.location.href=t.value))}},d.addEventListener(\"message\",d.wp.receiveEmbedMessage,!1),l.addEventListener(\"DOMContentLoaded\",function(){for(var e,t,s=l.querySelectorAll(\"iframe.wp-embedded-content\"),r=0;r<s.length;r++)(t=(e=s[r]).getAttribute(\"data-secret\"))||(t=Math.random().toString(36).substring(2,12),e.src+=\"#?secret=\"+t,e.setAttribute(\"data-secret\",t)),e.contentWindow.postMessage({message:\"ready\",secret:t},\"*\")},!1)))}(window,document);\n\/\/# sourceURL=https:\/\/minutosantafe.ar\/%77%70%2d%69%6e%63%6c%75%64%65%73\/js\/wp-embed.min.js\n\/* ]]> *\/\n<\/script>\n","thumbnail_url":"https:\/\/minutosantafe.ar\/%77%70%2d%63%6f%6e%74%65%6e%74\/uploads\/2020\/08\/minutologuin.png","thumbnail_width":514,"thumbnail_height":429,"description":"El actual mandatario responsabiliz\u00f3 a la gesti\u00f3n anterior por la creciente deuda y les reclam\u00f3 a los gobernadores que \u201celiminen los impuestos que cobran los servicios p\u00fablicos\u201d. Lo hizo al mismo tiempo en que Mar\u00eda Eugenia Vidal anunciaba una rebaja impositiva en la provincia de Buenos Aires. El presidente de..."}

Macri amenazó con seguir endeudando al país - MinutoSantaFe.ar

<blockquote class="wp-embedded-content" data-secret="38grrZTfKz"><a href="https://minutosantafe.ar/macri-amenazo-con-seguir-endeudando-al-pais/">Macri amenazó con seguir endeudando al país</a></blockquote><iframe sandbox="allow-scripts" security="restricted" src="https://minutosantafe.ar/macri-amenazo-con-seguir-endeudando-al-pais/embed/#?secret=38grrZTfKz" width="600" height="338" title="«Macri amenazó con seguir endeudando al país» — MinutoSantaFe.ar" data-secret="38grrZTfKz" frameborder="0" marginwidth="0" marginheight="0" scrolling="no" class="wp-embedded-content"></iframe><script type="text/javascript">
/* <![CDATA[ */
/*! This file is auto-generated */
!function(d,l){"use strict";l.querySelector&&d.addEventListener&&"undefined"!=typeof URL&&(d.wp=d.wp||{},d.wp.receiveEmbedMessage||(d.wp.receiveEmbedMessage=function(e){var t=e.data;if((t||t.secret||t.message||t.value)&&!/[^a-zA-Z0-9]/.test(t.secret)){for(var s,r,n,a=l.querySelectorAll('iframe[data-secret="'+t.secret+'"]'),o=l.querySelectorAll('blockquote[data-secret="'+t.secret+'"]'),c=new RegExp("^https?:$","i"),i=0;i<o.length;i++)o[i].style.display="none";for(i=0;i<a.length;i++)s=a[i],e.source===s.contentWindow&&(s.removeAttribute("style"),"height"===t.message?(1e3<(r=parseInt(t.value,10))?r=1e3:~~r<200&&(r=200),s.height=r):"link"===t.message&&(r=new URL(s.getAttribute("src")),n=new URL(t.value),c.test(n.protocol))&&n.host===r.host&&l.activeElement===s&&(d.top.location.href=t.value))}},d.addEventListener("message",d.wp.receiveEmbedMessage,!1),l.addEventListener("DOMContentLoaded",function(){for(var e,t,s=l.querySelectorAll("iframe.wp-embedded-content"),r=0;r<s.length;r++)(t=(e=s[r]).getAttribute("data-secret"))||(t=Math.random().toString(36).substring(2,12),e.src+="#?secret="+t,e.setAttribute("data-secret",t)),e.contentWindow.postMessage({message:"ready",secret:t},"*")},!1)))}(window,document);
//# sourceURL=https://minutosantafe.ar/%77%70%2d%69%6e%63%6c%75%64%65%73/js/wp-embed.min.js
/* ]]> */
</script>

El actual mandatario responsabilizó a la gestión anterior por la creciente deuda y les reclamó a los gobernadores que “eliminen los impuestos que cobran los servicios públicos”. Lo hizo al mismo tiempo en que María Eugenia Vidal anunciaba una rebaja impositiva en la provincia de Buenos Aires. El presidente de...
