{"version":"1.0","provider_name":"MinutoSantaFe.ar","provider_url":"https:\/\/minutosantafe.ar","author_name":"Editor","author_url":"https:\/\/minutosantafe.ar\/author\/editor\/","title":"Macri justific\u00f3 su fracaso: \"Pusieron palos en la rueda\" - MinutoSantaFe.ar","type":"rich","width":600,"height":338,"html":"<blockquote class=\"wp-embedded-content\" data-secret=\"kfxW3w8kyP\"><a href=\"https:\/\/minutosantafe.ar\/macri-justifico-su-fracaso-pusieron-palos-en-la-rueda\/\">Macri justific\u00f3 su fracaso: \u00abPusieron palos en la rueda\u00bb<\/a><\/blockquote><iframe sandbox=\"allow-scripts\" security=\"restricted\" src=\"https:\/\/minutosantafe.ar\/macri-justifico-su-fracaso-pusieron-palos-en-la-rueda\/embed\/#?secret=kfxW3w8kyP\" width=\"600\" height=\"338\" title=\"\u00abMacri justific\u00f3 su fracaso: \u00abPusieron palos en la rueda\u00bb\u00bb \u2014 MinutoSantaFe.ar\" data-secret=\"kfxW3w8kyP\" frameborder=\"0\" marginwidth=\"0\" marginheight=\"0\" scrolling=\"no\" class=\"wp-embedded-content\"><\/iframe><script>\n\/*! This file is auto-generated *\/\n!function(d,l){\"use strict\";l.querySelector&&d.addEventListener&&\"undefined\"!=typeof URL&&(d.wp=d.wp||{},d.wp.receiveEmbedMessage||(d.wp.receiveEmbedMessage=function(e){var t=e.data;if((t||t.secret||t.message||t.value)&&!\/[^a-zA-Z0-9]\/.test(t.secret)){for(var s,r,n,a=l.querySelectorAll('iframe[data-secret=\"'+t.secret+'\"]'),o=l.querySelectorAll('blockquote[data-secret=\"'+t.secret+'\"]'),c=new RegExp(\"^https?:$\",\"i\"),i=0;i<o.length;i++)o[i].style.display=\"none\";for(i=0;i<a.length;i++)s=a[i],e.source===s.contentWindow&&(s.removeAttribute(\"style\"),\"height\"===t.message?(1e3<(r=parseInt(t.value,10))?r=1e3:~~r<200&&(r=200),s.height=r):\"link\"===t.message&&(r=new URL(s.getAttribute(\"src\")),n=new URL(t.value),c.test(n.protocol))&&n.host===r.host&&l.activeElement===s&&(d.top.location.href=t.value))}},d.addEventListener(\"message\",d.wp.receiveEmbedMessage,!1),l.addEventListener(\"DOMContentLoaded\",function(){for(var e,t,s=l.querySelectorAll(\"iframe.wp-embedded-content\"),r=0;r<s.length;r++)(t=(e=s[r]).getAttribute(\"data-secret\"))||(t=Math.random().toString(36).substring(2,12),e.src+=\"#?secret=\"+t,e.setAttribute(\"data-secret\",t)),e.contentWindow.postMessage({message:\"ready\",secret:t},\"*\")},!1)))}(window,document);\n\/\/# sourceURL=https:\/\/minutosantafe.ar\/%77%70%2d%69%6e%63%6c%75%64%65%73\/js\/wp-embed.min.js\n<\/script>\n","thumbnail_url":"https:\/\/i0.wp.com\/minutosantafe.ar\/wp-content\/uploads\/2019\/12\/1575756971754.jpg?fit=790%2C444&ssl=1","thumbnail_width":790,"thumbnail_height":444,"description":"El presidente se despidi\u00f3 de sus seguidores, dijo que har\u00e1n una oposici\u00f3n responsable y pidi\u00f3 a los j\u00f3venes expresarse. El presidente Mauricio Macri se despidi\u00f3 de sus simpatizantes con un discurso en que justific\u00f3 su fracaso pol\u00edtico al acusar que durante su gobierno pusieron \u00abpalos en la rueda\u00bb, pero sin..."}

Macri justificó su fracaso: "Pusieron palos en la rueda" - MinutoSantaFe.ar

<blockquote class="wp-embedded-content" data-secret="kfxW3w8kyP"><a href="https://minutosantafe.ar/macri-justifico-su-fracaso-pusieron-palos-en-la-rueda/">Macri justificó su fracaso: «Pusieron palos en la rueda»</a></blockquote><iframe sandbox="allow-scripts" security="restricted" src="https://minutosantafe.ar/macri-justifico-su-fracaso-pusieron-palos-en-la-rueda/embed/#?secret=kfxW3w8kyP" width="600" height="338" title="«Macri justificó su fracaso: «Pusieron palos en la rueda»» — MinutoSantaFe.ar" data-secret="kfxW3w8kyP" frameborder="0" marginwidth="0" marginheight="0" scrolling="no" class="wp-embedded-content"></iframe><script>
/*! This file is auto-generated */
!function(d,l){"use strict";l.querySelector&&d.addEventListener&&"undefined"!=typeof URL&&(d.wp=d.wp||{},d.wp.receiveEmbedMessage||(d.wp.receiveEmbedMessage=function(e){var t=e.data;if((t||t.secret||t.message||t.value)&&!/[^a-zA-Z0-9]/.test(t.secret)){for(var s,r,n,a=l.querySelectorAll('iframe[data-secret="'+t.secret+'"]'),o=l.querySelectorAll('blockquote[data-secret="'+t.secret+'"]'),c=new RegExp("^https?:$","i"),i=0;i<o.length;i++)o[i].style.display="none";for(i=0;i<a.length;i++)s=a[i],e.source===s.contentWindow&&(s.removeAttribute("style"),"height"===t.message?(1e3<(r=parseInt(t.value,10))?r=1e3:~~r<200&&(r=200),s.height=r):"link"===t.message&&(r=new URL(s.getAttribute("src")),n=new URL(t.value),c.test(n.protocol))&&n.host===r.host&&l.activeElement===s&&(d.top.location.href=t.value))}},d.addEventListener("message",d.wp.receiveEmbedMessage,!1),l.addEventListener("DOMContentLoaded",function(){for(var e,t,s=l.querySelectorAll("iframe.wp-embedded-content"),r=0;r<s.length;r++)(t=(e=s[r]).getAttribute("data-secret"))||(t=Math.random().toString(36).substring(2,12),e.src+="#?secret="+t,e.setAttribute("data-secret",t)),e.contentWindow.postMessage({message:"ready",secret:t},"*")},!1)))}(window,document);
//# sourceURL=https://minutosantafe.ar/%77%70%2d%69%6e%63%6c%75%64%65%73/js/wp-embed.min.js
</script>

El presidente se despidió de sus seguidores, dijo que harán una oposición responsable y pidió a los jóvenes expresarse. El presidente Mauricio Macri se despidió de sus simpatizantes con un discurso en que justificó su fracaso político al acusar que durante su gobierno pusieron «palos en la rueda», pero sin...
