{"version":"1.0","provider_name":"MinutoSantaFe.ar","provider_url":"https:\/\/minutosantafe.ar","author_name":"Editor","author_url":"https:\/\/minutosantafe.ar\/author\/editor\/","title":"Manguel explot\u00f3 por la muerte de Nisman: \"Infeliz\" - MinutoSantaFe.ar","type":"rich","width":600,"height":338,"html":"<blockquote class=\"wp-embedded-content\" data-secret=\"34n9FK8krk\"><a href=\"https:\/\/minutosantafe.ar\/manguel-exploto-por-la-muerte-de-nisman-infeliz\/\">Manguel explot\u00f3 por la muerte de Nisman: \u00abInfeliz\u00bb<\/a><\/blockquote><iframe sandbox=\"allow-scripts\" security=\"restricted\" src=\"https:\/\/minutosantafe.ar\/manguel-exploto-por-la-muerte-de-nisman-infeliz\/embed\/#?secret=34n9FK8krk\" width=\"600\" height=\"338\" title=\"\u00abManguel explot\u00f3 por la muerte de Nisman: \u00abInfeliz\u00bb\u00bb \u2014 MinutoSantaFe.ar\" data-secret=\"34n9FK8krk\" frameborder=\"0\" marginwidth=\"0\" marginheight=\"0\" scrolling=\"no\" class=\"wp-embedded-content\"><\/iframe><script type=\"text\/javascript\">\n\/* <![CDATA[ *\/\n\/*! This file is auto-generated *\/\n!function(d,l){\"use strict\";l.querySelector&&d.addEventListener&&\"undefined\"!=typeof URL&&(d.wp=d.wp||{},d.wp.receiveEmbedMessage||(d.wp.receiveEmbedMessage=function(e){var t=e.data;if((t||t.secret||t.message||t.value)&&!\/[^a-zA-Z0-9]\/.test(t.secret)){for(var s,r,n,a=l.querySelectorAll('iframe[data-secret=\"'+t.secret+'\"]'),o=l.querySelectorAll('blockquote[data-secret=\"'+t.secret+'\"]'),c=new RegExp(\"^https?:$\",\"i\"),i=0;i<o.length;i++)o[i].style.display=\"none\";for(i=0;i<a.length;i++)s=a[i],e.source===s.contentWindow&&(s.removeAttribute(\"style\"),\"height\"===t.message?(1e3<(r=parseInt(t.value,10))?r=1e3:~~r<200&&(r=200),s.height=r):\"link\"===t.message&&(r=new URL(s.getAttribute(\"src\")),n=new URL(t.value),c.test(n.protocol))&&n.host===r.host&&l.activeElement===s&&(d.top.location.href=t.value))}},d.addEventListener(\"message\",d.wp.receiveEmbedMessage,!1),l.addEventListener(\"DOMContentLoaded\",function(){for(var e,t,s=l.querySelectorAll(\"iframe.wp-embedded-content\"),r=0;r<s.length;r++)(t=(e=s[r]).getAttribute(\"data-secret\"))||(t=Math.random().toString(36).substring(2,12),e.src+=\"#?secret=\"+t,e.setAttribute(\"data-secret\",t)),e.contentWindow.postMessage({message:\"ready\",secret:t},\"*\")},!1)))}(window,document);\n\/\/# sourceURL=https:\/\/minutosantafe.ar\/%77%70%2d%69%6e%63%6c%75%64%65%73\/js\/wp-embed.min.js\n\/* ]]> *\/\n<\/script>\n","thumbnail_url":"https:\/\/i0.wp.com\/minutosantafe.ar\/wp-content\/uploads\/2020\/01\/1558106318033.jpg?fit=770%2C471&ssl=1","thumbnail_width":770,"thumbnail_height":471,"description":"La panelista de Animales Sueltos se molest\u00f3 por un comentario que le hicieron en las redes sociales y sent\u00f3 posici\u00f3n. La panelista de Animales Sueltos Romina Manguel se cruz\u00f3 por la red social Twitter por la muerte del fiscal Alberto Nisman con un usuario que la acus\u00f3 de \u00abrobar\u00bb con..."}

Manguel explotó por la muerte de Nisman: "Infeliz" - MinutoSantaFe.ar

<blockquote class="wp-embedded-content" data-secret="34n9FK8krk"><a href="https://minutosantafe.ar/manguel-exploto-por-la-muerte-de-nisman-infeliz/">Manguel explotó por la muerte de Nisman: «Infeliz»</a></blockquote><iframe sandbox="allow-scripts" security="restricted" src="https://minutosantafe.ar/manguel-exploto-por-la-muerte-de-nisman-infeliz/embed/#?secret=34n9FK8krk" width="600" height="338" title="«Manguel explotó por la muerte de Nisman: «Infeliz»» — MinutoSantaFe.ar" data-secret="34n9FK8krk" frameborder="0" marginwidth="0" marginheight="0" scrolling="no" class="wp-embedded-content"></iframe><script type="text/javascript">
/* <![CDATA[ */
/*! This file is auto-generated */
!function(d,l){"use strict";l.querySelector&&d.addEventListener&&"undefined"!=typeof URL&&(d.wp=d.wp||{},d.wp.receiveEmbedMessage||(d.wp.receiveEmbedMessage=function(e){var t=e.data;if((t||t.secret||t.message||t.value)&&!/[^a-zA-Z0-9]/.test(t.secret)){for(var s,r,n,a=l.querySelectorAll('iframe[data-secret="'+t.secret+'"]'),o=l.querySelectorAll('blockquote[data-secret="'+t.secret+'"]'),c=new RegExp("^https?:$","i"),i=0;i<o.length;i++)o[i].style.display="none";for(i=0;i<a.length;i++)s=a[i],e.source===s.contentWindow&&(s.removeAttribute("style"),"height"===t.message?(1e3<(r=parseInt(t.value,10))?r=1e3:~~r<200&&(r=200),s.height=r):"link"===t.message&&(r=new URL(s.getAttribute("src")),n=new URL(t.value),c.test(n.protocol))&&n.host===r.host&&l.activeElement===s&&(d.top.location.href=t.value))}},d.addEventListener("message",d.wp.receiveEmbedMessage,!1),l.addEventListener("DOMContentLoaded",function(){for(var e,t,s=l.querySelectorAll("iframe.wp-embedded-content"),r=0;r<s.length;r++)(t=(e=s[r]).getAttribute("data-secret"))||(t=Math.random().toString(36).substring(2,12),e.src+="#?secret="+t,e.setAttribute("data-secret",t)),e.contentWindow.postMessage({message:"ready",secret:t},"*")},!1)))}(window,document);
//# sourceURL=https://minutosantafe.ar/%77%70%2d%69%6e%63%6c%75%64%65%73/js/wp-embed.min.js
/* ]]> */
</script>

La panelista de Animales Sueltos se molestó por un comentario que le hicieron en las redes sociales y sentó posición. La panelista de Animales Sueltos Romina Manguel se cruzó por la red social Twitter por la muerte del fiscal Alberto Nisman con un usuario que la acusó de «robar» con...
