{"version":"1.0","provider_name":"MinutoSantaFe.ar","provider_url":"https:\/\/minutosantafe.ar","author_name":"Editor","author_url":"https:\/\/minutosantafe.ar\/author\/editor\/","title":"Michetti tuvo un exabrupto por el conflicto entre Israel y Palestina - MinutoSantaFe.ar","type":"rich","width":600,"height":338,"html":"<blockquote class=\"wp-embedded-content\" data-secret=\"UGmeWtV8lo\"><a href=\"https:\/\/minutosantafe.ar\/michetti-tuvo-exabrupto-conflicto-israel-palestina\/\">Michetti tuvo un exabrupto por el conflicto entre Israel y Palestina<\/a><\/blockquote><iframe sandbox=\"allow-scripts\" security=\"restricted\" src=\"https:\/\/minutosantafe.ar\/michetti-tuvo-exabrupto-conflicto-israel-palestina\/embed\/#?secret=UGmeWtV8lo\" width=\"600\" height=\"338\" title=\"\u00abMichetti tuvo un exabrupto por el conflicto entre Israel y Palestina\u00bb \u2014 MinutoSantaFe.ar\" data-secret=\"UGmeWtV8lo\" frameborder=\"0\" marginwidth=\"0\" marginheight=\"0\" scrolling=\"no\" class=\"wp-embedded-content\"><\/iframe><script type=\"text\/javascript\">\n\/* <![CDATA[ *\/\n\/*! This file is auto-generated *\/\n!function(d,l){\"use strict\";l.querySelector&&d.addEventListener&&\"undefined\"!=typeof URL&&(d.wp=d.wp||{},d.wp.receiveEmbedMessage||(d.wp.receiveEmbedMessage=function(e){var t=e.data;if((t||t.secret||t.message||t.value)&&!\/[^a-zA-Z0-9]\/.test(t.secret)){for(var s,r,n,a=l.querySelectorAll('iframe[data-secret=\"'+t.secret+'\"]'),o=l.querySelectorAll('blockquote[data-secret=\"'+t.secret+'\"]'),c=new RegExp(\"^https?:$\",\"i\"),i=0;i<o.length;i++)o[i].style.display=\"none\";for(i=0;i<a.length;i++)s=a[i],e.source===s.contentWindow&&(s.removeAttribute(\"style\"),\"height\"===t.message?(1e3<(r=parseInt(t.value,10))?r=1e3:~~r<200&&(r=200),s.height=r):\"link\"===t.message&&(r=new URL(s.getAttribute(\"src\")),n=new URL(t.value),c.test(n.protocol))&&n.host===r.host&&l.activeElement===s&&(d.top.location.href=t.value))}},d.addEventListener(\"message\",d.wp.receiveEmbedMessage,!1),l.addEventListener(\"DOMContentLoaded\",function(){for(var e,t,s=l.querySelectorAll(\"iframe.wp-embedded-content\"),r=0;r<s.length;r++)(t=(e=s[r]).getAttribute(\"data-secret\"))||(t=Math.random().toString(36).substring(2,12),e.src+=\"#?secret=\"+t,e.setAttribute(\"data-secret\",t)),e.contentWindow.postMessage({message:\"ready\",secret:t},\"*\")},!1)))}(window,document);\n\/\/# sourceURL=https:\/\/minutosantafe.ar\/%77%70%2d%69%6e%63%6c%75%64%65%73\/js\/wp-embed.min.js\n\/* ]]> *\/\n<\/script>\n","thumbnail_url":"https:\/\/i0.wp.com\/minutosantafe.ar\/wp-content\/uploads\/2018\/01\/0028437163.jpg?fit=1140%2C640&ssl=1","thumbnail_width":1140,"thumbnail_height":640,"description":"Desde su cuenta de Twitter, la vicepresidenta poste\u00f3 una foto con un comentario sobre la Abad\u00eda de la Dormici\u00f3n de la Virgen Mar\u00eda. La vicepresidenta\u00a0Gabriela Michetti\u00a0se agreg\u00f3 una nueva declaraci\u00f3n pol\u00e9mica. Esta vez fue desde su cuenta de Twitter al catalogar como parte de\u00a0Israel\u00a0un lugar que se encuentra en la..."}

Desde su cuenta de Twitter, la vicepresidenta posteó una foto con un comentario sobre la Abadía de la Dormición de la Virgen María. La vicepresidenta Gabriela Michetti se agregó una nueva declaración polémica. Esta vez fue desde su cuenta de Twitter al catalogar como parte de Israel un lugar que se encuentra en la...
