{"version":"1.0","provider_name":"MinutoSantaFe.ar","provider_url":"https:\/\/minutosantafe.ar","author_name":"Editor","author_url":"https:\/\/minutosantafe.ar\/author\/editor\/","title":"Miles de juje\u00f1os pidieron libertad por Milagro Sala - MinutoSantaFe.ar","type":"rich","width":600,"height":338,"html":"<blockquote class=\"wp-embedded-content\" data-secret=\"sCxNgpoUjQ\"><a href=\"https:\/\/minutosantafe.ar\/miles-de-jujenos-pidieron-libertad-por-milagro-sala\/\">Miles de juje\u00f1os pidieron libertad por Milagro Sala<\/a><\/blockquote><iframe sandbox=\"allow-scripts\" security=\"restricted\" src=\"https:\/\/minutosantafe.ar\/miles-de-jujenos-pidieron-libertad-por-milagro-sala\/embed\/#?secret=sCxNgpoUjQ\" width=\"600\" height=\"338\" title=\"\u00abMiles de juje\u00f1os pidieron libertad por Milagro Sala\u00bb \u2014 MinutoSantaFe.ar\" data-secret=\"sCxNgpoUjQ\" frameborder=\"0\" marginwidth=\"0\" marginheight=\"0\" scrolling=\"no\" class=\"wp-embedded-content\"><\/iframe><script type=\"text\/javascript\">\n\/* <![CDATA[ *\/\n\/*! This file is auto-generated *\/\n!function(d,l){\"use strict\";l.querySelector&&d.addEventListener&&\"undefined\"!=typeof URL&&(d.wp=d.wp||{},d.wp.receiveEmbedMessage||(d.wp.receiveEmbedMessage=function(e){var t=e.data;if((t||t.secret||t.message||t.value)&&!\/[^a-zA-Z0-9]\/.test(t.secret)){for(var s,r,n,a=l.querySelectorAll('iframe[data-secret=\"'+t.secret+'\"]'),o=l.querySelectorAll('blockquote[data-secret=\"'+t.secret+'\"]'),c=new RegExp(\"^https?:$\",\"i\"),i=0;i<o.length;i++)o[i].style.display=\"none\";for(i=0;i<a.length;i++)s=a[i],e.source===s.contentWindow&&(s.removeAttribute(\"style\"),\"height\"===t.message?(1e3<(r=parseInt(t.value,10))?r=1e3:~~r<200&&(r=200),s.height=r):\"link\"===t.message&&(r=new URL(s.getAttribute(\"src\")),n=new URL(t.value),c.test(n.protocol))&&n.host===r.host&&l.activeElement===s&&(d.top.location.href=t.value))}},d.addEventListener(\"message\",d.wp.receiveEmbedMessage,!1),l.addEventListener(\"DOMContentLoaded\",function(){for(var e,t,s=l.querySelectorAll(\"iframe.wp-embedded-content\"),r=0;r<s.length;r++)(t=(e=s[r]).getAttribute(\"data-secret\"))||(t=Math.random().toString(36).substring(2,12),e.src+=\"#?secret=\"+t,e.setAttribute(\"data-secret\",t)),e.contentWindow.postMessage({message:\"ready\",secret:t},\"*\")},!1)))}(window,document);\n\/\/# sourceURL=https:\/\/minutosantafe.ar\/%77%70%2d%69%6e%63%6c%75%64%65%73\/js\/wp-embed.min.js\n\/* ]]> *\/\n<\/script>\n","thumbnail_url":"https:\/\/i0.wp.com\/minutosantafe.ar\/wp-content\/uploads\/2021\/01\/6bc2b745d82ef00ae54f43482241c9b7_MAIN.jpg?fit=730%2C487&ssl=1","thumbnail_width":730,"thumbnail_height":487,"description":"Al cumplirse cinco a\u00f1os de su detenci\u00f3n, diversas organizaciones marcharon desde distintos puntos del pa\u00eds para pedir por la liberaci\u00f3n de la dirigente. Tambi\u00e9n en la Ciudad de Buenos Aires y en la provincia se march\u00f3. \u00abLa Tupac se encuentra con el mismo esp\u00edritu de lucha\u00bb, dijo el marido de..."}

Miles de jujeños pidieron libertad por Milagro Sala - MinutoSantaFe.ar

<blockquote class="wp-embedded-content" data-secret="sCxNgpoUjQ"><a href="https://minutosantafe.ar/miles-de-jujenos-pidieron-libertad-por-milagro-sala/">Miles de jujeños pidieron libertad por Milagro Sala</a></blockquote><iframe sandbox="allow-scripts" security="restricted" src="https://minutosantafe.ar/miles-de-jujenos-pidieron-libertad-por-milagro-sala/embed/#?secret=sCxNgpoUjQ" width="600" height="338" title="«Miles de jujeños pidieron libertad por Milagro Sala» — MinutoSantaFe.ar" data-secret="sCxNgpoUjQ" frameborder="0" marginwidth="0" marginheight="0" scrolling="no" class="wp-embedded-content"></iframe><script type="text/javascript">
/* <![CDATA[ */
/*! This file is auto-generated */
!function(d,l){"use strict";l.querySelector&&d.addEventListener&&"undefined"!=typeof URL&&(d.wp=d.wp||{},d.wp.receiveEmbedMessage||(d.wp.receiveEmbedMessage=function(e){var t=e.data;if((t||t.secret||t.message||t.value)&&!/[^a-zA-Z0-9]/.test(t.secret)){for(var s,r,n,a=l.querySelectorAll('iframe[data-secret="'+t.secret+'"]'),o=l.querySelectorAll('blockquote[data-secret="'+t.secret+'"]'),c=new RegExp("^https?:$","i"),i=0;i<o.length;i++)o[i].style.display="none";for(i=0;i<a.length;i++)s=a[i],e.source===s.contentWindow&&(s.removeAttribute("style"),"height"===t.message?(1e3<(r=parseInt(t.value,10))?r=1e3:~~r<200&&(r=200),s.height=r):"link"===t.message&&(r=new URL(s.getAttribute("src")),n=new URL(t.value),c.test(n.protocol))&&n.host===r.host&&l.activeElement===s&&(d.top.location.href=t.value))}},d.addEventListener("message",d.wp.receiveEmbedMessage,!1),l.addEventListener("DOMContentLoaded",function(){for(var e,t,s=l.querySelectorAll("iframe.wp-embedded-content"),r=0;r<s.length;r++)(t=(e=s[r]).getAttribute("data-secret"))||(t=Math.random().toString(36).substring(2,12),e.src+="#?secret="+t,e.setAttribute("data-secret",t)),e.contentWindow.postMessage({message:"ready",secret:t},"*")},!1)))}(window,document);
//# sourceURL=https://minutosantafe.ar/%77%70%2d%69%6e%63%6c%75%64%65%73/js/wp-embed.min.js
/* ]]> */
</script>

Al cumplirse cinco años de su detención, diversas organizaciones marcharon desde distintos puntos del país para pedir por la liberación de la dirigente. También en la Ciudad de Buenos Aires y en la provincia se marchó. «La Tupac se encuentra con el mismo espíritu de lucha», dijo el marido de...
