{"version":"1.0","provider_name":"MinutoSantaFe.ar","provider_url":"https:\/\/minutosantafe.ar","author_name":"Editor","author_url":"https:\/\/minutosantafe.ar\/author\/editor\/","title":"MURIO EN SU CASA A LOS 79 A\u00d1OS - MinutoSantaFe.ar","type":"rich","width":600,"height":338,"html":"<blockquote class=\"wp-embedded-content\" data-secret=\"Te7NOvM1N6\"><a href=\"https:\/\/minutosantafe.ar\/murio-en-su-casa-a-los-79-anos\/\">MURIO EN SU CASA A LOS 79 A\u00d1OS<\/a><\/blockquote><iframe sandbox=\"allow-scripts\" security=\"restricted\" src=\"https:\/\/minutosantafe.ar\/murio-en-su-casa-a-los-79-anos\/embed\/#?secret=Te7NOvM1N6\" width=\"600\" height=\"338\" title=\"\u00abMURIO EN SU CASA A LOS 79 A\u00d1OS\u00bb \u2014 MinutoSantaFe.ar\" data-secret=\"Te7NOvM1N6\" frameborder=\"0\" marginwidth=\"0\" marginheight=\"0\" scrolling=\"no\" class=\"wp-embedded-content\"><\/iframe><script type=\"text\/javascript\">\n\/* <![CDATA[ *\/\n\/*! This file is auto-generated *\/\n!function(d,l){\"use strict\";l.querySelector&&d.addEventListener&&\"undefined\"!=typeof URL&&(d.wp=d.wp||{},d.wp.receiveEmbedMessage||(d.wp.receiveEmbedMessage=function(e){var t=e.data;if((t||t.secret||t.message||t.value)&&!\/[^a-zA-Z0-9]\/.test(t.secret)){for(var s,r,n,a=l.querySelectorAll('iframe[data-secret=\"'+t.secret+'\"]'),o=l.querySelectorAll('blockquote[data-secret=\"'+t.secret+'\"]'),c=new RegExp(\"^https?:$\",\"i\"),i=0;i<o.length;i++)o[i].style.display=\"none\";for(i=0;i<a.length;i++)s=a[i],e.source===s.contentWindow&&(s.removeAttribute(\"style\"),\"height\"===t.message?(1e3<(r=parseInt(t.value,10))?r=1e3:~~r<200&&(r=200),s.height=r):\"link\"===t.message&&(r=new URL(s.getAttribute(\"src\")),n=new URL(t.value),c.test(n.protocol))&&n.host===r.host&&l.activeElement===s&&(d.top.location.href=t.value))}},d.addEventListener(\"message\",d.wp.receiveEmbedMessage,!1),l.addEventListener(\"DOMContentLoaded\",function(){for(var e,t,s=l.querySelectorAll(\"iframe.wp-embedded-content\"),r=0;r<s.length;r++)(t=(e=s[r]).getAttribute(\"data-secret\"))||(t=Math.random().toString(36).substring(2,12),e.src+=\"#?secret=\"+t,e.setAttribute(\"data-secret\",t)),e.contentWindow.postMessage({message:\"ready\",secret:t},\"*\")},!1)))}(window,document);\n\/\/# sourceURL=https:\/\/minutosantafe.ar\/%77%70%2d%69%6e%63%6c%75%64%65%73\/js\/wp-embed.min.js\n\/* ]]> *\/\n<\/script>\n","thumbnail_url":"https:\/\/minutosantafe.ar\/wp-content\/uploads\/2024\/11\/imagepng-3.webp","thumbnail_width":1200,"thumbnail_height":802,"description":"Roberto Dromi, el inspirador jur\u00eddico de los planes privatizadores desarrollados por Carlos Menem Roberto Dromi\u00a0fue m\u00e1s que un Ministro de Obras P\u00fablicas de\u00a0Carlos Menem. Se erigi\u00f3 en arquitecto del peronismo de los 90, tras la ca\u00edda del Muro de Berl\u00edn. Junto a su asesor\u00a0Rodolfo Barra\u00a0(hoy, Procurador del Tesoro) redact\u00f3 la..."}

MURIO EN SU CASA A LOS 79 AÑOS - MinutoSantaFe.ar

<blockquote class="wp-embedded-content" data-secret="Te7NOvM1N6"><a href="https://minutosantafe.ar/murio-en-su-casa-a-los-79-anos/">MURIO EN SU CASA A LOS 79 AÑOS</a></blockquote><iframe sandbox="allow-scripts" security="restricted" src="https://minutosantafe.ar/murio-en-su-casa-a-los-79-anos/embed/#?secret=Te7NOvM1N6" width="600" height="338" title="«MURIO EN SU CASA A LOS 79 AÑOS» — MinutoSantaFe.ar" data-secret="Te7NOvM1N6" frameborder="0" marginwidth="0" marginheight="0" scrolling="no" class="wp-embedded-content"></iframe><script type="text/javascript">
/* <![CDATA[ */
/*! This file is auto-generated */
!function(d,l){"use strict";l.querySelector&&d.addEventListener&&"undefined"!=typeof URL&&(d.wp=d.wp||{},d.wp.receiveEmbedMessage||(d.wp.receiveEmbedMessage=function(e){var t=e.data;if((t||t.secret||t.message||t.value)&&!/[^a-zA-Z0-9]/.test(t.secret)){for(var s,r,n,a=l.querySelectorAll('iframe[data-secret="'+t.secret+'"]'),o=l.querySelectorAll('blockquote[data-secret="'+t.secret+'"]'),c=new RegExp("^https?:$","i"),i=0;i<o.length;i++)o[i].style.display="none";for(i=0;i<a.length;i++)s=a[i],e.source===s.contentWindow&&(s.removeAttribute("style"),"height"===t.message?(1e3<(r=parseInt(t.value,10))?r=1e3:~~r<200&&(r=200),s.height=r):"link"===t.message&&(r=new URL(s.getAttribute("src")),n=new URL(t.value),c.test(n.protocol))&&n.host===r.host&&l.activeElement===s&&(d.top.location.href=t.value))}},d.addEventListener("message",d.wp.receiveEmbedMessage,!1),l.addEventListener("DOMContentLoaded",function(){for(var e,t,s=l.querySelectorAll("iframe.wp-embedded-content"),r=0;r<s.length;r++)(t=(e=s[r]).getAttribute("data-secret"))||(t=Math.random().toString(36).substring(2,12),e.src+="#?secret="+t,e.setAttribute("data-secret",t)),e.contentWindow.postMessage({message:"ready",secret:t},"*")},!1)))}(window,document);
//# sourceURL=https://minutosantafe.ar/%77%70%2d%69%6e%63%6c%75%64%65%73/js/wp-embed.min.js
/* ]]> */
</script>

Roberto Dromi, el inspirador jurídico de los planes privatizadores desarrollados por Carlos Menem Roberto Dromi fue más que un Ministro de Obras Públicas de Carlos Menem. Se erigió en arquitecto del peronismo de los 90, tras la caída del Muro de Berlín. Junto a su asesor Rodolfo Barra (hoy, Procurador del Tesoro) redactó la...
