{"version":"1.0","provider_name":"MinutoSantaFe.ar","provider_url":"https:\/\/minutosantafe.ar","author_name":"Editor","author_url":"https:\/\/minutosantafe.ar\/author\/editor\/","title":"Muri\u00f3 Jorge Lanata a los 64 a\u00f1os - MinutoSantaFe.ar","type":"rich","width":600,"height":338,"html":"<blockquote class=\"wp-embedded-content\" data-secret=\"26HfzPC8DL\"><a href=\"https:\/\/minutosantafe.ar\/murio-jorge-lanata-a-los-64-anos\/\">Muri\u00f3 Jorge Lanata a los 64 a\u00f1os<\/a><\/blockquote><iframe sandbox=\"allow-scripts\" security=\"restricted\" src=\"https:\/\/minutosantafe.ar\/murio-jorge-lanata-a-los-64-anos\/embed\/#?secret=26HfzPC8DL\" width=\"600\" height=\"338\" title=\"\u00abMuri\u00f3 Jorge Lanata a los 64 a\u00f1os\u00bb \u2014 MinutoSantaFe.ar\" data-secret=\"26HfzPC8DL\" frameborder=\"0\" marginwidth=\"0\" marginheight=\"0\" scrolling=\"no\" class=\"wp-embedded-content\"><\/iframe><script type=\"text\/javascript\">\n\/* <![CDATA[ *\/\n\/*! This file is auto-generated *\/\n!function(d,l){\"use strict\";l.querySelector&&d.addEventListener&&\"undefined\"!=typeof URL&&(d.wp=d.wp||{},d.wp.receiveEmbedMessage||(d.wp.receiveEmbedMessage=function(e){var t=e.data;if((t||t.secret||t.message||t.value)&&!\/[^a-zA-Z0-9]\/.test(t.secret)){for(var s,r,n,a=l.querySelectorAll('iframe[data-secret=\"'+t.secret+'\"]'),o=l.querySelectorAll('blockquote[data-secret=\"'+t.secret+'\"]'),c=new RegExp(\"^https?:$\",\"i\"),i=0;i<o.length;i++)o[i].style.display=\"none\";for(i=0;i<a.length;i++)s=a[i],e.source===s.contentWindow&&(s.removeAttribute(\"style\"),\"height\"===t.message?(1e3<(r=parseInt(t.value,10))?r=1e3:~~r<200&&(r=200),s.height=r):\"link\"===t.message&&(r=new URL(s.getAttribute(\"src\")),n=new URL(t.value),c.test(n.protocol))&&n.host===r.host&&l.activeElement===s&&(d.top.location.href=t.value))}},d.addEventListener(\"message\",d.wp.receiveEmbedMessage,!1),l.addEventListener(\"DOMContentLoaded\",function(){for(var e,t,s=l.querySelectorAll(\"iframe.wp-embedded-content\"),r=0;r<s.length;r++)(t=(e=s[r]).getAttribute(\"data-secret\"))||(t=Math.random().toString(36).substring(2,12),e.src+=\"#?secret=\"+t,e.setAttribute(\"data-secret\",t)),e.contentWindow.postMessage({message:\"ready\",secret:t},\"*\")},!1)))}(window,document);\n\/\/# sourceURL=https:\/\/minutosantafe.ar\/%77%70%2d%69%6e%63%6c%75%64%65%73\/js\/wp-embed.min.js\n\/* ]]> *\/\n<\/script>\n","thumbnail_url":"https:\/\/minutosantafe.ar\/wp-content\/uploads\/2024\/12\/jorge-lanata-20240918-1875709.jpg","thumbnail_width":900,"thumbnail_height":505,"description":"Desde el pasado 14 de junio, Jorge Lanata se encontraba internado en terapia intensiva con neumon\u00eda y una encefalopat\u00eda, da\u00f1o neurol\u00f3gico que agrav\u00f3 sus problemas de salud preexistentes. El periodista\u00a0Jorge Lanata\u00a0muri\u00f3 a los 64\u00a0a\u00f1os. El periodista ten\u00eda un largo historial de problemas de salud y hasta debi\u00f3 recibir un trasplante..."}

Murió Jorge Lanata a los 64 años - MinutoSantaFe.ar

<blockquote class="wp-embedded-content" data-secret="26HfzPC8DL"><a href="https://minutosantafe.ar/murio-jorge-lanata-a-los-64-anos/">Murió Jorge Lanata a los 64 años</a></blockquote><iframe sandbox="allow-scripts" security="restricted" src="https://minutosantafe.ar/murio-jorge-lanata-a-los-64-anos/embed/#?secret=26HfzPC8DL" width="600" height="338" title="«Murió Jorge Lanata a los 64 años» — MinutoSantaFe.ar" data-secret="26HfzPC8DL" frameborder="0" marginwidth="0" marginheight="0" scrolling="no" class="wp-embedded-content"></iframe><script type="text/javascript">
/* <![CDATA[ */
/*! This file is auto-generated */
!function(d,l){"use strict";l.querySelector&&d.addEventListener&&"undefined"!=typeof URL&&(d.wp=d.wp||{},d.wp.receiveEmbedMessage||(d.wp.receiveEmbedMessage=function(e){var t=e.data;if((t||t.secret||t.message||t.value)&&!/[^a-zA-Z0-9]/.test(t.secret)){for(var s,r,n,a=l.querySelectorAll('iframe[data-secret="'+t.secret+'"]'),o=l.querySelectorAll('blockquote[data-secret="'+t.secret+'"]'),c=new RegExp("^https?:$","i"),i=0;i<o.length;i++)o[i].style.display="none";for(i=0;i<a.length;i++)s=a[i],e.source===s.contentWindow&&(s.removeAttribute("style"),"height"===t.message?(1e3<(r=parseInt(t.value,10))?r=1e3:~~r<200&&(r=200),s.height=r):"link"===t.message&&(r=new URL(s.getAttribute("src")),n=new URL(t.value),c.test(n.protocol))&&n.host===r.host&&l.activeElement===s&&(d.top.location.href=t.value))}},d.addEventListener("message",d.wp.receiveEmbedMessage,!1),l.addEventListener("DOMContentLoaded",function(){for(var e,t,s=l.querySelectorAll("iframe.wp-embedded-content"),r=0;r<s.length;r++)(t=(e=s[r]).getAttribute("data-secret"))||(t=Math.random().toString(36).substring(2,12),e.src+="#?secret="+t,e.setAttribute("data-secret",t)),e.contentWindow.postMessage({message:"ready",secret:t},"*")},!1)))}(window,document);
//# sourceURL=https://minutosantafe.ar/%77%70%2d%69%6e%63%6c%75%64%65%73/js/wp-embed.min.js
/* ]]> */
</script>

Desde el pasado 14 de junio, Jorge Lanata se encontraba internado en terapia intensiva con neumonía y una encefalopatía, daño neurológico que agravó sus problemas de salud preexistentes. El periodista Jorge Lanata murió a los 64 años. El periodista tenía un largo historial de problemas de salud y hasta debió recibir un trasplante...
