{"version":"1.0","provider_name":"MinutoSantaFe.ar","provider_url":"https:\/\/minutosantafe.ar","author_name":"Editor","author_url":"https:\/\/minutosantafe.ar\/author\/editor\/","title":"Muri\u00f3 por coronavirus el reconocido pastor Silvestri - MinutoSantaFe.ar","type":"rich","width":600,"height":338,"html":"<blockquote class=\"wp-embedded-content\" data-secret=\"x6mJKEYoUm\"><a href=\"https:\/\/minutosantafe.ar\/murio-por-coronavirus-el-reconocido-pastor-silvestri\/\">Muri\u00f3 por coronavirus el reconocido pastor Silvestri<\/a><\/blockquote><iframe sandbox=\"allow-scripts\" security=\"restricted\" src=\"https:\/\/minutosantafe.ar\/murio-por-coronavirus-el-reconocido-pastor-silvestri\/embed\/#?secret=x6mJKEYoUm\" width=\"600\" height=\"338\" title=\"\u00abMuri\u00f3 por coronavirus el reconocido pastor Silvestri\u00bb \u2014 MinutoSantaFe.ar\" data-secret=\"x6mJKEYoUm\" frameborder=\"0\" marginwidth=\"0\" marginheight=\"0\" scrolling=\"no\" class=\"wp-embedded-content\"><\/iframe><script>\n\/*! This file is auto-generated *\/\n!function(d,l){\"use strict\";l.querySelector&&d.addEventListener&&\"undefined\"!=typeof URL&&(d.wp=d.wp||{},d.wp.receiveEmbedMessage||(d.wp.receiveEmbedMessage=function(e){var t=e.data;if((t||t.secret||t.message||t.value)&&!\/[^a-zA-Z0-9]\/.test(t.secret)){for(var s,r,n,a=l.querySelectorAll('iframe[data-secret=\"'+t.secret+'\"]'),o=l.querySelectorAll('blockquote[data-secret=\"'+t.secret+'\"]'),c=new RegExp(\"^https?:$\",\"i\"),i=0;i<o.length;i++)o[i].style.display=\"none\";for(i=0;i<a.length;i++)s=a[i],e.source===s.contentWindow&&(s.removeAttribute(\"style\"),\"height\"===t.message?(1e3<(r=parseInt(t.value,10))?r=1e3:~~r<200&&(r=200),s.height=r):\"link\"===t.message&&(r=new URL(s.getAttribute(\"src\")),n=new URL(t.value),c.test(n.protocol))&&n.host===r.host&&l.activeElement===s&&(d.top.location.href=t.value))}},d.addEventListener(\"message\",d.wp.receiveEmbedMessage,!1),l.addEventListener(\"DOMContentLoaded\",function(){for(var e,t,s=l.querySelectorAll(\"iframe.wp-embedded-content\"),r=0;r<s.length;r++)(t=(e=s[r]).getAttribute(\"data-secret\"))||(t=Math.random().toString(36).substring(2,12),e.src+=\"#?secret=\"+t,e.setAttribute(\"data-secret\",t)),e.contentWindow.postMessage({message:\"ready\",secret:t},\"*\")},!1)))}(window,document);\n\/\/# sourceURL=https:\/\/minutosantafe.ar\/%77%70%2d%69%6e%63%6c%75%64%65%73\/js\/wp-embed.min.js\n<\/script>\n","thumbnail_url":"https:\/\/i0.wp.com\/minutosantafe.ar\/wp-content\/uploads\/2020\/09\/0028829348.jpg?fit=642%2C389&ssl=1","thumbnail_width":642,"thumbnail_height":389,"description":"Estaba en terapia intensiva desde hace tres semanas y asistido con respirador. Fue el fundador de Canal Luz &nbsp; Una importante comunidad religiosa rosarina est\u00e1 de luto tras conocerse hace pocas horas el fallecimiento del\u00a0pastor\u00a0Jos\u00e9 Mar\u00eda Silvestri, quien hab\u00eda sido internado por\u00a0coronavirus.\u00a0El referente de la Iglesia Evang\u00e9lica Misionera Argentina (Iema)..."}

Murió por coronavirus el reconocido pastor Silvestri - MinutoSantaFe.ar

<blockquote class="wp-embedded-content" data-secret="x6mJKEYoUm"><a href="https://minutosantafe.ar/murio-por-coronavirus-el-reconocido-pastor-silvestri/">Murió por coronavirus el reconocido pastor Silvestri</a></blockquote><iframe sandbox="allow-scripts" security="restricted" src="https://minutosantafe.ar/murio-por-coronavirus-el-reconocido-pastor-silvestri/embed/#?secret=x6mJKEYoUm" width="600" height="338" title="«Murió por coronavirus el reconocido pastor Silvestri» — MinutoSantaFe.ar" data-secret="x6mJKEYoUm" frameborder="0" marginwidth="0" marginheight="0" scrolling="no" class="wp-embedded-content"></iframe><script>
/*! This file is auto-generated */
!function(d,l){"use strict";l.querySelector&&d.addEventListener&&"undefined"!=typeof URL&&(d.wp=d.wp||{},d.wp.receiveEmbedMessage||(d.wp.receiveEmbedMessage=function(e){var t=e.data;if((t||t.secret||t.message||t.value)&&!/[^a-zA-Z0-9]/.test(t.secret)){for(var s,r,n,a=l.querySelectorAll('iframe[data-secret="'+t.secret+'"]'),o=l.querySelectorAll('blockquote[data-secret="'+t.secret+'"]'),c=new RegExp("^https?:$","i"),i=0;i<o.length;i++)o[i].style.display="none";for(i=0;i<a.length;i++)s=a[i],e.source===s.contentWindow&&(s.removeAttribute("style"),"height"===t.message?(1e3<(r=parseInt(t.value,10))?r=1e3:~~r<200&&(r=200),s.height=r):"link"===t.message&&(r=new URL(s.getAttribute("src")),n=new URL(t.value),c.test(n.protocol))&&n.host===r.host&&l.activeElement===s&&(d.top.location.href=t.value))}},d.addEventListener("message",d.wp.receiveEmbedMessage,!1),l.addEventListener("DOMContentLoaded",function(){for(var e,t,s=l.querySelectorAll("iframe.wp-embedded-content"),r=0;r<s.length;r++)(t=(e=s[r]).getAttribute("data-secret"))||(t=Math.random().toString(36).substring(2,12),e.src+="#?secret="+t,e.setAttribute("data-secret",t)),e.contentWindow.postMessage({message:"ready",secret:t},"*")},!1)))}(window,document);
//# sourceURL=https://minutosantafe.ar/%77%70%2d%69%6e%63%6c%75%64%65%73/js/wp-embed.min.js
</script>

Estaba en terapia intensiva desde hace tres semanas y asistido con respirador. Fue el fundador de Canal Luz &nbsp; Una importante comunidad religiosa rosarina está de luto tras conocerse hace pocas horas el fallecimiento del pastor José María Silvestri, quien había sido internado por coronavirus. El referente de la Iglesia Evangélica Misionera Argentina (Iema)...
