{"version":"1.0","provider_name":"MinutoSantaFe.ar","provider_url":"https:\/\/minutosantafe.ar","author_name":"Editor","author_url":"https:\/\/minutosantafe.ar\/author\/editor\/","title":"No permitamos que democracia sea una palabra vac\u00eda - MinutoSantaFe.ar","type":"rich","width":600,"height":338,"html":"<blockquote class=\"wp-embedded-content\" data-secret=\"LNN4f4gUFR\"><a href=\"https:\/\/minutosantafe.ar\/no-permitamos-que-democracia-sea-una-palabra-vacia\/\">No permitamos que democracia sea una palabra vac\u00eda<\/a><\/blockquote><iframe sandbox=\"allow-scripts\" security=\"restricted\" src=\"https:\/\/minutosantafe.ar\/no-permitamos-que-democracia-sea-una-palabra-vacia\/embed\/#?secret=LNN4f4gUFR\" width=\"600\" height=\"338\" title=\"\u00abNo permitamos que democracia sea una palabra vac\u00eda\u00bb \u2014 MinutoSantaFe.ar\" data-secret=\"LNN4f4gUFR\" frameborder=\"0\" marginwidth=\"0\" marginheight=\"0\" scrolling=\"no\" class=\"wp-embedded-content\"><\/iframe><script type=\"text\/javascript\">\n\/* <![CDATA[ *\/\n\/*! This file is auto-generated *\/\n!function(d,l){\"use strict\";l.querySelector&&d.addEventListener&&\"undefined\"!=typeof URL&&(d.wp=d.wp||{},d.wp.receiveEmbedMessage||(d.wp.receiveEmbedMessage=function(e){var t=e.data;if((t||t.secret||t.message||t.value)&&!\/[^a-zA-Z0-9]\/.test(t.secret)){for(var s,r,n,a=l.querySelectorAll('iframe[data-secret=\"'+t.secret+'\"]'),o=l.querySelectorAll('blockquote[data-secret=\"'+t.secret+'\"]'),c=new RegExp(\"^https?:$\",\"i\"),i=0;i<o.length;i++)o[i].style.display=\"none\";for(i=0;i<a.length;i++)s=a[i],e.source===s.contentWindow&&(s.removeAttribute(\"style\"),\"height\"===t.message?(1e3<(r=parseInt(t.value,10))?r=1e3:~~r<200&&(r=200),s.height=r):\"link\"===t.message&&(r=new URL(s.getAttribute(\"src\")),n=new URL(t.value),c.test(n.protocol))&&n.host===r.host&&l.activeElement===s&&(d.top.location.href=t.value))}},d.addEventListener(\"message\",d.wp.receiveEmbedMessage,!1),l.addEventListener(\"DOMContentLoaded\",function(){for(var e,t,s=l.querySelectorAll(\"iframe.wp-embedded-content\"),r=0;r<s.length;r++)(t=(e=s[r]).getAttribute(\"data-secret\"))||(t=Math.random().toString(36).substring(2,12),e.src+=\"#?secret=\"+t,e.setAttribute(\"data-secret\",t)),e.contentWindow.postMessage({message:\"ready\",secret:t},\"*\")},!1)))}(window,document);\n\/\/# sourceURL=https:\/\/minutosantafe.ar\/%77%70%2d%69%6e%63%6c%75%64%65%73\/js\/wp-embed.min.js\n\/* ]]> *\/\n<\/script>\n","thumbnail_url":"https:\/\/i0.wp.com\/minutosantafe.ar\/wp-content\/uploads\/2022\/04\/445807-af-20y-20ck-1.jpeg?fit=960%2C640&ssl=1","thumbnail_width":960,"thumbnail_height":640,"description":"La pobreza extendida que ratificaron las cifras oficiales, pese al ligero descenso, es un golpe tan perdurable como previsible para los argentinos con alg\u00fan grado de conciencia social m\u00ednimamente sensibilizada. Pero sobre todo, el golpe deber\u00eda serlo -y hace tiempo, ya mucho- para un ancho de esa \u201cclase\u201d pol\u00edtica a..."}

No permitamos que democracia sea una palabra vacía - MinutoSantaFe.ar

<blockquote class="wp-embedded-content" data-secret="LNN4f4gUFR"><a href="https://minutosantafe.ar/no-permitamos-que-democracia-sea-una-palabra-vacia/">No permitamos que democracia sea una palabra vacía</a></blockquote><iframe sandbox="allow-scripts" security="restricted" src="https://minutosantafe.ar/no-permitamos-que-democracia-sea-una-palabra-vacia/embed/#?secret=LNN4f4gUFR" width="600" height="338" title="«No permitamos que democracia sea una palabra vacía» — MinutoSantaFe.ar" data-secret="LNN4f4gUFR" frameborder="0" marginwidth="0" marginheight="0" scrolling="no" class="wp-embedded-content"></iframe><script type="text/javascript">
/* <![CDATA[ */
/*! This file is auto-generated */
!function(d,l){"use strict";l.querySelector&&d.addEventListener&&"undefined"!=typeof URL&&(d.wp=d.wp||{},d.wp.receiveEmbedMessage||(d.wp.receiveEmbedMessage=function(e){var t=e.data;if((t||t.secret||t.message||t.value)&&!/[^a-zA-Z0-9]/.test(t.secret)){for(var s,r,n,a=l.querySelectorAll('iframe[data-secret="'+t.secret+'"]'),o=l.querySelectorAll('blockquote[data-secret="'+t.secret+'"]'),c=new RegExp("^https?:$","i"),i=0;i<o.length;i++)o[i].style.display="none";for(i=0;i<a.length;i++)s=a[i],e.source===s.contentWindow&&(s.removeAttribute("style"),"height"===t.message?(1e3<(r=parseInt(t.value,10))?r=1e3:~~r<200&&(r=200),s.height=r):"link"===t.message&&(r=new URL(s.getAttribute("src")),n=new URL(t.value),c.test(n.protocol))&&n.host===r.host&&l.activeElement===s&&(d.top.location.href=t.value))}},d.addEventListener("message",d.wp.receiveEmbedMessage,!1),l.addEventListener("DOMContentLoaded",function(){for(var e,t,s=l.querySelectorAll("iframe.wp-embedded-content"),r=0;r<s.length;r++)(t=(e=s[r]).getAttribute("data-secret"))||(t=Math.random().toString(36).substring(2,12),e.src+="#?secret="+t,e.setAttribute("data-secret",t)),e.contentWindow.postMessage({message:"ready",secret:t},"*")},!1)))}(window,document);
//# sourceURL=https://minutosantafe.ar/%77%70%2d%69%6e%63%6c%75%64%65%73/js/wp-embed.min.js
/* ]]> */
</script>

La pobreza extendida que ratificaron las cifras oficiales, pese al ligero descenso, es un golpe tan perdurable como previsible para los argentinos con algún grado de conciencia social mínimamente sensibilizada. Pero sobre todo, el golpe debería serlo -y hace tiempo, ya mucho- para un ancho de esa “clase” política a...
