{"version":"1.0","provider_name":"MinutoSantaFe.ar","provider_url":"https:\/\/minutosantafe.ar","author_name":"Editor","author_url":"https:\/\/minutosantafe.ar\/author\/editor\/","title":"Nuevos despidos en la Biblioteca Nacional - MinutoSantaFe.ar","type":"rich","width":600,"height":338,"html":"<blockquote class=\"wp-embedded-content\" data-secret=\"kN4Oj0C1fA\"><a href=\"https:\/\/minutosantafe.ar\/nuevos-despidos-en-la-biblioteca-nacional\/\">Nuevos despidos en la Biblioteca Nacional<\/a><\/blockquote><iframe sandbox=\"allow-scripts\" security=\"restricted\" src=\"https:\/\/minutosantafe.ar\/nuevos-despidos-en-la-biblioteca-nacional\/embed\/#?secret=kN4Oj0C1fA\" width=\"600\" height=\"338\" title=\"\u00abNuevos despidos en la Biblioteca Nacional\u00bb \u2014 MinutoSantaFe.ar\" data-secret=\"kN4Oj0C1fA\" frameborder=\"0\" marginwidth=\"0\" marginheight=\"0\" scrolling=\"no\" class=\"wp-embedded-content\"><\/iframe><script>\n\/*! This file is auto-generated *\/\n!function(d,l){\"use strict\";l.querySelector&&d.addEventListener&&\"undefined\"!=typeof URL&&(d.wp=d.wp||{},d.wp.receiveEmbedMessage||(d.wp.receiveEmbedMessage=function(e){var t=e.data;if((t||t.secret||t.message||t.value)&&!\/[^a-zA-Z0-9]\/.test(t.secret)){for(var s,r,n,a=l.querySelectorAll('iframe[data-secret=\"'+t.secret+'\"]'),o=l.querySelectorAll('blockquote[data-secret=\"'+t.secret+'\"]'),c=new RegExp(\"^https?:$\",\"i\"),i=0;i<o.length;i++)o[i].style.display=\"none\";for(i=0;i<a.length;i++)s=a[i],e.source===s.contentWindow&&(s.removeAttribute(\"style\"),\"height\"===t.message?(1e3<(r=parseInt(t.value,10))?r=1e3:~~r<200&&(r=200),s.height=r):\"link\"===t.message&&(r=new URL(s.getAttribute(\"src\")),n=new URL(t.value),c.test(n.protocol))&&n.host===r.host&&l.activeElement===s&&(d.top.location.href=t.value))}},d.addEventListener(\"message\",d.wp.receiveEmbedMessage,!1),l.addEventListener(\"DOMContentLoaded\",function(){for(var e,t,s=l.querySelectorAll(\"iframe.wp-embedded-content\"),r=0;r<s.length;r++)(t=(e=s[r]).getAttribute(\"data-secret\"))||(t=Math.random().toString(36).substring(2,12),e.src+=\"#?secret=\"+t,e.setAttribute(\"data-secret\",t)),e.contentWindow.postMessage({message:\"ready\",secret:t},\"*\")},!1)))}(window,document);\n\/\/# sourceURL=https:\/\/minutosantafe.ar\/%77%70%2d%69%6e%63%6c%75%64%65%73\/js\/wp-embed.min.js\n<\/script>\n","thumbnail_url":"https:\/\/i0.wp.com\/minutosantafe.ar\/wp-content\/uploads\/2019\/05\/biblioteca_0.jpg?fit=960%2C540&ssl=1","thumbnail_width":960,"thumbnail_height":540,"description":"Esta semana, ocho \u00a0trabajadores fueron despedidos de la Biblioteca Nacional. ATE denunci\u00f3 que esto ocurri\u00f3 en el marco del desguace del organismo que, desde que asumi\u00f3 el gobierno de Mauricio Macri, y bajo el brazo ejecutor de la directora de la Biblioteca Nacional, Elsa Barber, sufri\u00f3 300 despidos, jubilaciones forzadas,..."}

Esta semana, ocho  trabajadores fueron despedidos de la Biblioteca Nacional. ATE denunció que esto ocurrió en el marco del desguace del organismo que, desde que asumió el gobierno de Mauricio Macri, y bajo el brazo ejecutor de la directora de la Biblioteca Nacional, Elsa Barber, sufrió 300 despidos, jubilaciones forzadas,...
