{"version":"1.0","provider_name":"MinutoSantaFe.ar","provider_url":"https:\/\/minutosantafe.ar","author_name":"Editor","author_url":"https:\/\/minutosantafe.ar\/author\/editor\/","title":"Operan a H\u00e9ctor Timerman, tras no poder viajar a Estados Unidos - MinutoSantaFe.ar","type":"rich","width":600,"height":338,"html":"<blockquote class=\"wp-embedded-content\" data-secret=\"5FHpMAz3KT\"><a href=\"https:\/\/minutosantafe.ar\/operan-hector-timerman-tras-no-poder-viajar-estados-unidos\/\">Operan a H\u00e9ctor Timerman, tras no poder viajar a Estados Unidos<\/a><\/blockquote><iframe sandbox=\"allow-scripts\" security=\"restricted\" src=\"https:\/\/minutosantafe.ar\/operan-hector-timerman-tras-no-poder-viajar-estados-unidos\/embed\/#?secret=5FHpMAz3KT\" width=\"600\" height=\"338\" title=\"\u00abOperan a H\u00e9ctor Timerman, tras no poder viajar a Estados Unidos\u00bb \u2014 MinutoSantaFe.ar\" data-secret=\"5FHpMAz3KT\" frameborder=\"0\" marginwidth=\"0\" marginheight=\"0\" scrolling=\"no\" class=\"wp-embedded-content\"><\/iframe><script type=\"text\/javascript\">\n\/* <![CDATA[ *\/\n\/*! This file is auto-generated *\/\n!function(d,l){\"use strict\";l.querySelector&&d.addEventListener&&\"undefined\"!=typeof URL&&(d.wp=d.wp||{},d.wp.receiveEmbedMessage||(d.wp.receiveEmbedMessage=function(e){var t=e.data;if((t||t.secret||t.message||t.value)&&!\/[^a-zA-Z0-9]\/.test(t.secret)){for(var s,r,n,a=l.querySelectorAll('iframe[data-secret=\"'+t.secret+'\"]'),o=l.querySelectorAll('blockquote[data-secret=\"'+t.secret+'\"]'),c=new RegExp(\"^https?:$\",\"i\"),i=0;i<o.length;i++)o[i].style.display=\"none\";for(i=0;i<a.length;i++)s=a[i],e.source===s.contentWindow&&(s.removeAttribute(\"style\"),\"height\"===t.message?(1e3<(r=parseInt(t.value,10))?r=1e3:~~r<200&&(r=200),s.height=r):\"link\"===t.message&&(r=new URL(s.getAttribute(\"src\")),n=new URL(t.value),c.test(n.protocol))&&n.host===r.host&&l.activeElement===s&&(d.top.location.href=t.value))}},d.addEventListener(\"message\",d.wp.receiveEmbedMessage,!1),l.addEventListener(\"DOMContentLoaded\",function(){for(var e,t,s=l.querySelectorAll(\"iframe.wp-embedded-content\"),r=0;r<s.length;r++)(t=(e=s[r]).getAttribute(\"data-secret\"))||(t=Math.random().toString(36).substring(2,12),e.src+=\"#?secret=\"+t,e.setAttribute(\"data-secret\",t)),e.contentWindow.postMessage({message:\"ready\",secret:t},\"*\")},!1)))}(window,document);\n\/\/# sourceURL=https:\/\/minutosantafe.ar\/%77%70%2d%69%6e%63%6c%75%64%65%73\/js\/wp-embed.min.js\n\/* ]]> *\/\n<\/script>\n","thumbnail_url":"https:\/\/minutosantafe.ar\/%77%70%2d%63%6f%6e%74%65%6e%74\/uploads\/2020\/08\/minutologuin.png","thumbnail_width":514,"thumbnail_height":429,"description":"La salud del ex funcionario empeor\u00f3 en los \u00faltimos d\u00edas. Tras la intervenci\u00f3n quir\u00fargica volver\u00e1 a los Estados Unidos para continuar su tratamiento. El ex canciller\u00a0H\u00e9ctor Timerman\u00a0ser\u00e1 operado en las pr\u00f3ximas horas de un \u00abcuadro pulmonar agudo\u00bb, que se agrav\u00f3 en la \u00faltima semana por el avance del c\u00e1ncer hep\u00e1tico..."}

Operan a Héctor Timerman, tras no poder viajar a Estados Unidos - MinutoSantaFe.ar

<blockquote class="wp-embedded-content" data-secret="5FHpMAz3KT"><a href="https://minutosantafe.ar/operan-hector-timerman-tras-no-poder-viajar-estados-unidos/">Operan a Héctor Timerman, tras no poder viajar a Estados Unidos</a></blockquote><iframe sandbox="allow-scripts" security="restricted" src="https://minutosantafe.ar/operan-hector-timerman-tras-no-poder-viajar-estados-unidos/embed/#?secret=5FHpMAz3KT" width="600" height="338" title="«Operan a Héctor Timerman, tras no poder viajar a Estados Unidos» — MinutoSantaFe.ar" data-secret="5FHpMAz3KT" frameborder="0" marginwidth="0" marginheight="0" scrolling="no" class="wp-embedded-content"></iframe><script type="text/javascript">
/* <![CDATA[ */
/*! This file is auto-generated */
!function(d,l){"use strict";l.querySelector&&d.addEventListener&&"undefined"!=typeof URL&&(d.wp=d.wp||{},d.wp.receiveEmbedMessage||(d.wp.receiveEmbedMessage=function(e){var t=e.data;if((t||t.secret||t.message||t.value)&&!/[^a-zA-Z0-9]/.test(t.secret)){for(var s,r,n,a=l.querySelectorAll('iframe[data-secret="'+t.secret+'"]'),o=l.querySelectorAll('blockquote[data-secret="'+t.secret+'"]'),c=new RegExp("^https?:$","i"),i=0;i<o.length;i++)o[i].style.display="none";for(i=0;i<a.length;i++)s=a[i],e.source===s.contentWindow&&(s.removeAttribute("style"),"height"===t.message?(1e3<(r=parseInt(t.value,10))?r=1e3:~~r<200&&(r=200),s.height=r):"link"===t.message&&(r=new URL(s.getAttribute("src")),n=new URL(t.value),c.test(n.protocol))&&n.host===r.host&&l.activeElement===s&&(d.top.location.href=t.value))}},d.addEventListener("message",d.wp.receiveEmbedMessage,!1),l.addEventListener("DOMContentLoaded",function(){for(var e,t,s=l.querySelectorAll("iframe.wp-embedded-content"),r=0;r<s.length;r++)(t=(e=s[r]).getAttribute("data-secret"))||(t=Math.random().toString(36).substring(2,12),e.src+="#?secret="+t,e.setAttribute("data-secret",t)),e.contentWindow.postMessage({message:"ready",secret:t},"*")},!1)))}(window,document);
//# sourceURL=https://minutosantafe.ar/%77%70%2d%69%6e%63%6c%75%64%65%73/js/wp-embed.min.js
/* ]]> */
</script>

La salud del ex funcionario empeoró en los últimos días. Tras la intervención quirúrgica volverá a los Estados Unidos para continuar su tratamiento. El ex canciller Héctor Timerman será operado en las próximas horas de un «cuadro pulmonar agudo», que se agravó en la última semana por el avance del cáncer hepático...
