{"version":"1.0","provider_name":"MinutoSantaFe.ar","provider_url":"https:\/\/minutosantafe.ar","author_name":"Editor","author_url":"https:\/\/minutosantafe.ar\/author\/editor\/","title":"Pan y circo - MinutoSantaFe.ar","type":"rich","width":600,"height":338,"html":"<blockquote class=\"wp-embedded-content\" data-secret=\"GviHQQCRWD\"><a href=\"https:\/\/minutosantafe.ar\/pan-y-circo\/\">Pan y circo<\/a><\/blockquote><iframe sandbox=\"allow-scripts\" security=\"restricted\" src=\"https:\/\/minutosantafe.ar\/pan-y-circo\/embed\/#?secret=GviHQQCRWD\" width=\"600\" height=\"338\" title=\"\u00abPan y circo\u00bb \u2014 MinutoSantaFe.ar\" data-secret=\"GviHQQCRWD\" frameborder=\"0\" marginwidth=\"0\" marginheight=\"0\" scrolling=\"no\" class=\"wp-embedded-content\"><\/iframe><script>\n\/*! This file is auto-generated *\/\n!function(d,l){\"use strict\";l.querySelector&&d.addEventListener&&\"undefined\"!=typeof URL&&(d.wp=d.wp||{},d.wp.receiveEmbedMessage||(d.wp.receiveEmbedMessage=function(e){var t=e.data;if((t||t.secret||t.message||t.value)&&!\/[^a-zA-Z0-9]\/.test(t.secret)){for(var s,r,n,a=l.querySelectorAll('iframe[data-secret=\"'+t.secret+'\"]'),o=l.querySelectorAll('blockquote[data-secret=\"'+t.secret+'\"]'),c=new RegExp(\"^https?:$\",\"i\"),i=0;i<o.length;i++)o[i].style.display=\"none\";for(i=0;i<a.length;i++)s=a[i],e.source===s.contentWindow&&(s.removeAttribute(\"style\"),\"height\"===t.message?(1e3<(r=parseInt(t.value,10))?r=1e3:~~r<200&&(r=200),s.height=r):\"link\"===t.message&&(r=new URL(s.getAttribute(\"src\")),n=new URL(t.value),c.test(n.protocol))&&n.host===r.host&&l.activeElement===s&&(d.top.location.href=t.value))}},d.addEventListener(\"message\",d.wp.receiveEmbedMessage,!1),l.addEventListener(\"DOMContentLoaded\",function(){for(var e,t,s=l.querySelectorAll(\"iframe.wp-embedded-content\"),r=0;r<s.length;r++)(t=(e=s[r]).getAttribute(\"data-secret\"))||(t=Math.random().toString(36).substring(2,12),e.src+=\"#?secret=\"+t,e.setAttribute(\"data-secret\",t)),e.contentWindow.postMessage({message:\"ready\",secret:t},\"*\")},!1)))}(window,document);\n\/\/# sourceURL=https:\/\/minutosantafe.ar\/%77%70%2d%69%6e%63%6c%75%64%65%73\/js\/wp-embed.min.js\n<\/script>\n","thumbnail_url":"https:\/\/minutosantafe.ar\/wp-content\/uploads\/2024\/10\/bbx_624400106_adorni.jpg","thumbnail_width":900,"thumbnail_height":650,"description":"Adorni anunci\u00f3 que el Gobierno pate\u00f3 a Evo: show pol\u00edtico para distraer mientras el pa\u00eds se hunde en la crisis Manuel Adorni public\u00f3 en su cuenta de \u00abX\u00bb que \u00abse ha dado por finalizada la condici\u00f3n de refugiado de Juan Evo Morales Ayma\u00bb. (Dibujo: NOVA) En un d\u00eda ca\u00f3tico, en..."}

Adorni anunció que el Gobierno pateó a Evo: show político para distraer mientras el país se hunde en la crisis Manuel Adorni publicó en su cuenta de «X» que «se ha dado por finalizada la condición de refugiado de Juan Evo Morales Ayma». (Dibujo: NOVA) En un día caótico, en...
