{"version":"1.0","provider_name":"MinutoSantaFe.ar","provider_url":"https:\/\/minutosantafe.ar","author_name":"Editor","author_url":"https:\/\/minutosantafe.ar\/author\/editor\/","title":"Panorama rojinegro - MinutoSantaFe.ar","type":"rich","width":600,"height":338,"html":"<blockquote class=\"wp-embedded-content\" data-secret=\"jE7Ao0gtif\"><a href=\"https:\/\/minutosantafe.ar\/panorama-rojinegro-2\/\">Panorama rojinegro<\/a><\/blockquote><iframe sandbox=\"allow-scripts\" security=\"restricted\" src=\"https:\/\/minutosantafe.ar\/panorama-rojinegro-2\/embed\/#?secret=jE7Ao0gtif\" width=\"600\" height=\"338\" title=\"\u00abPanorama rojinegro\u00bb \u2014 MinutoSantaFe.ar\" data-secret=\"jE7Ao0gtif\" frameborder=\"0\" marginwidth=\"0\" marginheight=\"0\" scrolling=\"no\" class=\"wp-embedded-content\"><\/iframe><script>\n\/*! This file is auto-generated *\/\n!function(d,l){\"use strict\";l.querySelector&&d.addEventListener&&\"undefined\"!=typeof URL&&(d.wp=d.wp||{},d.wp.receiveEmbedMessage||(d.wp.receiveEmbedMessage=function(e){var t=e.data;if((t||t.secret||t.message||t.value)&&!\/[^a-zA-Z0-9]\/.test(t.secret)){for(var s,r,n,a=l.querySelectorAll('iframe[data-secret=\"'+t.secret+'\"]'),o=l.querySelectorAll('blockquote[data-secret=\"'+t.secret+'\"]'),c=new RegExp(\"^https?:$\",\"i\"),i=0;i<o.length;i++)o[i].style.display=\"none\";for(i=0;i<a.length;i++)s=a[i],e.source===s.contentWindow&&(s.removeAttribute(\"style\"),\"height\"===t.message?(1e3<(r=parseInt(t.value,10))?r=1e3:~~r<200&&(r=200),s.height=r):\"link\"===t.message&&(r=new URL(s.getAttribute(\"src\")),n=new URL(t.value),c.test(n.protocol))&&n.host===r.host&&l.activeElement===s&&(d.top.location.href=t.value))}},d.addEventListener(\"message\",d.wp.receiveEmbedMessage,!1),l.addEventListener(\"DOMContentLoaded\",function(){for(var e,t,s=l.querySelectorAll(\"iframe.wp-embedded-content\"),r=0;r<s.length;r++)(t=(e=s[r]).getAttribute(\"data-secret\"))||(t=Math.random().toString(36).substring(2,12),e.src+=\"#?secret=\"+t,e.setAttribute(\"data-secret\",t)),e.contentWindow.postMessage({message:\"ready\",secret:t},\"*\")},!1)))}(window,document);\n\/\/# sourceURL=https:\/\/minutosantafe.ar\/%77%70%2d%69%6e%63%6c%75%64%65%73\/js\/wp-embed.min.js\n<\/script>\n","thumbnail_url":"https:\/\/minutosantafe.ar\/wp-content\/uploads\/2024\/01\/nob-1.jpg","thumbnail_width":800,"thumbnail_height":600,"description":"Volver a casa: Newell\u2019s oficializ\u00f3 la incorporaci\u00f3n de \u00c9ver Banega El jugador de 35 a\u00f1os, esperado por todo el mundo leproso, llega proveniente de\u00a0Al Shabab de Arabia Saudita. La oficializaci\u00f3n lleg\u00f3 este domingo por la tarde por medio de un emotivo video &nbsp; El regreso m\u00e1s esperado por los hinchas..."}

Volver a casa: Newell’s oficializó la incorporación de Éver Banega El jugador de 35 años, esperado por todo el mundo leproso, llega proveniente de Al Shabab de Arabia Saudita. La oficialización llegó este domingo por la tarde por medio de un emotivo video &nbsp; El regreso más esperado por los hinchas...
