{"version":"1.0","provider_name":"MinutoSantaFe.ar","provider_url":"https:\/\/minutosantafe.ar","author_name":"Editor","author_url":"https:\/\/minutosantafe.ar\/author\/editor\/","title":"Paro contra la reforma jubilatoria en el Banco Provincia - MinutoSantaFe.ar","type":"rich","width":600,"height":338,"html":"<blockquote class=\"wp-embedded-content\" data-secret=\"pRQojhJMdI\"><a href=\"https:\/\/minutosantafe.ar\/paro-la-reforma-jubilatoria-banco-provincia\/\">Paro contra la reforma jubilatoria en el Banco Provincia<\/a><\/blockquote><iframe sandbox=\"allow-scripts\" security=\"restricted\" src=\"https:\/\/minutosantafe.ar\/paro-la-reforma-jubilatoria-banco-provincia\/embed\/#?secret=pRQojhJMdI\" width=\"600\" height=\"338\" title=\"\u00abParo contra la reforma jubilatoria en el Banco Provincia\u00bb \u2014 MinutoSantaFe.ar\" data-secret=\"pRQojhJMdI\" frameborder=\"0\" marginwidth=\"0\" marginheight=\"0\" scrolling=\"no\" class=\"wp-embedded-content\"><\/iframe><script type=\"text\/javascript\">\n\/* <![CDATA[ *\/\n\/*! This file is auto-generated *\/\n!function(d,l){\"use strict\";l.querySelector&&d.addEventListener&&\"undefined\"!=typeof URL&&(d.wp=d.wp||{},d.wp.receiveEmbedMessage||(d.wp.receiveEmbedMessage=function(e){var t=e.data;if((t||t.secret||t.message||t.value)&&!\/[^a-zA-Z0-9]\/.test(t.secret)){for(var s,r,n,a=l.querySelectorAll('iframe[data-secret=\"'+t.secret+'\"]'),o=l.querySelectorAll('blockquote[data-secret=\"'+t.secret+'\"]'),c=new RegExp(\"^https?:$\",\"i\"),i=0;i<o.length;i++)o[i].style.display=\"none\";for(i=0;i<a.length;i++)s=a[i],e.source===s.contentWindow&&(s.removeAttribute(\"style\"),\"height\"===t.message?(1e3<(r=parseInt(t.value,10))?r=1e3:~~r<200&&(r=200),s.height=r):\"link\"===t.message&&(r=new URL(s.getAttribute(\"src\")),n=new URL(t.value),c.test(n.protocol))&&n.host===r.host&&l.activeElement===s&&(d.top.location.href=t.value))}},d.addEventListener(\"message\",d.wp.receiveEmbedMessage,!1),l.addEventListener(\"DOMContentLoaded\",function(){for(var e,t,s=l.querySelectorAll(\"iframe.wp-embedded-content\"),r=0;r<s.length;r++)(t=(e=s[r]).getAttribute(\"data-secret\"))||(t=Math.random().toString(36).substring(2,12),e.src+=\"#?secret=\"+t,e.setAttribute(\"data-secret\",t)),e.contentWindow.postMessage({message:\"ready\",secret:t},\"*\")},!1)))}(window,document);\n\/\/# sourceURL=https:\/\/minutosantafe.ar\/%77%70%2d%69%6e%63%6c%75%64%65%73\/js\/wp-embed.min.js\n\/* ]]> *\/\n<\/script>\n","thumbnail_url":"https:\/\/minutosantafe.ar\/%77%70%2d%63%6f%6e%74%65%6e%74\/uploads\/2020\/08\/minutologuin.png","thumbnail_width":514,"thumbnail_height":429,"description":"La Bancaria convoc\u00f3 a cuatro d\u00edas de paro -dos esta semana y dos la pr\u00f3xima- contra la modificaci\u00f3n del r\u00e9gimen jubilatorio de los trabajadores del Banco Provincia, promulgada por la gobernadora bonaerense Mar\u00eda Eugenia Vidal en medio de una conciliaci\u00f3n obligatoria. \u201cEl gobierno quiere revanchismo, entonces las respuestas van a..."}

La Bancaria convocó a cuatro días de paro -dos esta semana y dos la próxima- contra la modificación del régimen jubilatorio de los trabajadores del Banco Provincia, promulgada por la gobernadora bonaerense María Eugenia Vidal en medio de una conciliación obligatoria. “El gobierno quiere revanchismo, entonces las respuestas van a...
