{"version":"1.0","provider_name":"MinutoSantaFe.ar","provider_url":"https:\/\/minutosantafe.ar","author_name":"Editor","author_url":"https:\/\/minutosantafe.ar\/author\/editor\/","title":"Paros rotativos en Radio El Mundo: todav\u00eda no cobraron diciembre - MinutoSantaFe.ar","type":"rich","width":600,"height":338,"html":"<blockquote class=\"wp-embedded-content\" data-secret=\"GVCC540fip\"><a href=\"https:\/\/minutosantafe.ar\/paros-rotativos-radio-mundo-todavia-no-cobraron-diciembre\/\">Paros rotativos en Radio El Mundo: todav\u00eda no cobraron diciembre<\/a><\/blockquote><iframe sandbox=\"allow-scripts\" security=\"restricted\" src=\"https:\/\/minutosantafe.ar\/paros-rotativos-radio-mundo-todavia-no-cobraron-diciembre\/embed\/#?secret=GVCC540fip\" width=\"600\" height=\"338\" title=\"\u00abParos rotativos en Radio El Mundo: todav\u00eda no cobraron diciembre\u00bb \u2014 MinutoSantaFe.ar\" data-secret=\"GVCC540fip\" frameborder=\"0\" marginwidth=\"0\" marginheight=\"0\" scrolling=\"no\" class=\"wp-embedded-content\"><\/iframe><script>\n\/*! This file is auto-generated *\/\n!function(d,l){\"use strict\";l.querySelector&&d.addEventListener&&\"undefined\"!=typeof URL&&(d.wp=d.wp||{},d.wp.receiveEmbedMessage||(d.wp.receiveEmbedMessage=function(e){var t=e.data;if((t||t.secret||t.message||t.value)&&!\/[^a-zA-Z0-9]\/.test(t.secret)){for(var s,r,n,a=l.querySelectorAll('iframe[data-secret=\"'+t.secret+'\"]'),o=l.querySelectorAll('blockquote[data-secret=\"'+t.secret+'\"]'),c=new RegExp(\"^https?:$\",\"i\"),i=0;i<o.length;i++)o[i].style.display=\"none\";for(i=0;i<a.length;i++)s=a[i],e.source===s.contentWindow&&(s.removeAttribute(\"style\"),\"height\"===t.message?(1e3<(r=parseInt(t.value,10))?r=1e3:~~r<200&&(r=200),s.height=r):\"link\"===t.message&&(r=new URL(s.getAttribute(\"src\")),n=new URL(t.value),c.test(n.protocol))&&n.host===r.host&&l.activeElement===s&&(d.top.location.href=t.value))}},d.addEventListener(\"message\",d.wp.receiveEmbedMessage,!1),l.addEventListener(\"DOMContentLoaded\",function(){for(var e,t,s=l.querySelectorAll(\"iframe.wp-embedded-content\"),r=0;r<s.length;r++)(t=(e=s[r]).getAttribute(\"data-secret\"))||(t=Math.random().toString(36).substring(2,12),e.src+=\"#?secret=\"+t,e.setAttribute(\"data-secret\",t)),e.contentWindow.postMessage({message:\"ready\",secret:t},\"*\")},!1)))}(window,document);\n\/\/# sourceURL=https:\/\/minutosantafe.ar\/%77%70%2d%69%6e%63%6c%75%64%65%73\/js\/wp-embed.min.js\n<\/script>\n","thumbnail_url":"https:\/\/i0.wp.com\/minutosantafe.ar\/wp-content\/uploads\/2018\/01\/5a6158d054451.jpg?fit=668%2C439&ssl=1","thumbnail_width":668,"thumbnail_height":439,"description":"Los trabajadores decidieron la medida de fuerza luego de diez d\u00edas de vencido el plazo para hacer efectivo el pago. El director de la empresa renunci\u00f3, lo cual empeora la situaci\u00f3n de incertidumbre. &nbsp; Medio centenar de trabajadores y trabajadores de Radio El Mundo llevan adelante medidas de acci\u00f3n en\u00a0demanda..."}

Paros rotativos en Radio El Mundo: todavía no cobraron diciembre - MinutoSantaFe.ar

<blockquote class="wp-embedded-content" data-secret="GVCC540fip"><a href="https://minutosantafe.ar/paros-rotativos-radio-mundo-todavia-no-cobraron-diciembre/">Paros rotativos en Radio El Mundo: todavía no cobraron diciembre</a></blockquote><iframe sandbox="allow-scripts" security="restricted" src="https://minutosantafe.ar/paros-rotativos-radio-mundo-todavia-no-cobraron-diciembre/embed/#?secret=GVCC540fip" width="600" height="338" title="«Paros rotativos en Radio El Mundo: todavía no cobraron diciembre» — MinutoSantaFe.ar" data-secret="GVCC540fip" frameborder="0" marginwidth="0" marginheight="0" scrolling="no" class="wp-embedded-content"></iframe><script>
/*! This file is auto-generated */
!function(d,l){"use strict";l.querySelector&&d.addEventListener&&"undefined"!=typeof URL&&(d.wp=d.wp||{},d.wp.receiveEmbedMessage||(d.wp.receiveEmbedMessage=function(e){var t=e.data;if((t||t.secret||t.message||t.value)&&!/[^a-zA-Z0-9]/.test(t.secret)){for(var s,r,n,a=l.querySelectorAll('iframe[data-secret="'+t.secret+'"]'),o=l.querySelectorAll('blockquote[data-secret="'+t.secret+'"]'),c=new RegExp("^https?:$","i"),i=0;i<o.length;i++)o[i].style.display="none";for(i=0;i<a.length;i++)s=a[i],e.source===s.contentWindow&&(s.removeAttribute("style"),"height"===t.message?(1e3<(r=parseInt(t.value,10))?r=1e3:~~r<200&&(r=200),s.height=r):"link"===t.message&&(r=new URL(s.getAttribute("src")),n=new URL(t.value),c.test(n.protocol))&&n.host===r.host&&l.activeElement===s&&(d.top.location.href=t.value))}},d.addEventListener("message",d.wp.receiveEmbedMessage,!1),l.addEventListener("DOMContentLoaded",function(){for(var e,t,s=l.querySelectorAll("iframe.wp-embedded-content"),r=0;r<s.length;r++)(t=(e=s[r]).getAttribute("data-secret"))||(t=Math.random().toString(36).substring(2,12),e.src+="#?secret="+t,e.setAttribute("data-secret",t)),e.contentWindow.postMessage({message:"ready",secret:t},"*")},!1)))}(window,document);
//# sourceURL=https://minutosantafe.ar/%77%70%2d%69%6e%63%6c%75%64%65%73/js/wp-embed.min.js
</script>

Los trabajadores decidieron la medida de fuerza luego de diez días de vencido el plazo para hacer efectivo el pago. El director de la empresa renunció, lo cual empeora la situación de incertidumbre. &nbsp; Medio centenar de trabajadores y trabajadores de Radio El Mundo llevan adelante medidas de acción en demanda...
