{"version":"1.0","provider_name":"MinutoSantaFe.ar","provider_url":"https:\/\/minutosantafe.ar","author_name":"Editor","author_url":"https:\/\/minutosantafe.ar\/author\/editor\/","title":"Patricia Bullrich: \"Si tienen hambre, tienen comedores\" - MinutoSantaFe.ar","type":"rich","width":600,"height":338,"html":"<blockquote class=\"wp-embedded-content\" data-secret=\"DZv9YzNE4p\"><a href=\"https:\/\/minutosantafe.ar\/patricia-bullrich-si-tienen-hambre-tienen-comedores\/\">Patricia Bullrich: \u00abSi tienen hambre, tienen comedores\u00bb<\/a><\/blockquote><iframe sandbox=\"allow-scripts\" security=\"restricted\" src=\"https:\/\/minutosantafe.ar\/patricia-bullrich-si-tienen-hambre-tienen-comedores\/embed\/#?secret=DZv9YzNE4p\" width=\"600\" height=\"338\" title=\"\u00abPatricia Bullrich: \u00abSi tienen hambre, tienen comedores\u00bb\u00bb \u2014 MinutoSantaFe.ar\" data-secret=\"DZv9YzNE4p\" frameborder=\"0\" marginwidth=\"0\" marginheight=\"0\" scrolling=\"no\" class=\"wp-embedded-content\"><\/iframe><script type=\"text\/javascript\">\n\/* <![CDATA[ *\/\n\/*! This file is auto-generated *\/\n!function(d,l){\"use strict\";l.querySelector&&d.addEventListener&&\"undefined\"!=typeof URL&&(d.wp=d.wp||{},d.wp.receiveEmbedMessage||(d.wp.receiveEmbedMessage=function(e){var t=e.data;if((t||t.secret||t.message||t.value)&&!\/[^a-zA-Z0-9]\/.test(t.secret)){for(var s,r,n,a=l.querySelectorAll('iframe[data-secret=\"'+t.secret+'\"]'),o=l.querySelectorAll('blockquote[data-secret=\"'+t.secret+'\"]'),c=new RegExp(\"^https?:$\",\"i\"),i=0;i<o.length;i++)o[i].style.display=\"none\";for(i=0;i<a.length;i++)s=a[i],e.source===s.contentWindow&&(s.removeAttribute(\"style\"),\"height\"===t.message?(1e3<(r=parseInt(t.value,10))?r=1e3:~~r<200&&(r=200),s.height=r):\"link\"===t.message&&(r=new URL(s.getAttribute(\"src\")),n=new URL(t.value),c.test(n.protocol))&&n.host===r.host&&l.activeElement===s&&(d.top.location.href=t.value))}},d.addEventListener(\"message\",d.wp.receiveEmbedMessage,!1),l.addEventListener(\"DOMContentLoaded\",function(){for(var e,t,s=l.querySelectorAll(\"iframe.wp-embedded-content\"),r=0;r<s.length;r++)(t=(e=s[r]).getAttribute(\"data-secret\"))||(t=Math.random().toString(36).substring(2,12),e.src+=\"#?secret=\"+t,e.setAttribute(\"data-secret\",t)),e.contentWindow.postMessage({message:\"ready\",secret:t},\"*\")},!1)))}(window,document);\n\/\/# sourceURL=https:\/\/minutosantafe.ar\/%77%70%2d%69%6e%63%6c%75%64%65%73\/js\/wp-embed.min.js\n\/* ]]> *\/\n<\/script>\n","thumbnail_url":"https:\/\/i0.wp.com\/minutosantafe.ar\/wp-content\/uploads\/2019\/09\/1563996661972.jpg?fit=1500%2C843&ssl=1","thumbnail_width":1500,"thumbnail_height":843,"description":"La funcionaria se refiri\u00f3 al pedido de emergencia alimentaria y mand\u00f3 a las quienes pasan hambre a que busquen comedores. La ministra de Seguridad de la Naci\u00f3n,\u00a0Patricia Bullrich, tuvo una pol\u00e9mica definici\u00f3n al describir la crisis alimentaria que atraviesa nuestro pa\u00eds\u00a0y afirm\u00f3 que \u00abhay gente que pasa necesidades\u00bb\u00a0pero\u00a0\u00absi pasan hambre,..."}

La funcionaria se refirió al pedido de emergencia alimentaria y mandó a las quienes pasan hambre a que busquen comedores. La ministra de Seguridad de la Nación, Patricia Bullrich, tuvo una polémica definición al describir la crisis alimentaria que atraviesa nuestro país y afirmó que «hay gente que pasa necesidades» pero «si pasan hambre,...
