{"version":"1.0","provider_name":"MinutoSantaFe.ar","provider_url":"https:\/\/minutosantafe.ar","author_name":"Editor","author_url":"https:\/\/minutosantafe.ar\/author\/editor\/","title":"Pelea entre el socialismo y el PRO por la falta de subsidios al transporte - MinutoSantaFe.ar","type":"rich","width":600,"height":338,"html":"<blockquote class=\"wp-embedded-content\" data-secret=\"bN5varnhHz\"><a href=\"https:\/\/minutosantafe.ar\/pelea-socialismo-pro-la-falta-subsidios-al-transporte\/\">Pelea entre el socialismo y el PRO por la falta de subsidios al transporte<\/a><\/blockquote><iframe sandbox=\"allow-scripts\" security=\"restricted\" src=\"https:\/\/minutosantafe.ar\/pelea-socialismo-pro-la-falta-subsidios-al-transporte\/embed\/#?secret=bN5varnhHz\" width=\"600\" height=\"338\" title=\"\u00abPelea entre el socialismo y el PRO por la falta de subsidios al transporte\u00bb \u2014 MinutoSantaFe.ar\" data-secret=\"bN5varnhHz\" frameborder=\"0\" marginwidth=\"0\" marginheight=\"0\" scrolling=\"no\" class=\"wp-embedded-content\"><\/iframe><script type=\"text\/javascript\">\n\/* <![CDATA[ *\/\n\/*! This file is auto-generated *\/\n!function(d,l){\"use strict\";l.querySelector&&d.addEventListener&&\"undefined\"!=typeof URL&&(d.wp=d.wp||{},d.wp.receiveEmbedMessage||(d.wp.receiveEmbedMessage=function(e){var t=e.data;if((t||t.secret||t.message||t.value)&&!\/[^a-zA-Z0-9]\/.test(t.secret)){for(var s,r,n,a=l.querySelectorAll('iframe[data-secret=\"'+t.secret+'\"]'),o=l.querySelectorAll('blockquote[data-secret=\"'+t.secret+'\"]'),c=new RegExp(\"^https?:$\",\"i\"),i=0;i<o.length;i++)o[i].style.display=\"none\";for(i=0;i<a.length;i++)s=a[i],e.source===s.contentWindow&&(s.removeAttribute(\"style\"),\"height\"===t.message?(1e3<(r=parseInt(t.value,10))?r=1e3:~~r<200&&(r=200),s.height=r):\"link\"===t.message&&(r=new URL(s.getAttribute(\"src\")),n=new URL(t.value),c.test(n.protocol))&&n.host===r.host&&l.activeElement===s&&(d.top.location.href=t.value))}},d.addEventListener(\"message\",d.wp.receiveEmbedMessage,!1),l.addEventListener(\"DOMContentLoaded\",function(){for(var e,t,s=l.querySelectorAll(\"iframe.wp-embedded-content\"),r=0;r<s.length;r++)(t=(e=s[r]).getAttribute(\"data-secret\"))||(t=Math.random().toString(36).substring(2,12),e.src+=\"#?secret=\"+t,e.setAttribute(\"data-secret\",t)),e.contentWindow.postMessage({message:\"ready\",secret:t},\"*\")},!1)))}(window,document);\n\/\/# sourceURL=https:\/\/minutosantafe.ar\/%77%70%2d%69%6e%63%6c%75%64%65%73\/js\/wp-embed.min.js\n\/* ]]> *\/\n<\/script>\n","thumbnail_url":"https:\/\/i0.wp.com\/minutosantafe.ar\/wp-content\/uploads\/2018\/01\/0022589682.jpg?fit=642%2C382&ssl=1","thumbnail_width":642,"thumbnail_height":382,"description":"La secretaria del \u00e1rea, dijo que sin el apoyo nacional no podr\u00e1 iniciarse el nuevo sistema. El concejal Rossell\u00f3 apunt\u00f3 contra la provincia. La secretaria de Transporte municipal, M\u00f3nica Alvarado, confirm\u00f3 ayer que no hay fecha para que arranque el nuevo sistema de colectivos urbanos de Rosario. Denunci\u00f3 que sin..."}

La secretaria del área, dijo que sin el apoyo nacional no podrá iniciarse el nuevo sistema. El concejal Rosselló apuntó contra la provincia. La secretaria de Transporte municipal, Mónica Alvarado, confirmó ayer que no hay fecha para que arranque el nuevo sistema de colectivos urbanos de Rosario. Denunció que sin...
