{"version":"1.0","provider_name":"MinutoSantaFe.ar","provider_url":"https:\/\/minutosantafe.ar","author_name":"Editor","author_url":"https:\/\/minutosantafe.ar\/author\/editor\/","title":"Pidieron la elevaci\u00f3n a juicio de los siete procesados - MinutoSantaFe.ar","type":"rich","width":600,"height":338,"html":"<blockquote class=\"wp-embedded-content\" data-secret=\"dqr4dOKDeM\"><a href=\"https:\/\/minutosantafe.ar\/pidieron-la-elevacion-a-juicio-de-los-siete-procesados\/\">Pidieron la elevaci\u00f3n a juicio de los siete procesados<\/a><\/blockquote><iframe sandbox=\"allow-scripts\" security=\"restricted\" src=\"https:\/\/minutosantafe.ar\/pidieron-la-elevacion-a-juicio-de-los-siete-procesados\/embed\/#?secret=dqr4dOKDeM\" width=\"600\" height=\"338\" title=\"\u00abPidieron la elevaci\u00f3n a juicio de los siete procesados\u00bb \u2014 MinutoSantaFe.ar\" data-secret=\"dqr4dOKDeM\" frameborder=\"0\" marginwidth=\"0\" marginheight=\"0\" scrolling=\"no\" class=\"wp-embedded-content\"><\/iframe><script>\n\/*! This file is auto-generated *\/\n!function(d,l){\"use strict\";l.querySelector&&d.addEventListener&&\"undefined\"!=typeof URL&&(d.wp=d.wp||{},d.wp.receiveEmbedMessage||(d.wp.receiveEmbedMessage=function(e){var t=e.data;if((t||t.secret||t.message||t.value)&&!\/[^a-zA-Z0-9]\/.test(t.secret)){for(var s,r,n,a=l.querySelectorAll('iframe[data-secret=\"'+t.secret+'\"]'),o=l.querySelectorAll('blockquote[data-secret=\"'+t.secret+'\"]'),c=new RegExp(\"^https?:$\",\"i\"),i=0;i<o.length;i++)o[i].style.display=\"none\";for(i=0;i<a.length;i++)s=a[i],e.source===s.contentWindow&&(s.removeAttribute(\"style\"),\"height\"===t.message?(1e3<(r=parseInt(t.value,10))?r=1e3:~~r<200&&(r=200),s.height=r):\"link\"===t.message&&(r=new URL(s.getAttribute(\"src\")),n=new URL(t.value),c.test(n.protocol))&&n.host===r.host&&l.activeElement===s&&(d.top.location.href=t.value))}},d.addEventListener(\"message\",d.wp.receiveEmbedMessage,!1),l.addEventListener(\"DOMContentLoaded\",function(){for(var e,t,s=l.querySelectorAll(\"iframe.wp-embedded-content\"),r=0;r<s.length;r++)(t=(e=s[r]).getAttribute(\"data-secret\"))||(t=Math.random().toString(36).substring(2,12),e.src+=\"#?secret=\"+t,e.setAttribute(\"data-secret\",t)),e.contentWindow.postMessage({message:\"ready\",secret:t},\"*\")},!1)))}(window,document);\n\/\/# sourceURL=https:\/\/minutosantafe.ar\/%77%70%2d%69%6e%63%6c%75%64%65%73\/js\/wp-embed.min.js\n<\/script>\n","thumbnail_url":"https:\/\/minutosantafe.ar\/wp-content\/uploads\/2025\/05\/941579-19b.jpeg","thumbnail_width":700,"thumbnail_height":467,"description":"Caso Loan: los fiscales dieron por finalizada la investigaci\u00f3n Loan Danilo Pe\u00f1a fue visto por \u00faltima vez en el paraje Algarrobal. La desaparici\u00f3n fue inicialmente tratada como un extrav\u00edo accidental, pero la situaci\u00f3n dio un giro cuando se descubri\u00f3 que podr\u00eda estar vinculada a una red de trata. &nbsp; ...."}

Pidieron la elevación a juicio de los siete procesados - MinutoSantaFe.ar

<blockquote class="wp-embedded-content" data-secret="dqr4dOKDeM"><a href="https://minutosantafe.ar/pidieron-la-elevacion-a-juicio-de-los-siete-procesados/">Pidieron la elevación a juicio de los siete procesados</a></blockquote><iframe sandbox="allow-scripts" security="restricted" src="https://minutosantafe.ar/pidieron-la-elevacion-a-juicio-de-los-siete-procesados/embed/#?secret=dqr4dOKDeM" width="600" height="338" title="«Pidieron la elevación a juicio de los siete procesados» — MinutoSantaFe.ar" data-secret="dqr4dOKDeM" frameborder="0" marginwidth="0" marginheight="0" scrolling="no" class="wp-embedded-content"></iframe><script>
/*! This file is auto-generated */
!function(d,l){"use strict";l.querySelector&&d.addEventListener&&"undefined"!=typeof URL&&(d.wp=d.wp||{},d.wp.receiveEmbedMessage||(d.wp.receiveEmbedMessage=function(e){var t=e.data;if((t||t.secret||t.message||t.value)&&!/[^a-zA-Z0-9]/.test(t.secret)){for(var s,r,n,a=l.querySelectorAll('iframe[data-secret="'+t.secret+'"]'),o=l.querySelectorAll('blockquote[data-secret="'+t.secret+'"]'),c=new RegExp("^https?:$","i"),i=0;i<o.length;i++)o[i].style.display="none";for(i=0;i<a.length;i++)s=a[i],e.source===s.contentWindow&&(s.removeAttribute("style"),"height"===t.message?(1e3<(r=parseInt(t.value,10))?r=1e3:~~r<200&&(r=200),s.height=r):"link"===t.message&&(r=new URL(s.getAttribute("src")),n=new URL(t.value),c.test(n.protocol))&&n.host===r.host&&l.activeElement===s&&(d.top.location.href=t.value))}},d.addEventListener("message",d.wp.receiveEmbedMessage,!1),l.addEventListener("DOMContentLoaded",function(){for(var e,t,s=l.querySelectorAll("iframe.wp-embedded-content"),r=0;r<s.length;r++)(t=(e=s[r]).getAttribute("data-secret"))||(t=Math.random().toString(36).substring(2,12),e.src+="#?secret="+t,e.setAttribute("data-secret",t)),e.contentWindow.postMessage({message:"ready",secret:t},"*")},!1)))}(window,document);
//# sourceURL=https://minutosantafe.ar/%77%70%2d%69%6e%63%6c%75%64%65%73/js/wp-embed.min.js
</script>

Caso Loan: los fiscales dieron por finalizada la investigación Loan Danilo Peña fue visto por última vez en el paraje Algarrobal. La desaparición fue inicialmente tratada como un extravío accidental, pero la situación dio un giro cuando se descubrió que podría estar vinculada a una red de trata. &nbsp; ....
