{"version":"1.0","provider_name":"MinutoSantaFe.ar","provider_url":"https:\/\/minutosantafe.ar","author_name":"Editor","author_url":"https:\/\/minutosantafe.ar\/author\/editor\/","title":"Pol\u00e9mica en el Concejo por el congelamiento de salarios - MinutoSantaFe.ar","type":"rich","width":600,"height":338,"html":"<blockquote class=\"wp-embedded-content\" data-secret=\"mjyVb2KYu4\"><a href=\"https:\/\/minutosantafe.ar\/polemica-en-el-concejo-por-el-congelamiento-de-salarios\/\">Pol\u00e9mica en el Concejo por el congelamiento de salarios<\/a><\/blockquote><iframe sandbox=\"allow-scripts\" security=\"restricted\" src=\"https:\/\/minutosantafe.ar\/polemica-en-el-concejo-por-el-congelamiento-de-salarios\/embed\/#?secret=mjyVb2KYu4\" width=\"600\" height=\"338\" title=\"\u00abPol\u00e9mica en el Concejo por el congelamiento de salarios\u00bb \u2014 MinutoSantaFe.ar\" data-secret=\"mjyVb2KYu4\" frameborder=\"0\" marginwidth=\"0\" marginheight=\"0\" scrolling=\"no\" class=\"wp-embedded-content\"><\/iframe><script>\n\/*! This file is auto-generated *\/\n!function(d,l){\"use strict\";l.querySelector&&d.addEventListener&&\"undefined\"!=typeof URL&&(d.wp=d.wp||{},d.wp.receiveEmbedMessage||(d.wp.receiveEmbedMessage=function(e){var t=e.data;if((t||t.secret||t.message||t.value)&&!\/[^a-zA-Z0-9]\/.test(t.secret)){for(var s,r,n,a=l.querySelectorAll('iframe[data-secret=\"'+t.secret+'\"]'),o=l.querySelectorAll('blockquote[data-secret=\"'+t.secret+'\"]'),c=new RegExp(\"^https?:$\",\"i\"),i=0;i<o.length;i++)o[i].style.display=\"none\";for(i=0;i<a.length;i++)s=a[i],e.source===s.contentWindow&&(s.removeAttribute(\"style\"),\"height\"===t.message?(1e3<(r=parseInt(t.value,10))?r=1e3:~~r<200&&(r=200),s.height=r):\"link\"===t.message&&(r=new URL(s.getAttribute(\"src\")),n=new URL(t.value),c.test(n.protocol))&&n.host===r.host&&l.activeElement===s&&(d.top.location.href=t.value))}},d.addEventListener(\"message\",d.wp.receiveEmbedMessage,!1),l.addEventListener(\"DOMContentLoaded\",function(){for(var e,t,s=l.querySelectorAll(\"iframe.wp-embedded-content\"),r=0;r<s.length;r++)(t=(e=s[r]).getAttribute(\"data-secret\"))||(t=Math.random().toString(36).substring(2,12),e.src+=\"#?secret=\"+t,e.setAttribute(\"data-secret\",t)),e.contentWindow.postMessage({message:\"ready\",secret:t},\"*\")},!1)))}(window,document);\n\/\/# sourceURL=https:\/\/minutosantafe.ar\/%77%70%2d%69%6e%63%6c%75%64%65%73\/js\/wp-embed.min.js\n<\/script>\n","thumbnail_url":"https:\/\/i0.wp.com\/minutosantafe.ar\/wp-content\/uploads\/2018\/10\/Sebasti\u00e1n-Pignata.jpg?fit=709%2C410&ssl=1","thumbnail_width":709,"thumbnail_height":410,"description":"En el comienzo de la semana, el intendente Jos\u00e9 Corral anunci\u00f3 el congelamiento de los sueldos de los funcionarios de su equipo hasta fin de a\u00f1o. La decisi\u00f3n fue comunicada en conferencia de prensa junto a las autoridades del Concejo Municipal, encabezadas por el presidente del\u00a0 cuerpo, Sebasti\u00e1n Pignata. En..."}

Polémica en el Concejo por el congelamiento de salarios - MinutoSantaFe.ar

<blockquote class="wp-embedded-content" data-secret="mjyVb2KYu4"><a href="https://minutosantafe.ar/polemica-en-el-concejo-por-el-congelamiento-de-salarios/">Polémica en el Concejo por el congelamiento de salarios</a></blockquote><iframe sandbox="allow-scripts" security="restricted" src="https://minutosantafe.ar/polemica-en-el-concejo-por-el-congelamiento-de-salarios/embed/#?secret=mjyVb2KYu4" width="600" height="338" title="«Polémica en el Concejo por el congelamiento de salarios» — MinutoSantaFe.ar" data-secret="mjyVb2KYu4" frameborder="0" marginwidth="0" marginheight="0" scrolling="no" class="wp-embedded-content"></iframe><script>
/*! This file is auto-generated */
!function(d,l){"use strict";l.querySelector&&d.addEventListener&&"undefined"!=typeof URL&&(d.wp=d.wp||{},d.wp.receiveEmbedMessage||(d.wp.receiveEmbedMessage=function(e){var t=e.data;if((t||t.secret||t.message||t.value)&&!/[^a-zA-Z0-9]/.test(t.secret)){for(var s,r,n,a=l.querySelectorAll('iframe[data-secret="'+t.secret+'"]'),o=l.querySelectorAll('blockquote[data-secret="'+t.secret+'"]'),c=new RegExp("^https?:$","i"),i=0;i<o.length;i++)o[i].style.display="none";for(i=0;i<a.length;i++)s=a[i],e.source===s.contentWindow&&(s.removeAttribute("style"),"height"===t.message?(1e3<(r=parseInt(t.value,10))?r=1e3:~~r<200&&(r=200),s.height=r):"link"===t.message&&(r=new URL(s.getAttribute("src")),n=new URL(t.value),c.test(n.protocol))&&n.host===r.host&&l.activeElement===s&&(d.top.location.href=t.value))}},d.addEventListener("message",d.wp.receiveEmbedMessage,!1),l.addEventListener("DOMContentLoaded",function(){for(var e,t,s=l.querySelectorAll("iframe.wp-embedded-content"),r=0;r<s.length;r++)(t=(e=s[r]).getAttribute("data-secret"))||(t=Math.random().toString(36).substring(2,12),e.src+="#?secret="+t,e.setAttribute("data-secret",t)),e.contentWindow.postMessage({message:"ready",secret:t},"*")},!1)))}(window,document);
//# sourceURL=https://minutosantafe.ar/%77%70%2d%69%6e%63%6c%75%64%65%73/js/wp-embed.min.js
</script>

https://i0.wp.com/minutosantafe.ar/wp-content/uploads/2018/10/Sebastián-Pignata.jpg?fit=709%2C410&ssl=1

En el comienzo de la semana, el intendente José Corral anunció el congelamiento de los sueldos de los funcionarios de su equipo hasta fin de año. La decisión fue comunicada en conferencia de prensa junto a las autoridades del Concejo Municipal, encabezadas por el presidente del  cuerpo, Sebastián Pignata. En...
