{"version":"1.0","provider_name":"MinutoSantaFe.ar","provider_url":"https:\/\/minutosantafe.ar","author_name":"Editor","author_url":"https:\/\/minutosantafe.ar\/author\/editor\/","title":"Poletti confirm\u00f3 nuevo aumento del boleto de colectivo - MinutoSantaFe.ar","type":"rich","width":600,"height":338,"html":"<blockquote class=\"wp-embedded-content\" data-secret=\"6O2PwDMauf\"><a href=\"https:\/\/minutosantafe.ar\/poletti-confirmo-nuevo-aumento-del-boleto-de-colectivo\/\">Poletti confirm\u00f3 nuevo aumento del boleto de colectivo<\/a><\/blockquote><iframe sandbox=\"allow-scripts\" security=\"restricted\" src=\"https:\/\/minutosantafe.ar\/poletti-confirmo-nuevo-aumento-del-boleto-de-colectivo\/embed\/#?secret=6O2PwDMauf\" width=\"600\" height=\"338\" title=\"\u00abPoletti confirm\u00f3 nuevo aumento del boleto de colectivo\u00bb \u2014 MinutoSantaFe.ar\" data-secret=\"6O2PwDMauf\" frameborder=\"0\" marginwidth=\"0\" marginheight=\"0\" scrolling=\"no\" class=\"wp-embedded-content\"><\/iframe><script type=\"text\/javascript\">\n\/* <![CDATA[ *\/\n\/*! This file is auto-generated *\/\n!function(d,l){\"use strict\";l.querySelector&&d.addEventListener&&\"undefined\"!=typeof URL&&(d.wp=d.wp||{},d.wp.receiveEmbedMessage||(d.wp.receiveEmbedMessage=function(e){var t=e.data;if((t||t.secret||t.message||t.value)&&!\/[^a-zA-Z0-9]\/.test(t.secret)){for(var s,r,n,a=l.querySelectorAll('iframe[data-secret=\"'+t.secret+'\"]'),o=l.querySelectorAll('blockquote[data-secret=\"'+t.secret+'\"]'),c=new RegExp(\"^https?:$\",\"i\"),i=0;i<o.length;i++)o[i].style.display=\"none\";for(i=0;i<a.length;i++)s=a[i],e.source===s.contentWindow&&(s.removeAttribute(\"style\"),\"height\"===t.message?(1e3<(r=parseInt(t.value,10))?r=1e3:~~r<200&&(r=200),s.height=r):\"link\"===t.message&&(r=new URL(s.getAttribute(\"src\")),n=new URL(t.value),c.test(n.protocol))&&n.host===r.host&&l.activeElement===s&&(d.top.location.href=t.value))}},d.addEventListener(\"message\",d.wp.receiveEmbedMessage,!1),l.addEventListener(\"DOMContentLoaded\",function(){for(var e,t,s=l.querySelectorAll(\"iframe.wp-embedded-content\"),r=0;r<s.length;r++)(t=(e=s[r]).getAttribute(\"data-secret\"))||(t=Math.random().toString(36).substring(2,12),e.src+=\"#?secret=\"+t,e.setAttribute(\"data-secret\",t)),e.contentWindow.postMessage({message:\"ready\",secret:t},\"*\")},!1)))}(window,document);\n\/\/# sourceURL=https:\/\/minutosantafe.ar\/%77%70%2d%69%6e%63%6c%75%64%65%73\/js\/wp-embed.min.js\n\/* ]]> *\/\n<\/script>\n","thumbnail_url":"https:\/\/minutosantafe.ar\/wp-content\/uploads\/2025\/08\/sm-aumento-colectivo-santafe.webp","thumbnail_width":741,"thumbnail_height":486,"description":"El intendente adelant\u00f3 la suba tras el pedido empresario, pero no precis\u00f3 fecha ni nuevo valor del pasaje. El intendente de Santa Fe,\u00a0Juan Pablo Poletti, anunci\u00f3 este jueves que el boleto de colectivos en la ciudad tendr\u00e1 un nuevo aumento. Aunque no confirm\u00f3 a\u00fan el monto ni la fecha de..."}

Poletti confirmó nuevo aumento del boleto de colectivo - MinutoSantaFe.ar

<blockquote class="wp-embedded-content" data-secret="6O2PwDMauf"><a href="https://minutosantafe.ar/poletti-confirmo-nuevo-aumento-del-boleto-de-colectivo/">Poletti confirmó nuevo aumento del boleto de colectivo</a></blockquote><iframe sandbox="allow-scripts" security="restricted" src="https://minutosantafe.ar/poletti-confirmo-nuevo-aumento-del-boleto-de-colectivo/embed/#?secret=6O2PwDMauf" width="600" height="338" title="«Poletti confirmó nuevo aumento del boleto de colectivo» — MinutoSantaFe.ar" data-secret="6O2PwDMauf" frameborder="0" marginwidth="0" marginheight="0" scrolling="no" class="wp-embedded-content"></iframe><script type="text/javascript">
/* <![CDATA[ */
/*! This file is auto-generated */
!function(d,l){"use strict";l.querySelector&&d.addEventListener&&"undefined"!=typeof URL&&(d.wp=d.wp||{},d.wp.receiveEmbedMessage||(d.wp.receiveEmbedMessage=function(e){var t=e.data;if((t||t.secret||t.message||t.value)&&!/[^a-zA-Z0-9]/.test(t.secret)){for(var s,r,n,a=l.querySelectorAll('iframe[data-secret="'+t.secret+'"]'),o=l.querySelectorAll('blockquote[data-secret="'+t.secret+'"]'),c=new RegExp("^https?:$","i"),i=0;i<o.length;i++)o[i].style.display="none";for(i=0;i<a.length;i++)s=a[i],e.source===s.contentWindow&&(s.removeAttribute("style"),"height"===t.message?(1e3<(r=parseInt(t.value,10))?r=1e3:~~r<200&&(r=200),s.height=r):"link"===t.message&&(r=new URL(s.getAttribute("src")),n=new URL(t.value),c.test(n.protocol))&&n.host===r.host&&l.activeElement===s&&(d.top.location.href=t.value))}},d.addEventListener("message",d.wp.receiveEmbedMessage,!1),l.addEventListener("DOMContentLoaded",function(){for(var e,t,s=l.querySelectorAll("iframe.wp-embedded-content"),r=0;r<s.length;r++)(t=(e=s[r]).getAttribute("data-secret"))||(t=Math.random().toString(36).substring(2,12),e.src+="#?secret="+t,e.setAttribute("data-secret",t)),e.contentWindow.postMessage({message:"ready",secret:t},"*")},!1)))}(window,document);
//# sourceURL=https://minutosantafe.ar/%77%70%2d%69%6e%63%6c%75%64%65%73/js/wp-embed.min.js
/* ]]> */
</script>

El intendente adelantó la suba tras el pedido empresario, pero no precisó fecha ni nuevo valor del pasaje. El intendente de Santa Fe, Juan Pablo Poletti, anunció este jueves que el boleto de colectivos en la ciudad tendrá un nuevo aumento. Aunque no confirmó aún el monto ni la fecha de...
